{"id":9259,"date":"2025-02-15T16:37:42","date_gmt":"2025-02-15T15:37:42","guid":{"rendered":"https:\/\/lechappeeclose.it\/produit\/larabe-du-futur-tome-3\/"},"modified":"2025-04-10T18:20:31","modified_gmt":"2025-04-10T16:20:31","slug":"larabe-du-futur-tome-3","status":"publish","type":"product","link":"http:\/\/lechappeeclose.it\/it\/boutique\/livres\/roman-graphique-bd\/series\/larabe-du-futur-tome-3\/","title":{"rendered":"L&#8217;Arabe du futur, tome 3"},"content":{"rendered":"<p>Dans le premier tome publi\u00e9 en 2014 et qui couvre la p\u00e9riode 1978-1984, le petit Riad est ballott\u00e9, de sa naissance \u00e0 ses six ans, entre la Libye, la Bretagne et la Syrie.Le deuxi\u00e8me tome, paru en 2015, raconte sa premi\u00e8re ann\u00e9e d\u2019\u00e9cole en Syrie (1984-1985).Dans ce troisi\u00e8me tome (1985-1987), apr\u00e8s avoir suivi son mari en Libye puis en Syrie, la m\u00e8re de Riad ne supporte plus la vie au village de Ter Maaleh. Elle veut rentrer en France. L\u2019enfant voit son p\u00e8re d\u00e9chir\u00e9 entre les aspirations de sa femme et le poids des traditions familiales\u2026<\/p>","protected":false},"excerpt":{"rendered":"<p>Dans le premier tome publi\u00e9 en 2014 et qui couvre la p\u00e9riode 1978-1984, le petit Riad est ballott\u00e9, de sa naissance \u00e0 ses six ans, entre la Libye, la Bretagne et la Syrie.Le deuxi\u00e8me tome, paru en 2015, raconte sa premi\u00e8re ann\u00e9e d\u2019\u00e9cole en Syrie (1984-1985).Dans ce troisi\u00e8me tome (1985-1987), apr\u00e8s avoir suivi son mari [&hellip;]<\/p>","protected":false},"featured_media":9258,"comment_status":"open","ping_status":"closed","template":"","meta":[],"product_brand":[],"product_cat":[60],"product_tag":[],"class_list":["post-9259","product","type-product","status-publish","has-post-thumbnail","product_cat-series","first","instock","taxable","shipping-taxable","purchasable","product-type-simple"],"yoast_head":"<!-- This site is optimized with the Yoast SEO plugin v28.4 - https:\/\/yoast.com\/product\/yoast-seo-wordpress\/ -->\n<title>L&#039;Arabe du futur, tome 3 - l&#039;\u00e9chapp\u00e9e close<\/title>\n<meta name=\"robots\" content=\"index, follow, max-snippet:-1, max-image-preview:large, max-video-preview:-1\" \/>\n<link rel=\"canonical\" href=\"https:\/\/lechappeeclose.it\/it\/boutique\/livres\/roman-graphique-bd\/series\/larabe-du-futur-tome-3\/\" \/>\n<meta property=\"og:locale\" content=\"it_IT\" \/>\n<meta property=\"og:type\" content=\"article\" \/>\n<meta property=\"og:title\" content=\"L&#039;Arabe du futur, tome 3 - l&#039;\u00e9chapp\u00e9e close\" \/>\n<meta property=\"og:description\" content=\"Dans le premier tome publi\u00e9 en 2014 et qui couvre la p\u00e9riode 1978-1984, le petit Riad est ballott\u00e9, de sa naissance \u00e0 ses six ans, entre la Libye, la Bretagne et la Syrie.Le deuxi\u00e8me tome, paru en 2015, raconte sa premi\u00e8re ann\u00e9e d\u2019\u00e9cole en Syrie (1984-1985).Dans ce troisi\u00e8me tome (1985-1987), apr\u00e8s avoir suivi son mari [&hellip;]\" \/>\n<meta property=\"og:url\" content=\"https:\/\/lechappeeclose.it\/it\/boutique\/livres\/roman-graphique-bd\/series\/larabe-du-futur-tome-3\/\" \/>\n<meta property=\"og:site_name\" content=\"l&#039;\u00e9chapp\u00e9e close\" \/>\n<meta property=\"article:modified_time\" content=\"2025-04-10T16:20:31+00:00\" \/>\n<meta property=\"og:image\" content=\"https:\/\/lechappeeclose.it\/wp-content\/uploads\/2025\/02\/LArabe-du-futur-tome-3-scaled.jpg\" \/>\n\t<meta property=\"og:image:width\" content=\"1813\" \/>\n\t<meta property=\"og:image:height\" content=\"2560\" \/>\n\t<meta property=\"og:image:type\" content=\"image\/jpeg\" \/>\n<meta name=\"twitter:card\" content=\"summary_large_image\" \/>\n<meta name=\"twitter:label1\" content=\"Tempo di lettura stimato\" \/>\n\t<meta name=\"twitter:data1\" content=\"1 minuto\" \/>\n<script type=\"application\/ld+json\" class=\"yoast-schema-graph\">{\"@context\":\"https:\\\/\\\/schema.org\",\"@graph\":[{\"@type\":\"WebPage\",\"@id\":\"https:\\\/\\\/lechappeeclose.it\\\/boutique\\\/livres\\\/roman-graphique-bd\\\/series\\\/larabe-du-futur-tome-3\\\/\",\"url\":\"https:\\\/\\\/lechappeeclose.it\\\/boutique\\\/livres\\\/roman-graphique-bd\\\/series\\\/larabe-du-futur-tome-3\\\/\",\"name\":\"L'Arabe du futur, tome 3 - l&#039;\u00e9chapp\u00e9e close\",\"isPartOf\":{\"@id\":\"http:\\\/\\\/lechappeeclose.it\\\/it\\\/#website\"},\"primaryImageOfPage\":{\"@id\":\"https:\\\/\\\/lechappeeclose.it\\\/boutique\\\/livres\\\/roman-graphique-bd\\\/series\\\/larabe-du-futur-tome-3\\\/#primaryimage\"},\"image\":{\"@id\":\"https:\\\/\\\/lechappeeclose.it\\\/boutique\\\/livres\\\/roman-graphique-bd\\\/series\\\/larabe-du-futur-tome-3\\\/#primaryimage\"},\"thumbnailUrl\":\"http:\\\/\\\/lechappeeclose.it\\\/wp-content\\\/uploads\\\/2025\\\/02\\\/LArabe-du-futur-tome-3-scaled.jpg\",\"datePublished\":\"2025-02-15T15:37:42+00:00\",\"dateModified\":\"2025-04-10T16:20:31+00:00\",\"breadcrumb\":{\"@id\":\"https:\\\/\\\/lechappeeclose.it\\\/boutique\\\/livres\\\/roman-graphique-bd\\\/series\\\/larabe-du-futur-tome-3\\\/#breadcrumb\"},\"inLanguage\":\"it-IT\",\"potentialAction\":[{\"@type\":\"ReadAction\",\"target\":[\"https:\\\/\\\/lechappeeclose.it\\\/boutique\\\/livres\\\/roman-graphique-bd\\\/series\\\/larabe-du-futur-tome-3\\\/\"]}]},{\"@type\":\"ImageObject\",\"inLanguage\":\"it-IT\",\"@id\":\"https:\\\/\\\/lechappeeclose.it\\\/boutique\\\/livres\\\/roman-graphique-bd\\\/series\\\/larabe-du-futur-tome-3\\\/#primaryimage\",\"url\":\"http:\\\/\\\/lechappeeclose.it\\\/wp-content\\\/uploads\\\/2025\\\/02\\\/LArabe-du-futur-tome-3-scaled.jpg\",\"contentUrl\":\"http:\\\/\\\/lechappeeclose.it\\\/wp-content\\\/uploads\\\/2025\\\/02\\\/LArabe-du-futur-tome-3-scaled.jpg\",\"width\":1813,\"height\":2560},{\"@type\":\"BreadcrumbList\",\"@id\":\"https:\\\/\\\/lechappeeclose.it\\\/boutique\\\/livres\\\/roman-graphique-bd\\\/series\\\/larabe-du-futur-tome-3\\\/#breadcrumb\",\"itemListElement\":[{\"@type\":\"ListItem\",\"position\":1,\"name\":\"Accueil\",\"item\":\"http:\\\/\\\/lechappeeclose.it\\\/it\\\/\"},{\"@type\":\"ListItem\",\"position\":2,\"name\":\"Boutique\",\"item\":\"http:\\\/\\\/lechappeeclose.it\\\/boutique\\\/\"},{\"@type\":\"ListItem\",\"position\":3,\"name\":\"L&#8217;Arabe du futur, tome 3\"}]},{\"@type\":\"WebSite\",\"@id\":\"http:\\\/\\\/lechappeeclose.it\\\/it\\\/#website\",\"url\":\"http:\\\/\\\/lechappeeclose.it\\\/it\\\/\",\"name\":\"l&#039;\u00e9chapp\u00e9e close\",\"description\":\"la librairie fran\u00e7aise de Milan\",\"publisher\":{\"@id\":\"http:\\\/\\\/lechappeeclose.it\\\/it\\\/#organization\"},\"alternateName\":\"La librairie fran\u00e7aise de Milan\",\"potentialAction\":[{\"@type\":\"SearchAction\",\"target\":{\"@type\":\"EntryPoint\",\"urlTemplate\":\"http:\\\/\\\/lechappeeclose.it\\\/it\\\/?s={search_term_string}\"},\"query-input\":{\"@type\":\"PropertyValueSpecification\",\"valueRequired\":true,\"valueName\":\"search_term_string\"}}],\"inLanguage\":\"it-IT\"},{\"@type\":\"Organization\",\"@id\":\"http:\\\/\\\/lechappeeclose.it\\\/it\\\/#organization\",\"name\":\"l&#039;\u00e9chapp\u00e9e close\",\"url\":\"http:\\\/\\\/lechappeeclose.it\\\/it\\\/\",\"logo\":{\"@type\":\"ImageObject\",\"inLanguage\":\"it-IT\",\"@id\":\"http:\\\/\\\/lechappeeclose.it\\\/it\\\/#\\\/schema\\\/logo\\\/image\\\/\",\"url\":\"http:\\\/\\\/lechappeeclose.it\\\/wp-content\\\/uploads\\\/2025\\\/02\\\/cropped-logo-rond.png\",\"contentUrl\":\"http:\\\/\\\/lechappeeclose.it\\\/wp-content\\\/uploads\\\/2025\\\/02\\\/cropped-logo-rond.png\",\"width\":1080,\"height\":1080,\"caption\":\"l&#039;\u00e9chapp\u00e9e close\"},\"image\":{\"@id\":\"http:\\\/\\\/lechappeeclose.it\\\/it\\\/#\\\/schema\\\/logo\\\/image\\\/\"},\"sameAs\":[\"https:\\\/\\\/www.instagram.com\\\/lechappeeclose\\\/\"]}]}<\/script>\n<!-- \/ Yoast SEO plugin. -->","yoast_head_json":{"title":"L'Arabe du futur, tome 3 - l&#039;\u00e9chapp\u00e9e close","robots":{"index":"index","follow":"follow","max-snippet":"max-snippet:-1","max-image-preview":"max-image-preview:large","max-video-preview":"max-video-preview:-1"},"canonical":"https:\/\/lechappeeclose.it\/it\/boutique\/livres\/roman-graphique-bd\/series\/larabe-du-futur-tome-3\/","og_locale":"it_IT","og_type":"article","og_title":"L'Arabe du futur, tome 3 - l&#039;\u00e9chapp\u00e9e close","og_description":"Dans le premier tome publi\u00e9 en 2014 et qui couvre la p\u00e9riode 1978-1984, le petit Riad est ballott\u00e9, de sa naissance \u00e0 ses six ans, entre la Libye, la Bretagne et la Syrie.Le deuxi\u00e8me tome, paru en 2015, raconte sa premi\u00e8re ann\u00e9e d\u2019\u00e9cole en Syrie (1984-1985).Dans ce troisi\u00e8me tome (1985-1987), apr\u00e8s avoir suivi son mari [&hellip;]","og_url":"https:\/\/lechappeeclose.it\/it\/boutique\/livres\/roman-graphique-bd\/series\/larabe-du-futur-tome-3\/","og_site_name":"l&#039;\u00e9chapp\u00e9e close","article_modified_time":"2025-04-10T16:20:31+00:00","og_image":[{"width":1813,"height":2560,"url":"https:\/\/lechappeeclose.it\/wp-content\/uploads\/2025\/02\/LArabe-du-futur-tome-3-scaled.jpg","type":"image\/jpeg"}],"twitter_card":"summary_large_image","twitter_misc":{"Tempo di lettura stimato":"1 minuto"},"schema":{"@context":"https:\/\/schema.org","@graph":[{"@type":"WebPage","@id":"https:\/\/lechappeeclose.it\/boutique\/livres\/roman-graphique-bd\/series\/larabe-du-futur-tome-3\/","url":"https:\/\/lechappeeclose.it\/boutique\/livres\/roman-graphique-bd\/series\/larabe-du-futur-tome-3\/","name":"L'Arabe du futur, tome 3 - l&#039;\u00e9chapp\u00e9e close","isPartOf":{"@id":"http:\/\/lechappeeclose.it\/it\/#website"},"primaryImageOfPage":{"@id":"https:\/\/lechappeeclose.it\/boutique\/livres\/roman-graphique-bd\/series\/larabe-du-futur-tome-3\/#primaryimage"},"image":{"@id":"https:\/\/lechappeeclose.it\/boutique\/livres\/roman-graphique-bd\/series\/larabe-du-futur-tome-3\/#primaryimage"},"thumbnailUrl":"http:\/\/lechappeeclose.it\/wp-content\/uploads\/2025\/02\/LArabe-du-futur-tome-3-scaled.jpg","datePublished":"2025-02-15T15:37:42+00:00","dateModified":"2025-04-10T16:20:31+00:00","breadcrumb":{"@id":"https:\/\/lechappeeclose.it\/boutique\/livres\/roman-graphique-bd\/series\/larabe-du-futur-tome-3\/#breadcrumb"},"inLanguage":"it-IT","potentialAction":[{"@type":"ReadAction","target":["https:\/\/lechappeeclose.it\/boutique\/livres\/roman-graphique-bd\/series\/larabe-du-futur-tome-3\/"]}]},{"@type":"ImageObject","inLanguage":"it-IT","@id":"https:\/\/lechappeeclose.it\/boutique\/livres\/roman-graphique-bd\/series\/larabe-du-futur-tome-3\/#primaryimage","url":"http:\/\/lechappeeclose.it\/wp-content\/uploads\/2025\/02\/LArabe-du-futur-tome-3-scaled.jpg","contentUrl":"http:\/\/lechappeeclose.it\/wp-content\/uploads\/2025\/02\/LArabe-du-futur-tome-3-scaled.jpg","width":1813,"height":2560},{"@type":"BreadcrumbList","@id":"https:\/\/lechappeeclose.it\/boutique\/livres\/roman-graphique-bd\/series\/larabe-du-futur-tome-3\/#breadcrumb","itemListElement":[{"@type":"ListItem","position":1,"name":"Accueil","item":"http:\/\/lechappeeclose.it\/it\/"},{"@type":"ListItem","position":2,"name":"Boutique","item":"http:\/\/lechappeeclose.it\/boutique\/"},{"@type":"ListItem","position":3,"name":"L&#8217;Arabe du futur, tome 3"}]},{"@type":"WebSite","@id":"http:\/\/lechappeeclose.it\/it\/#website","url":"http:\/\/lechappeeclose.it\/it\/","name":"l&#039;\u00e9chapp\u00e9e close","description":"La libreria francese di Milano","publisher":{"@id":"http:\/\/lechappeeclose.it\/it\/#organization"},"alternateName":"La librairie fran\u00e7aise de Milan","potentialAction":[{"@type":"SearchAction","target":{"@type":"EntryPoint","urlTemplate":"http:\/\/lechappeeclose.it\/it\/?s={search_term_string}"},"query-input":{"@type":"PropertyValueSpecification","valueRequired":true,"valueName":"search_term_string"}}],"inLanguage":"it-IT"},{"@type":"Organization","@id":"http:\/\/lechappeeclose.it\/it\/#organization","name":"l&#039;\u00e9chapp\u00e9e close","url":"http:\/\/lechappeeclose.it\/it\/","logo":{"@type":"ImageObject","inLanguage":"it-IT","@id":"http:\/\/lechappeeclose.it\/it\/#\/schema\/logo\/image\/","url":"http:\/\/lechappeeclose.it\/wp-content\/uploads\/2025\/02\/cropped-logo-rond.png","contentUrl":"http:\/\/lechappeeclose.it\/wp-content\/uploads\/2025\/02\/cropped-logo-rond.png","width":1080,"height":1080,"caption":"l&#039;\u00e9chapp\u00e9e close"},"image":{"@id":"http:\/\/lechappeeclose.it\/it\/#\/schema\/logo\/image\/"},"sameAs":["https:\/\/www.instagram.com\/lechappeeclose\/"]}]}},"_links":{"self":[{"href":"http:\/\/lechappeeclose.it\/it\/wp-json\/wp\/v2\/product\/9259","targetHints":{"allow":["GET"]}}],"collection":[{"href":"http:\/\/lechappeeclose.it\/it\/wp-json\/wp\/v2\/product"}],"about":[{"href":"http:\/\/lechappeeclose.it\/it\/wp-json\/wp\/v2\/types\/product"}],"replies":[{"embeddable":true,"href":"http:\/\/lechappeeclose.it\/it\/wp-json\/wp\/v2\/comments?post=9259"}],"wp:featuredmedia":[{"embeddable":true,"href":"http:\/\/lechappeeclose.it\/it\/wp-json\/wp\/v2\/media\/9258"}],"wp:attachment":[{"href":"http:\/\/lechappeeclose.it\/it\/wp-json\/wp\/v2\/media?parent=9259"}],"wp:term":[{"taxonomy":"product_brand","embeddable":true,"href":"http:\/\/lechappeeclose.it\/it\/wp-json\/wp\/v2\/product_brand?post=9259"},{"taxonomy":"product_cat","embeddable":true,"href":"http:\/\/lechappeeclose.it\/it\/wp-json\/wp\/v2\/product_cat?post=9259"},{"taxonomy":"product_tag","embeddable":true,"href":"http:\/\/lechappeeclose.it\/it\/wp-json\/wp\/v2\/product_tag?post=9259"}],"curies":[{"name":"wp","href":"https:\/\/api.w.org\/{rel}","templated":true}]}}

<p>Dans le premier tome publié en 2014 et qui couvre la période 1978-1984, le petit Riad est ballotté, de sa naissance à ses six ans, entre la Libye, la Bretagne et la Syrie.Le deuxième tome, paru en 2015, raconte sa première année d’école en Syrie (1984-1985).Dans ce troisième tome (1985-1987), après avoir suivi son mari en Libye puis en Syrie, la mère de Riad ne supporte plus la vie au village de Ter Maaleh. Elle veut rentrer en France. L’enfant voit son père déchiré entre les aspirations de sa femme et le poids des traditions familiales…</p>

<p>Dans le premier tome publié en 2014 et qui couvre la période 1978-1984, le petit Riad est ballotté, de sa naissance à ses six ans, entre la Libye, la Bretagne et la Syrie.Le deuxième tome, paru en 2015, raconte sa première année d’école en Syrie (1984-1985).Dans ce troisième tome (1985-1987), après avoir suivi son mari [&hellip;]</p>

<!-- This site is optimized with the Yoast SEO plugin v28.4 - https://yoast.com/product/yoast-seo-wordpress/ -->
<title>L&#039;Arabe du futur, tome 3 - l&#039;échappée close</title>
<meta name="robots" content="index, follow, max-snippet:-1, max-image-preview:large, max-video-preview:-1" />
<link rel="canonical" href="https://lechappeeclose.it/it/boutique/livres/roman-graphique-bd/series/larabe-du-futur-tome-3/" />
<meta property="og:locale" content="it_IT" />
<meta property="og:type" content="article" />
<meta property="og:title" content="L&#039;Arabe du futur, tome 3 - l&#039;échappée close" />
<meta property="og:description" content="Dans le premier tome publié en 2014 et qui couvre la période 1978-1984, le petit Riad est ballotté, de sa naissance à ses six ans, entre la Libye, la Bretagne et la Syrie.Le deuxième tome, paru en 2015, raconte sa première année d’école en Syrie (1984-1985).Dans ce troisième tome (1985-1987), après avoir suivi son mari [&hellip;]" />
<meta property="og:url" content="https://lechappeeclose.it/it/boutique/livres/roman-graphique-bd/series/larabe-du-futur-tome-3/" />
<meta property="og:site_name" content="l&#039;échappée close" />
<meta property="article:modified_time" content="2025-04-10T16:20:31+00:00" />
<meta property="og:image" content="https://lechappeeclose.it/wp-content/uploads/2025/02/LArabe-du-futur-tome-3-scaled.jpg" />
	<meta property="og:image:width" content="1813" />
	<meta property="og:image:height" content="2560" />
	<meta property="og:image:type" content="image/jpeg" />
<meta name="twitter:card" content="summary_large_image" />
<meta name="twitter:label1" content="Tempo di lettura stimato" />
	<meta name="twitter:data1" content="1 minuto" />
<script type="application/ld+json" class="yoast-schema-graph">{"@context":"https:\/\/schema.org","@graph":[{"@type":"WebPage","@id":"https:\/\/lechappeeclose.it\/boutique\/livres\/roman-graphique-bd\/series\/larabe-du-futur-tome-3\/","url":"https:\/\/lechappeeclose.it\/boutique\/livres\/roman-graphique-bd\/series\/larabe-du-futur-tome-3\/","name":"L'Arabe du futur, tome 3 - l&#039;échappée close","isPartOf":{"@id":"http:\/\/lechappeeclose.it\/it\/#website"},"primaryImageOfPage":{"@id":"https:\/\/lechappeeclose.it\/boutique\/livres\/roman-graphique-bd\/series\/larabe-du-futur-tome-3\/#primaryimage"},"image":{"@id":"https:\/\/lechappeeclose.it\/boutique\/livres\/roman-graphique-bd\/series\/larabe-du-futur-tome-3\/#primaryimage"},"thumbnailUrl":"http:\/\/lechappeeclose.it\/wp-content\/uploads\/2025\/02\/LArabe-du-futur-tome-3-scaled.jpg","datePublished":"2025-02-15T15:37:42+00:00","dateModified":"2025-04-10T16:20:31+00:00","breadcrumb":{"@id":"https:\/\/lechappeeclose.it\/boutique\/livres\/roman-graphique-bd\/series\/larabe-du-futur-tome-3\/#breadcrumb"},"inLanguage":"it-IT","potentialAction":[{"@type":"ReadAction","target":["https:\/\/lechappeeclose.it\/boutique\/livres\/roman-graphique-bd\/series\/larabe-du-futur-tome-3\/"]}]},{"@type":"ImageObject","inLanguage":"it-IT","@id":"https:\/\/lechappeeclose.it\/boutique\/livres\/roman-graphique-bd\/series\/larabe-du-futur-tome-3\/#primaryimage","url":"http:\/\/lechappeeclose.it\/wp-content\/uploads\/2025\/02\/LArabe-du-futur-tome-3-scaled.jpg","contentUrl":"http:\/\/lechappeeclose.it\/wp-content\/uploads\/2025\/02\/LArabe-du-futur-tome-3-scaled.jpg","width":1813,"height":2560},{"@type":"BreadcrumbList","@id":"https:\/\/lechappeeclose.it\/boutique\/livres\/roman-graphique-bd\/series\/larabe-du-futur-tome-3\/#breadcrumb","itemListElement":[{"@type":"ListItem","position":1,"name":"Accueil","item":"http:\/\/lechappeeclose.it\/it\/"},{"@type":"ListItem","position":2,"name":"Boutique","item":"http:\/\/lechappeeclose.it\/boutique\/"},{"@type":"ListItem","position":3,"name":"L&#8217;Arabe du futur, tome 3"}]},{"@type":"WebSite","@id":"http:\/\/lechappeeclose.it\/it\/#website","url":"http:\/\/lechappeeclose.it\/it\/","name":"l&#039;échappée close","description":"la librairie française de Milan","publisher":{"@id":"http:\/\/lechappeeclose.it\/it\/#organization"},"alternateName":"La librairie française de Milan","potentialAction":[{"@type":"SearchAction","target":{"@type":"EntryPoint","urlTemplate":"http:\/\/lechappeeclose.it\/it\/?s={search_term_string}"},"query-input":{"@type":"PropertyValueSpecification","valueRequired":true,"valueName":"search_term_string"}}],"inLanguage":"it-IT"},{"@type":"Organization","@id":"http:\/\/lechappeeclose.it\/it\/#organization","name":"l&#039;échappée close","url":"http:\/\/lechappeeclose.it\/it\/","logo":{"@type":"ImageObject","inLanguage":"it-IT","@id":"http:\/\/lechappeeclose.it\/it\/#\/schema\/logo\/image\/","url":"http:\/\/lechappeeclose.it\/wp-content\/uploads\/2025\/02\/cropped-logo-rond.png","contentUrl":"http:\/\/lechappeeclose.it\/wp-content\/uploads\/2025\/02\/cropped-logo-rond.png","width":1080,"height":1080,"caption":"l&#039;échappée close"},"image":{"@id":"http:\/\/lechappeeclose.it\/it\/#\/schema\/logo\/image\/"},"sameAs":["https:\/\/www.instagram.com\/lechappeeclose\/"]}]}</script>
<!-- / Yoast SEO plugin. -->

L'Arabe du futur, tome 3 - l&#039;échappée close

Dans le premier tome publié en 2014 et qui couvre la période 1978-1984, le petit Riad est ballotté, de sa naissance à ses six ans, entre la Libye, la Bretagne et la Syrie.Le deuxième tome, paru en 2015, raconte sa première année d’école en Syrie (1984-1985).Dans ce troisième tome (1985-1987), après avoir suivi son mari [&hellip;]

l&#039;échappée close

La librairie française de Milan
