{"id":8851,"date":"2025-02-14T13:01:24","date_gmt":"2025-02-14T12:01:24","guid":{"rendered":"https:\/\/lechappeeclose.it\/produit\/les-jardins-du-congo\/"},"modified":"2025-02-14T13:01:24","modified_gmt":"2025-02-14T12:01:24","slug":"les-jardins-du-congo","status":"publish","type":"product","link":"http:\/\/lechappeeclose.it\/it\/boutique\/livres\/roman-graphique-bd\/histoire-et-societe\/les-jardins-du-congo\/","title":{"rendered":"Les jardins du Congo"},"content":{"rendered":"<p>1940, les Allemands envahissent une Belgique neutre, sans v\u00e9ritable d\u00e9fense. Durant l&#8217;Occupation, comme de nombreux autres jeunes de Chimay, Yvon veut \u00e9chapper aux camps de travail : il d\u00e9cide de se cacher dans la for\u00eat. H\u00e9las, les occupants ne quittent pas les lieux. Les semaines passent, puis les mois et les ann\u00e9es&#8230; Au total, ce sont 4 interminables ann\u00e9es qu&#8217;il va passer dans les bois \u00e0 lutter contre la peur, la faim et la folie&#8230; Lorsqu&#8217;il peut enfin sortir de son refuge, Yvon \u00e9prouve un besoin vital de changer d&#8217;air pour effacer ses cauchemars et lui donner l&#8217;occasion de d\u00e9marrer de plain-pied sa vie d&#8217;adulte. Il prend donc le premier bateau en partance pour le Congo, la colonie belge si pleine de promesses. Avec sa nature envo\u00fbtante et ses innombrables d\u00e9fis \u00e0 relever, le Congo lui redonne peu \u00e0 peu de l&#8217;assurance et lui permet de rattraper les ann\u00e9es perdues. Mais dans une Afrique qui aspire irr\u00e9m\u00e9diablement \u00e0 son ind\u00e9pendance, Yvon parviendra-t-il \u00e0 pr\u00e9server cet \u00e9quilibre de vie qu&#8217;il a trouv\u00e9 \u00e0 l&#8217;autre bout du monde ?<\/p>","protected":false},"excerpt":{"rendered":"<p>1940, les Allemands envahissent une Belgique neutre, sans v\u00e9ritable d\u00e9fense. Durant l&#8217;Occupation, comme de nombreux autres jeunes de Chimay, Yvon veut \u00e9chapper aux camps de travail : il d\u00e9cide de se cacher dans la for\u00eat. H\u00e9las, les occupants ne quittent pas les lieux. Les semaines passent, puis les mois et les ann\u00e9es&#8230; Au total, ce [&hellip;]<\/p>","protected":false},"featured_media":8850,"comment_status":"open","ping_status":"closed","template":"","meta":[],"product_brand":[],"product_cat":[57],"product_tag":[],"class_list":["post-8851","product","type-product","status-publish","has-post-thumbnail","product_cat-histoire-et-societe","first","instock","taxable","shipping-taxable","purchasable","product-type-simple"],"yoast_head":"<!-- This site is optimized with the Yoast SEO plugin v28.3 - https:\/\/yoast.com\/product\/yoast-seo-wordpress\/ -->\n<title>Les jardins du Congo - l&#039;\u00e9chapp\u00e9e close<\/title>\n<meta name=\"robots\" content=\"index, follow, max-snippet:-1, max-image-preview:large, max-video-preview:-1\" \/>\n<link rel=\"canonical\" href=\"https:\/\/lechappeeclose.it\/it\/boutique\/livres\/roman-graphique-bd\/histoire-et-societe\/les-jardins-du-congo\/\" \/>\n<meta property=\"og:locale\" content=\"it_IT\" \/>\n<meta property=\"og:type\" content=\"article\" \/>\n<meta property=\"og:title\" content=\"Les jardins du Congo - l&#039;\u00e9chapp\u00e9e close\" \/>\n<meta property=\"og:description\" content=\"1940, les Allemands envahissent une Belgique neutre, sans v\u00e9ritable d\u00e9fense. Durant l&#8217;Occupation, comme de nombreux autres jeunes de Chimay, Yvon veut \u00e9chapper aux camps de travail : il d\u00e9cide de se cacher dans la for\u00eat. H\u00e9las, les occupants ne quittent pas les lieux. Les semaines passent, puis les mois et les ann\u00e9es&#8230; Au total, ce [&hellip;]\" \/>\n<meta property=\"og:url\" content=\"https:\/\/lechappeeclose.it\/it\/boutique\/livres\/roman-graphique-bd\/histoire-et-societe\/les-jardins-du-congo\/\" \/>\n<meta property=\"og:site_name\" content=\"l&#039;\u00e9chapp\u00e9e close\" \/>\n<meta property=\"og:image\" content=\"https:\/\/lechappeeclose.it\/wp-content\/uploads\/2025\/02\/Les-jardins-du-Congo.jpg\" \/>\n\t<meta property=\"og:image:width\" content=\"750\" \/>\n\t<meta property=\"og:image:height\" content=\"1044\" \/>\n\t<meta property=\"og:image:type\" content=\"image\/jpeg\" \/>\n<meta name=\"twitter:card\" content=\"summary_large_image\" \/>\n<meta name=\"twitter:label1\" content=\"Tempo di lettura stimato\" \/>\n\t<meta name=\"twitter:data1\" content=\"1 minuto\" \/>\n<script type=\"application\/ld+json\" class=\"yoast-schema-graph\">{\"@context\":\"https:\\\/\\\/schema.org\",\"@graph\":[{\"@type\":\"WebPage\",\"@id\":\"https:\\\/\\\/lechappeeclose.it\\\/it\\\/boutique\\\/livres\\\/roman-graphique-bd\\\/histoire-et-societe\\\/les-jardins-du-congo\\\/\",\"url\":\"https:\\\/\\\/lechappeeclose.it\\\/it\\\/boutique\\\/livres\\\/roman-graphique-bd\\\/histoire-et-societe\\\/les-jardins-du-congo\\\/\",\"name\":\"Les jardins du Congo - l&#039;\u00e9chapp\u00e9e close\",\"isPartOf\":{\"@id\":\"http:\\\/\\\/lechappeeclose.it\\\/#website\"},\"primaryImageOfPage\":{\"@id\":\"https:\\\/\\\/lechappeeclose.it\\\/it\\\/boutique\\\/livres\\\/roman-graphique-bd\\\/histoire-et-societe\\\/les-jardins-du-congo\\\/#primaryimage\"},\"image\":{\"@id\":\"https:\\\/\\\/lechappeeclose.it\\\/it\\\/boutique\\\/livres\\\/roman-graphique-bd\\\/histoire-et-societe\\\/les-jardins-du-congo\\\/#primaryimage\"},\"thumbnailUrl\":\"http:\\\/\\\/lechappeeclose.it\\\/wp-content\\\/uploads\\\/2025\\\/02\\\/Les-jardins-du-Congo.jpg\",\"datePublished\":\"2025-02-14T12:01:24+00:00\",\"breadcrumb\":{\"@id\":\"https:\\\/\\\/lechappeeclose.it\\\/it\\\/boutique\\\/livres\\\/roman-graphique-bd\\\/histoire-et-societe\\\/les-jardins-du-congo\\\/#breadcrumb\"},\"inLanguage\":\"it-IT\",\"potentialAction\":[{\"@type\":\"ReadAction\",\"target\":[\"https:\\\/\\\/lechappeeclose.it\\\/it\\\/boutique\\\/livres\\\/roman-graphique-bd\\\/histoire-et-societe\\\/les-jardins-du-congo\\\/\"]}]},{\"@type\":\"ImageObject\",\"inLanguage\":\"it-IT\",\"@id\":\"https:\\\/\\\/lechappeeclose.it\\\/it\\\/boutique\\\/livres\\\/roman-graphique-bd\\\/histoire-et-societe\\\/les-jardins-du-congo\\\/#primaryimage\",\"url\":\"http:\\\/\\\/lechappeeclose.it\\\/wp-content\\\/uploads\\\/2025\\\/02\\\/Les-jardins-du-Congo.jpg\",\"contentUrl\":\"http:\\\/\\\/lechappeeclose.it\\\/wp-content\\\/uploads\\\/2025\\\/02\\\/Les-jardins-du-Congo.jpg\",\"width\":750,\"height\":1044},{\"@type\":\"BreadcrumbList\",\"@id\":\"https:\\\/\\\/lechappeeclose.it\\\/it\\\/boutique\\\/livres\\\/roman-graphique-bd\\\/histoire-et-societe\\\/les-jardins-du-congo\\\/#breadcrumb\",\"itemListElement\":[{\"@type\":\"ListItem\",\"position\":1,\"name\":\"Accueil\",\"item\":\"http:\\\/\\\/lechappeeclose.it\\\/\"},{\"@type\":\"ListItem\",\"position\":2,\"name\":\"Boutique\",\"item\":\"http:\\\/\\\/lechappeeclose.it\\\/boutique\\\/\"},{\"@type\":\"ListItem\",\"position\":3,\"name\":\"Les jardins du Congo\"}]},{\"@type\":\"WebSite\",\"@id\":\"http:\\\/\\\/lechappeeclose.it\\\/#website\",\"url\":\"http:\\\/\\\/lechappeeclose.it\\\/\",\"name\":\"l&#039;\u00e9chapp\u00e9e close\",\"description\":\"la librairie fran\u00e7aise de Milan\",\"publisher\":{\"@id\":\"http:\\\/\\\/lechappeeclose.it\\\/#organization\"},\"alternateName\":\"La librairie fran\u00e7aise de Milan\",\"potentialAction\":[{\"@type\":\"SearchAction\",\"target\":{\"@type\":\"EntryPoint\",\"urlTemplate\":\"http:\\\/\\\/lechappeeclose.it\\\/?s={search_term_string}\"},\"query-input\":{\"@type\":\"PropertyValueSpecification\",\"valueRequired\":true,\"valueName\":\"search_term_string\"}}],\"inLanguage\":\"it-IT\"},{\"@type\":\"Organization\",\"@id\":\"http:\\\/\\\/lechappeeclose.it\\\/#organization\",\"name\":\"l&#039;\u00e9chapp\u00e9e close\",\"url\":\"http:\\\/\\\/lechappeeclose.it\\\/\",\"logo\":{\"@type\":\"ImageObject\",\"inLanguage\":\"it-IT\",\"@id\":\"http:\\\/\\\/lechappeeclose.it\\\/#\\\/schema\\\/logo\\\/image\\\/\",\"url\":\"http:\\\/\\\/lechappeeclose.it\\\/wp-content\\\/uploads\\\/2025\\\/02\\\/cropped-logo-rond.png\",\"contentUrl\":\"http:\\\/\\\/lechappeeclose.it\\\/wp-content\\\/uploads\\\/2025\\\/02\\\/cropped-logo-rond.png\",\"width\":1080,\"height\":1080,\"caption\":\"l&#039;\u00e9chapp\u00e9e close\"},\"image\":{\"@id\":\"http:\\\/\\\/lechappeeclose.it\\\/#\\\/schema\\\/logo\\\/image\\\/\"},\"sameAs\":[\"https:\\\/\\\/www.instagram.com\\\/lechappeeclose\\\/\"]}]}<\/script>\n<!-- \/ Yoast SEO plugin. -->","yoast_head_json":{"title":"Les jardins du Congo - l&#039;\u00e9chapp\u00e9e close","robots":{"index":"index","follow":"follow","max-snippet":"max-snippet:-1","max-image-preview":"max-image-preview:large","max-video-preview":"max-video-preview:-1"},"canonical":"https:\/\/lechappeeclose.it\/it\/boutique\/livres\/roman-graphique-bd\/histoire-et-societe\/les-jardins-du-congo\/","og_locale":"it_IT","og_type":"article","og_title":"Les jardins du Congo - l&#039;\u00e9chapp\u00e9e close","og_description":"1940, les Allemands envahissent une Belgique neutre, sans v\u00e9ritable d\u00e9fense. Durant l&#8217;Occupation, comme de nombreux autres jeunes de Chimay, Yvon veut \u00e9chapper aux camps de travail : il d\u00e9cide de se cacher dans la for\u00eat. H\u00e9las, les occupants ne quittent pas les lieux. Les semaines passent, puis les mois et les ann\u00e9es&#8230; Au total, ce [&hellip;]","og_url":"https:\/\/lechappeeclose.it\/it\/boutique\/livres\/roman-graphique-bd\/histoire-et-societe\/les-jardins-du-congo\/","og_site_name":"l&#039;\u00e9chapp\u00e9e close","og_image":[{"width":750,"height":1044,"url":"https:\/\/lechappeeclose.it\/wp-content\/uploads\/2025\/02\/Les-jardins-du-Congo.jpg","type":"image\/jpeg"}],"twitter_card":"summary_large_image","twitter_misc":{"Tempo di lettura stimato":"1 minuto"},"schema":{"@context":"https:\/\/schema.org","@graph":[{"@type":"WebPage","@id":"https:\/\/lechappeeclose.it\/it\/boutique\/livres\/roman-graphique-bd\/histoire-et-societe\/les-jardins-du-congo\/","url":"https:\/\/lechappeeclose.it\/it\/boutique\/livres\/roman-graphique-bd\/histoire-et-societe\/les-jardins-du-congo\/","name":"Les jardins du Congo - l&#039;\u00e9chapp\u00e9e close","isPartOf":{"@id":"http:\/\/lechappeeclose.it\/#website"},"primaryImageOfPage":{"@id":"https:\/\/lechappeeclose.it\/it\/boutique\/livres\/roman-graphique-bd\/histoire-et-societe\/les-jardins-du-congo\/#primaryimage"},"image":{"@id":"https:\/\/lechappeeclose.it\/it\/boutique\/livres\/roman-graphique-bd\/histoire-et-societe\/les-jardins-du-congo\/#primaryimage"},"thumbnailUrl":"http:\/\/lechappeeclose.it\/wp-content\/uploads\/2025\/02\/Les-jardins-du-Congo.jpg","datePublished":"2025-02-14T12:01:24+00:00","breadcrumb":{"@id":"https:\/\/lechappeeclose.it\/it\/boutique\/livres\/roman-graphique-bd\/histoire-et-societe\/les-jardins-du-congo\/#breadcrumb"},"inLanguage":"it-IT","potentialAction":[{"@type":"ReadAction","target":["https:\/\/lechappeeclose.it\/it\/boutique\/livres\/roman-graphique-bd\/histoire-et-societe\/les-jardins-du-congo\/"]}]},{"@type":"ImageObject","inLanguage":"it-IT","@id":"https:\/\/lechappeeclose.it\/it\/boutique\/livres\/roman-graphique-bd\/histoire-et-societe\/les-jardins-du-congo\/#primaryimage","url":"http:\/\/lechappeeclose.it\/wp-content\/uploads\/2025\/02\/Les-jardins-du-Congo.jpg","contentUrl":"http:\/\/lechappeeclose.it\/wp-content\/uploads\/2025\/02\/Les-jardins-du-Congo.jpg","width":750,"height":1044},{"@type":"BreadcrumbList","@id":"https:\/\/lechappeeclose.it\/it\/boutique\/livres\/roman-graphique-bd\/histoire-et-societe\/les-jardins-du-congo\/#breadcrumb","itemListElement":[{"@type":"ListItem","position":1,"name":"Accueil","item":"http:\/\/lechappeeclose.it\/"},{"@type":"ListItem","position":2,"name":"Boutique","item":"http:\/\/lechappeeclose.it\/boutique\/"},{"@type":"ListItem","position":3,"name":"Les jardins du Congo"}]},{"@type":"WebSite","@id":"http:\/\/lechappeeclose.it\/#website","url":"http:\/\/lechappeeclose.it\/","name":"l&#039;\u00e9chapp\u00e9e close","description":"La libreria francese di Milano","publisher":{"@id":"http:\/\/lechappeeclose.it\/#organization"},"alternateName":"La librairie fran\u00e7aise de Milan","potentialAction":[{"@type":"SearchAction","target":{"@type":"EntryPoint","urlTemplate":"http:\/\/lechappeeclose.it\/?s={search_term_string}"},"query-input":{"@type":"PropertyValueSpecification","valueRequired":true,"valueName":"search_term_string"}}],"inLanguage":"it-IT"},{"@type":"Organization","@id":"http:\/\/lechappeeclose.it\/#organization","name":"l&#039;\u00e9chapp\u00e9e close","url":"http:\/\/lechappeeclose.it\/","logo":{"@type":"ImageObject","inLanguage":"it-IT","@id":"http:\/\/lechappeeclose.it\/#\/schema\/logo\/image\/","url":"http:\/\/lechappeeclose.it\/wp-content\/uploads\/2025\/02\/cropped-logo-rond.png","contentUrl":"http:\/\/lechappeeclose.it\/wp-content\/uploads\/2025\/02\/cropped-logo-rond.png","width":1080,"height":1080,"caption":"l&#039;\u00e9chapp\u00e9e close"},"image":{"@id":"http:\/\/lechappeeclose.it\/#\/schema\/logo\/image\/"},"sameAs":["https:\/\/www.instagram.com\/lechappeeclose\/"]}]}},"_links":{"self":[{"href":"http:\/\/lechappeeclose.it\/it\/wp-json\/wp\/v2\/product\/8851","targetHints":{"allow":["GET"]}}],"collection":[{"href":"http:\/\/lechappeeclose.it\/it\/wp-json\/wp\/v2\/product"}],"about":[{"href":"http:\/\/lechappeeclose.it\/it\/wp-json\/wp\/v2\/types\/product"}],"replies":[{"embeddable":true,"href":"http:\/\/lechappeeclose.it\/it\/wp-json\/wp\/v2\/comments?post=8851"}],"wp:featuredmedia":[{"embeddable":true,"href":"http:\/\/lechappeeclose.it\/it\/wp-json\/wp\/v2\/media\/8850"}],"wp:attachment":[{"href":"http:\/\/lechappeeclose.it\/it\/wp-json\/wp\/v2\/media?parent=8851"}],"wp:term":[{"taxonomy":"product_brand","embeddable":true,"href":"http:\/\/lechappeeclose.it\/it\/wp-json\/wp\/v2\/product_brand?post=8851"},{"taxonomy":"product_cat","embeddable":true,"href":"http:\/\/lechappeeclose.it\/it\/wp-json\/wp\/v2\/product_cat?post=8851"},{"taxonomy":"product_tag","embeddable":true,"href":"http:\/\/lechappeeclose.it\/it\/wp-json\/wp\/v2\/product_tag?post=8851"}],"curies":[{"name":"wp","href":"https:\/\/api.w.org\/{rel}","templated":true}]}}

<p>1940, les Allemands envahissent une Belgique neutre, sans véritable défense. Durant l&#8217;Occupation, comme de nombreux autres jeunes de Chimay, Yvon veut échapper aux camps de travail : il décide de se cacher dans la forêt. Hélas, les occupants ne quittent pas les lieux. Les semaines passent, puis les mois et les années&#8230; Au total, ce sont 4 interminables années qu&#8217;il va passer dans les bois à lutter contre la peur, la faim et la folie&#8230; Lorsqu&#8217;il peut enfin sortir de son refuge, Yvon éprouve un besoin vital de changer d&#8217;air pour effacer ses cauchemars et lui donner l&#8217;occasion de démarrer de plain-pied sa vie d&#8217;adulte. Il prend donc le premier bateau en partance pour le Congo, la colonie belge si pleine de promesses. Avec sa nature envoûtante et ses innombrables défis à relever, le Congo lui redonne peu à peu de l&#8217;assurance et lui permet de rattraper les années perdues. Mais dans une Afrique qui aspire irrémédiablement à son indépendance, Yvon parviendra-t-il à préserver cet équilibre de vie qu&#8217;il a trouvé à l&#8217;autre bout du monde ?</p>

<p>1940, les Allemands envahissent une Belgique neutre, sans véritable défense. Durant l&#8217;Occupation, comme de nombreux autres jeunes de Chimay, Yvon veut échapper aux camps de travail : il décide de se cacher dans la forêt. Hélas, les occupants ne quittent pas les lieux. Les semaines passent, puis les mois et les années&#8230; Au total, ce [&hellip;]</p>

<!-- This site is optimized with the Yoast SEO plugin v28.3 - https://yoast.com/product/yoast-seo-wordpress/ -->
<title>Les jardins du Congo - l&#039;échappée close</title>
<meta name="robots" content="index, follow, max-snippet:-1, max-image-preview:large, max-video-preview:-1" />
<link rel="canonical" href="https://lechappeeclose.it/it/boutique/livres/roman-graphique-bd/histoire-et-societe/les-jardins-du-congo/" />
<meta property="og:locale" content="it_IT" />
<meta property="og:type" content="article" />
<meta property="og:title" content="Les jardins du Congo - l&#039;échappée close" />
<meta property="og:description" content="1940, les Allemands envahissent une Belgique neutre, sans véritable défense. Durant l&#8217;Occupation, comme de nombreux autres jeunes de Chimay, Yvon veut échapper aux camps de travail : il décide de se cacher dans la forêt. Hélas, les occupants ne quittent pas les lieux. Les semaines passent, puis les mois et les années&#8230; Au total, ce [&hellip;]" />
<meta property="og:url" content="https://lechappeeclose.it/it/boutique/livres/roman-graphique-bd/histoire-et-societe/les-jardins-du-congo/" />
<meta property="og:site_name" content="l&#039;échappée close" />
<meta property="og:image" content="https://lechappeeclose.it/wp-content/uploads/2025/02/Les-jardins-du-Congo.jpg" />
	<meta property="og:image:width" content="750" />
	<meta property="og:image:height" content="1044" />
	<meta property="og:image:type" content="image/jpeg" />
<meta name="twitter:card" content="summary_large_image" />
<meta name="twitter:label1" content="Tempo di lettura stimato" />
	<meta name="twitter:data1" content="1 minuto" />
<script type="application/ld+json" class="yoast-schema-graph">{"@context":"https:\/\/schema.org","@graph":[{"@type":"WebPage","@id":"https:\/\/lechappeeclose.it\/it\/boutique\/livres\/roman-graphique-bd\/histoire-et-societe\/les-jardins-du-congo\/","url":"https:\/\/lechappeeclose.it\/it\/boutique\/livres\/roman-graphique-bd\/histoire-et-societe\/les-jardins-du-congo\/","name":"Les jardins du Congo - l&#039;échappée close","isPartOf":{"@id":"http:\/\/lechappeeclose.it\/#website"},"primaryImageOfPage":{"@id":"https:\/\/lechappeeclose.it\/it\/boutique\/livres\/roman-graphique-bd\/histoire-et-societe\/les-jardins-du-congo\/#primaryimage"},"image":{"@id":"https:\/\/lechappeeclose.it\/it\/boutique\/livres\/roman-graphique-bd\/histoire-et-societe\/les-jardins-du-congo\/#primaryimage"},"thumbnailUrl":"http:\/\/lechappeeclose.it\/wp-content\/uploads\/2025\/02\/Les-jardins-du-Congo.jpg","datePublished":"2025-02-14T12:01:24+00:00","breadcrumb":{"@id":"https:\/\/lechappeeclose.it\/it\/boutique\/livres\/roman-graphique-bd\/histoire-et-societe\/les-jardins-du-congo\/#breadcrumb"},"inLanguage":"it-IT","potentialAction":[{"@type":"ReadAction","target":["https:\/\/lechappeeclose.it\/it\/boutique\/livres\/roman-graphique-bd\/histoire-et-societe\/les-jardins-du-congo\/"]}]},{"@type":"ImageObject","inLanguage":"it-IT","@id":"https:\/\/lechappeeclose.it\/it\/boutique\/livres\/roman-graphique-bd\/histoire-et-societe\/les-jardins-du-congo\/#primaryimage","url":"http:\/\/lechappeeclose.it\/wp-content\/uploads\/2025\/02\/Les-jardins-du-Congo.jpg","contentUrl":"http:\/\/lechappeeclose.it\/wp-content\/uploads\/2025\/02\/Les-jardins-du-Congo.jpg","width":750,"height":1044},{"@type":"BreadcrumbList","@id":"https:\/\/lechappeeclose.it\/it\/boutique\/livres\/roman-graphique-bd\/histoire-et-societe\/les-jardins-du-congo\/#breadcrumb","itemListElement":[{"@type":"ListItem","position":1,"name":"Accueil","item":"http:\/\/lechappeeclose.it\/"},{"@type":"ListItem","position":2,"name":"Boutique","item":"http:\/\/lechappeeclose.it\/boutique\/"},{"@type":"ListItem","position":3,"name":"Les jardins du Congo"}]},{"@type":"WebSite","@id":"http:\/\/lechappeeclose.it\/#website","url":"http:\/\/lechappeeclose.it\/","name":"l&#039;échappée close","description":"la librairie française de Milan","publisher":{"@id":"http:\/\/lechappeeclose.it\/#organization"},"alternateName":"La librairie française de Milan","potentialAction":[{"@type":"SearchAction","target":{"@type":"EntryPoint","urlTemplate":"http:\/\/lechappeeclose.it\/?s={search_term_string}"},"query-input":{"@type":"PropertyValueSpecification","valueRequired":true,"valueName":"search_term_string"}}],"inLanguage":"it-IT"},{"@type":"Organization","@id":"http:\/\/lechappeeclose.it\/#organization","name":"l&#039;échappée close","url":"http:\/\/lechappeeclose.it\/","logo":{"@type":"ImageObject","inLanguage":"it-IT","@id":"http:\/\/lechappeeclose.it\/#\/schema\/logo\/image\/","url":"http:\/\/lechappeeclose.it\/wp-content\/uploads\/2025\/02\/cropped-logo-rond.png","contentUrl":"http:\/\/lechappeeclose.it\/wp-content\/uploads\/2025\/02\/cropped-logo-rond.png","width":1080,"height":1080,"caption":"l&#039;échappée close"},"image":{"@id":"http:\/\/lechappeeclose.it\/#\/schema\/logo\/image\/"},"sameAs":["https:\/\/www.instagram.com\/lechappeeclose\/"]}]}</script>
<!-- / Yoast SEO plugin. -->

Les jardins du Congo - l&#039;échappée close

1940, les Allemands envahissent une Belgique neutre, sans véritable défense. Durant l&#8217;Occupation, comme de nombreux autres jeunes de Chimay, Yvon veut échapper aux camps de travail : il décide de se cacher dans la forêt. Hélas, les occupants ne quittent pas les lieux. Les semaines passent, puis les mois et les années&#8230; Au total, ce [&hellip;]

l&#039;échappée close

La librairie française de Milan
