{"id":6683,"date":"2025-02-07T16:40:12","date_gmt":"2025-02-07T15:40:12","guid":{"rendered":"https:\/\/lechappeeclose.it\/produit\/les-jours-et-les-nuits\/"},"modified":"2025-02-07T16:40:12","modified_gmt":"2025-02-07T15:40:12","slug":"les-jours-et-les-nuits","status":"publish","type":"product","link":"http:\/\/lechappeeclose.it\/it\/boutique\/livres\/litterature\/romans\/les-jours-et-les-nuits\/","title":{"rendered":"Les jours et les nuits"},"content":{"rendered":"<p>&#8220;Sengle, sa permission d\u00e9chir\u00e9e comme les autres, ne put sortir que le lendemain \u00e0 huit heures, il ne fallait pas penser prendre un train, devant l&#8217;adjudant de la gare, sans permission ; et en civil il aurait \u00e9t\u00e9 reconnu. Il \u00e9crivit et dormit surtout toute la journ\u00e9e devant le feu, dans la chambre aux volets ferm\u00e9s, sous des lampes, et sa valise ne resta pas faite, car il n&#8217;avait pas le courage d&#8217;attendre l&#8217;autre dimanche, et il lui fallait la libert\u00e9, m\u00eame pas, la tranquillit\u00e9 de lire et de dormir, sans uniforme, plus vite&#8221;. Quelques mois apr\u00e8s qu&#8217;Ubu roi, repr\u00e9sent\u00e9 au th\u00e9\u00e2tre de l&#8217;\u0152uvre, a fait conna\u00eetre le nom d&#8217;Alfred Jarry, Les jours et les nuits, roman d&#8217;un d\u00e9serteur para\u00eet au Mercure de France. Nous sommes en 1897 et l&#8217;affaire Dreyfus commence \u00e0 diviser l&#8217;opinion. Aussi a-t-on pu voir dans Les jours et les nuits une oeuvre antimilitariste, attaquant plus sp\u00e9cialement la m\u00e9decine militaire. Mais Sengle, le h\u00e9ros du livre, n&#8217;est pas un d\u00e9serteur. Sa mani\u00e8re de d\u00e9serter, c&#8217;est de se d\u00e9doubler, de devenir autre. R\u00eave et r\u00e9alit\u00e9 alternent alors comme le jour et la nuit, jusqu&#8217;\u00e0 une certaine folie.<\/p>","protected":false},"excerpt":{"rendered":"<p>&#8220;Sengle, sa permission d\u00e9chir\u00e9e comme les autres, ne put sortir que le lendemain \u00e0 huit heures, il ne fallait pas penser prendre un train, devant l&#8217;adjudant de la gare, sans permission ; et en civil il aurait \u00e9t\u00e9 reconnu. Il \u00e9crivit et dormit surtout toute la journ\u00e9e devant le feu, dans la chambre aux volets [&hellip;]<\/p>","protected":false},"featured_media":6682,"comment_status":"open","ping_status":"closed","template":"","meta":[],"product_brand":[],"product_cat":[46],"product_tag":[],"class_list":{"0":"post-6683","1":"product","2":"type-product","3":"status-publish","4":"has-post-thumbnail","6":"product_cat-romans","8":"first","9":"instock","10":"taxable","11":"shipping-taxable","12":"purchasable","13":"product-type-simple"},"yoast_head":"<!-- This site is optimized with the Yoast SEO plugin v27.5 - https:\/\/yoast.com\/product\/yoast-seo-wordpress\/ -->\n<title>Les jours et les nuits - l&#039;\u00e9chapp\u00e9e close<\/title>\n<meta name=\"robots\" content=\"index, follow, max-snippet:-1, max-image-preview:large, max-video-preview:-1\" \/>\n<link rel=\"canonical\" href=\"http:\/\/lechappeeclose.it\/it\/boutique\/livres\/litterature\/romans\/les-jours-et-les-nuits\/\" \/>\n<meta property=\"og:locale\" content=\"it_IT\" \/>\n<meta property=\"og:type\" content=\"article\" \/>\n<meta property=\"og:title\" content=\"Les jours et les nuits - l&#039;\u00e9chapp\u00e9e close\" \/>\n<meta property=\"og:description\" content=\"&#8220;Sengle, sa permission d\u00e9chir\u00e9e comme les autres, ne put sortir que le lendemain \u00e0 huit heures, il ne fallait pas penser prendre un train, devant l&#8217;adjudant de la gare, sans permission ; et en civil il aurait \u00e9t\u00e9 reconnu. Il \u00e9crivit et dormit surtout toute la journ\u00e9e devant le feu, dans la chambre aux volets [&hellip;]\" \/>\n<meta property=\"og:url\" content=\"http:\/\/lechappeeclose.it\/it\/boutique\/livres\/litterature\/romans\/les-jours-et-les-nuits\/\" \/>\n<meta property=\"og:site_name\" content=\"l&#039;\u00e9chapp\u00e9e close\" \/>\n<meta property=\"og:image\" content=\"http:\/\/lechappeeclose.it\/wp-content\/uploads\/2025\/02\/Les-jours-et-les-nuits.jpg\" \/>\n\t<meta property=\"og:image:width\" content=\"304\" \/>\n\t<meta property=\"og:image:height\" content=\"475\" \/>\n\t<meta property=\"og:image:type\" content=\"image\/jpeg\" \/>\n<meta name=\"twitter:card\" content=\"summary_large_image\" \/>\n<meta name=\"twitter:label1\" content=\"Tempo di lettura stimato\" \/>\n\t<meta name=\"twitter:data1\" content=\"1 minuto\" \/>\n<script type=\"application\/ld+json\" class=\"yoast-schema-graph\">{\"@context\":\"https:\\\/\\\/schema.org\",\"@graph\":[{\"@type\":\"WebPage\",\"@id\":\"http:\\\/\\\/lechappeeclose.it\\\/it\\\/boutique\\\/livres\\\/litterature\\\/romans\\\/les-jours-et-les-nuits\\\/\",\"url\":\"http:\\\/\\\/lechappeeclose.it\\\/it\\\/boutique\\\/livres\\\/litterature\\\/romans\\\/les-jours-et-les-nuits\\\/\",\"name\":\"Les jours et les nuits - l&#039;\u00e9chapp\u00e9e close\",\"isPartOf\":{\"@id\":\"http:\\\/\\\/lechappeeclose.it\\\/it\\\/#website\"},\"primaryImageOfPage\":{\"@id\":\"http:\\\/\\\/lechappeeclose.it\\\/it\\\/boutique\\\/livres\\\/litterature\\\/romans\\\/les-jours-et-les-nuits\\\/#primaryimage\"},\"image\":{\"@id\":\"http:\\\/\\\/lechappeeclose.it\\\/it\\\/boutique\\\/livres\\\/litterature\\\/romans\\\/les-jours-et-les-nuits\\\/#primaryimage\"},\"thumbnailUrl\":\"http:\\\/\\\/lechappeeclose.it\\\/wp-content\\\/uploads\\\/2025\\\/02\\\/Les-jours-et-les-nuits.jpg\",\"datePublished\":\"2025-02-07T15:40:12+00:00\",\"breadcrumb\":{\"@id\":\"http:\\\/\\\/lechappeeclose.it\\\/it\\\/boutique\\\/livres\\\/litterature\\\/romans\\\/les-jours-et-les-nuits\\\/#breadcrumb\"},\"inLanguage\":\"it-IT\",\"potentialAction\":[{\"@type\":\"ReadAction\",\"target\":[\"http:\\\/\\\/lechappeeclose.it\\\/it\\\/boutique\\\/livres\\\/litterature\\\/romans\\\/les-jours-et-les-nuits\\\/\"]}]},{\"@type\":\"ImageObject\",\"inLanguage\":\"it-IT\",\"@id\":\"http:\\\/\\\/lechappeeclose.it\\\/it\\\/boutique\\\/livres\\\/litterature\\\/romans\\\/les-jours-et-les-nuits\\\/#primaryimage\",\"url\":\"http:\\\/\\\/lechappeeclose.it\\\/wp-content\\\/uploads\\\/2025\\\/02\\\/Les-jours-et-les-nuits.jpg\",\"contentUrl\":\"http:\\\/\\\/lechappeeclose.it\\\/wp-content\\\/uploads\\\/2025\\\/02\\\/Les-jours-et-les-nuits.jpg\",\"width\":304,\"height\":475},{\"@type\":\"BreadcrumbList\",\"@id\":\"http:\\\/\\\/lechappeeclose.it\\\/it\\\/boutique\\\/livres\\\/litterature\\\/romans\\\/les-jours-et-les-nuits\\\/#breadcrumb\",\"itemListElement\":[{\"@type\":\"ListItem\",\"position\":1,\"name\":\"Accueil\",\"item\":\"http:\\\/\\\/lechappeeclose.it\\\/it\\\/\"},{\"@type\":\"ListItem\",\"position\":2,\"name\":\"Boutique\",\"item\":\"http:\\\/\\\/lechappeeclose.it\\\/it\\\/boutique\\\/\"},{\"@type\":\"ListItem\",\"position\":3,\"name\":\"Les jours et les nuits\"}]},{\"@type\":\"WebSite\",\"@id\":\"http:\\\/\\\/lechappeeclose.it\\\/it\\\/#website\",\"url\":\"http:\\\/\\\/lechappeeclose.it\\\/it\\\/\",\"name\":\"l&#039;\u00e9chapp\u00e9e close\",\"description\":\"la librairie fran\u00e7aise de Milan\",\"publisher\":{\"@id\":\"http:\\\/\\\/lechappeeclose.it\\\/it\\\/#organization\"},\"alternateName\":\"La librairie fran\u00e7aise de Milan\",\"potentialAction\":[{\"@type\":\"SearchAction\",\"target\":{\"@type\":\"EntryPoint\",\"urlTemplate\":\"http:\\\/\\\/lechappeeclose.it\\\/it\\\/?s={search_term_string}\"},\"query-input\":{\"@type\":\"PropertyValueSpecification\",\"valueRequired\":true,\"valueName\":\"search_term_string\"}}],\"inLanguage\":\"it-IT\"},{\"@type\":\"Organization\",\"@id\":\"http:\\\/\\\/lechappeeclose.it\\\/it\\\/#organization\",\"name\":\"l&#039;\u00e9chapp\u00e9e close\",\"url\":\"http:\\\/\\\/lechappeeclose.it\\\/it\\\/\",\"logo\":{\"@type\":\"ImageObject\",\"inLanguage\":\"it-IT\",\"@id\":\"http:\\\/\\\/lechappeeclose.it\\\/it\\\/#\\\/schema\\\/logo\\\/image\\\/\",\"url\":\"http:\\\/\\\/lechappeeclose.it\\\/wp-content\\\/uploads\\\/2025\\\/02\\\/cropped-logo-rond.png\",\"contentUrl\":\"http:\\\/\\\/lechappeeclose.it\\\/wp-content\\\/uploads\\\/2025\\\/02\\\/cropped-logo-rond.png\",\"width\":1080,\"height\":1080,\"caption\":\"l&#039;\u00e9chapp\u00e9e close\"},\"image\":{\"@id\":\"http:\\\/\\\/lechappeeclose.it\\\/it\\\/#\\\/schema\\\/logo\\\/image\\\/\"},\"sameAs\":[\"https:\\\/\\\/www.instagram.com\\\/lechappeeclose\\\/\"]}]}<\/script>\n<!-- \/ Yoast SEO plugin. -->","yoast_head_json":{"title":"Les jours et les nuits - l&#039;\u00e9chapp\u00e9e close","robots":{"index":"index","follow":"follow","max-snippet":"max-snippet:-1","max-image-preview":"max-image-preview:large","max-video-preview":"max-video-preview:-1"},"canonical":"http:\/\/lechappeeclose.it\/it\/boutique\/livres\/litterature\/romans\/les-jours-et-les-nuits\/","og_locale":"it_IT","og_type":"article","og_title":"Les jours et les nuits - l&#039;\u00e9chapp\u00e9e close","og_description":"&#8220;Sengle, sa permission d\u00e9chir\u00e9e comme les autres, ne put sortir que le lendemain \u00e0 huit heures, il ne fallait pas penser prendre un train, devant l&#8217;adjudant de la gare, sans permission ; et en civil il aurait \u00e9t\u00e9 reconnu. Il \u00e9crivit et dormit surtout toute la journ\u00e9e devant le feu, dans la chambre aux volets [&hellip;]","og_url":"http:\/\/lechappeeclose.it\/it\/boutique\/livres\/litterature\/romans\/les-jours-et-les-nuits\/","og_site_name":"l&#039;\u00e9chapp\u00e9e close","og_image":[{"width":304,"height":475,"url":"http:\/\/lechappeeclose.it\/wp-content\/uploads\/2025\/02\/Les-jours-et-les-nuits.jpg","type":"image\/jpeg"}],"twitter_card":"summary_large_image","twitter_misc":{"Tempo di lettura stimato":"1 minuto"},"schema":{"@context":"https:\/\/schema.org","@graph":[{"@type":"WebPage","@id":"http:\/\/lechappeeclose.it\/it\/boutique\/livres\/litterature\/romans\/les-jours-et-les-nuits\/","url":"http:\/\/lechappeeclose.it\/it\/boutique\/livres\/litterature\/romans\/les-jours-et-les-nuits\/","name":"Les jours et les nuits - l&#039;\u00e9chapp\u00e9e close","isPartOf":{"@id":"http:\/\/lechappeeclose.it\/it\/#website"},"primaryImageOfPage":{"@id":"http:\/\/lechappeeclose.it\/it\/boutique\/livres\/litterature\/romans\/les-jours-et-les-nuits\/#primaryimage"},"image":{"@id":"http:\/\/lechappeeclose.it\/it\/boutique\/livres\/litterature\/romans\/les-jours-et-les-nuits\/#primaryimage"},"thumbnailUrl":"http:\/\/lechappeeclose.it\/wp-content\/uploads\/2025\/02\/Les-jours-et-les-nuits.jpg","datePublished":"2025-02-07T15:40:12+00:00","breadcrumb":{"@id":"http:\/\/lechappeeclose.it\/it\/boutique\/livres\/litterature\/romans\/les-jours-et-les-nuits\/#breadcrumb"},"inLanguage":"it-IT","potentialAction":[{"@type":"ReadAction","target":["http:\/\/lechappeeclose.it\/it\/boutique\/livres\/litterature\/romans\/les-jours-et-les-nuits\/"]}]},{"@type":"ImageObject","inLanguage":"it-IT","@id":"http:\/\/lechappeeclose.it\/it\/boutique\/livres\/litterature\/romans\/les-jours-et-les-nuits\/#primaryimage","url":"http:\/\/lechappeeclose.it\/wp-content\/uploads\/2025\/02\/Les-jours-et-les-nuits.jpg","contentUrl":"http:\/\/lechappeeclose.it\/wp-content\/uploads\/2025\/02\/Les-jours-et-les-nuits.jpg","width":304,"height":475},{"@type":"BreadcrumbList","@id":"http:\/\/lechappeeclose.it\/it\/boutique\/livres\/litterature\/romans\/les-jours-et-les-nuits\/#breadcrumb","itemListElement":[{"@type":"ListItem","position":1,"name":"Accueil","item":"http:\/\/lechappeeclose.it\/it\/"},{"@type":"ListItem","position":2,"name":"Boutique","item":"http:\/\/lechappeeclose.it\/it\/boutique\/"},{"@type":"ListItem","position":3,"name":"Les jours et les nuits"}]},{"@type":"WebSite","@id":"http:\/\/lechappeeclose.it\/it\/#website","url":"http:\/\/lechappeeclose.it\/it\/","name":"l&#039;\u00e9chapp\u00e9e close","description":"La libreria francese di Milano","publisher":{"@id":"http:\/\/lechappeeclose.it\/it\/#organization"},"alternateName":"La librairie fran\u00e7aise de Milan","potentialAction":[{"@type":"SearchAction","target":{"@type":"EntryPoint","urlTemplate":"http:\/\/lechappeeclose.it\/it\/?s={search_term_string}"},"query-input":{"@type":"PropertyValueSpecification","valueRequired":true,"valueName":"search_term_string"}}],"inLanguage":"it-IT"},{"@type":"Organization","@id":"http:\/\/lechappeeclose.it\/it\/#organization","name":"l&#039;\u00e9chapp\u00e9e close","url":"http:\/\/lechappeeclose.it\/it\/","logo":{"@type":"ImageObject","inLanguage":"it-IT","@id":"http:\/\/lechappeeclose.it\/it\/#\/schema\/logo\/image\/","url":"http:\/\/lechappeeclose.it\/wp-content\/uploads\/2025\/02\/cropped-logo-rond.png","contentUrl":"http:\/\/lechappeeclose.it\/wp-content\/uploads\/2025\/02\/cropped-logo-rond.png","width":1080,"height":1080,"caption":"l&#039;\u00e9chapp\u00e9e close"},"image":{"@id":"http:\/\/lechappeeclose.it\/it\/#\/schema\/logo\/image\/"},"sameAs":["https:\/\/www.instagram.com\/lechappeeclose\/"]}]}},"_links":{"self":[{"href":"http:\/\/lechappeeclose.it\/it\/wp-json\/wp\/v2\/product\/6683","targetHints":{"allow":["GET"]}}],"collection":[{"href":"http:\/\/lechappeeclose.it\/it\/wp-json\/wp\/v2\/product"}],"about":[{"href":"http:\/\/lechappeeclose.it\/it\/wp-json\/wp\/v2\/types\/product"}],"replies":[{"embeddable":true,"href":"http:\/\/lechappeeclose.it\/it\/wp-json\/wp\/v2\/comments?post=6683"}],"wp:featuredmedia":[{"embeddable":true,"href":"http:\/\/lechappeeclose.it\/it\/wp-json\/wp\/v2\/media\/6682"}],"wp:attachment":[{"href":"http:\/\/lechappeeclose.it\/it\/wp-json\/wp\/v2\/media?parent=6683"}],"wp:term":[{"taxonomy":"product_brand","embeddable":true,"href":"http:\/\/lechappeeclose.it\/it\/wp-json\/wp\/v2\/product_brand?post=6683"},{"taxonomy":"product_cat","embeddable":true,"href":"http:\/\/lechappeeclose.it\/it\/wp-json\/wp\/v2\/product_cat?post=6683"},{"taxonomy":"product_tag","embeddable":true,"href":"http:\/\/lechappeeclose.it\/it\/wp-json\/wp\/v2\/product_tag?post=6683"}],"curies":[{"name":"wp","href":"https:\/\/api.w.org\/{rel}","templated":true}]}}

<p>&#8220;Sengle, sa permission déchirée comme les autres, ne put sortir que le lendemain à huit heures, il ne fallait pas penser prendre un train, devant l&#8217;adjudant de la gare, sans permission ; et en civil il aurait été reconnu. Il écrivit et dormit surtout toute la journée devant le feu, dans la chambre aux volets fermés, sous des lampes, et sa valise ne resta pas faite, car il n&#8217;avait pas le courage d&#8217;attendre l&#8217;autre dimanche, et il lui fallait la liberté, même pas, la tranquillité de lire et de dormir, sans uniforme, plus vite&#8221;. Quelques mois après qu&#8217;Ubu roi, représenté au théâtre de l&#8217;Œuvre, a fait connaître le nom d&#8217;Alfred Jarry, Les jours et les nuits, roman d&#8217;un déserteur paraît au Mercure de France. Nous sommes en 1897 et l&#8217;affaire Dreyfus commence à diviser l&#8217;opinion. Aussi a-t-on pu voir dans Les jours et les nuits une oeuvre antimilitariste, attaquant plus spécialement la médecine militaire. Mais Sengle, le héros du livre, n&#8217;est pas un déserteur. Sa manière de déserter, c&#8217;est de se dédoubler, de devenir autre. Rêve et réalité alternent alors comme le jour et la nuit, jusqu&#8217;à une certaine folie.</p>

<p>&#8220;Sengle, sa permission déchirée comme les autres, ne put sortir que le lendemain à huit heures, il ne fallait pas penser prendre un train, devant l&#8217;adjudant de la gare, sans permission ; et en civil il aurait été reconnu. Il écrivit et dormit surtout toute la journée devant le feu, dans la chambre aux volets [&hellip;]</p>

<!-- This site is optimized with the Yoast SEO plugin v27.5 - https://yoast.com/product/yoast-seo-wordpress/ -->
<title>Les jours et les nuits - l&#039;échappée close</title>
<meta name="robots" content="index, follow, max-snippet:-1, max-image-preview:large, max-video-preview:-1" />
<link rel="canonical" href="http://lechappeeclose.it/it/boutique/livres/litterature/romans/les-jours-et-les-nuits/" />
<meta property="og:locale" content="it_IT" />
<meta property="og:type" content="article" />
<meta property="og:title" content="Les jours et les nuits - l&#039;échappée close" />
<meta property="og:description" content="&#8220;Sengle, sa permission déchirée comme les autres, ne put sortir que le lendemain à huit heures, il ne fallait pas penser prendre un train, devant l&#8217;adjudant de la gare, sans permission ; et en civil il aurait été reconnu. Il écrivit et dormit surtout toute la journée devant le feu, dans la chambre aux volets [&hellip;]" />
<meta property="og:url" content="http://lechappeeclose.it/it/boutique/livres/litterature/romans/les-jours-et-les-nuits/" />
<meta property="og:site_name" content="l&#039;échappée close" />
<meta property="og:image" content="http://lechappeeclose.it/wp-content/uploads/2025/02/Les-jours-et-les-nuits.jpg" />
	<meta property="og:image:width" content="304" />
	<meta property="og:image:height" content="475" />
	<meta property="og:image:type" content="image/jpeg" />
<meta name="twitter:card" content="summary_large_image" />
<meta name="twitter:label1" content="Tempo di lettura stimato" />
	<meta name="twitter:data1" content="1 minuto" />
<script type="application/ld+json" class="yoast-schema-graph">{"@context":"https:\/\/schema.org","@graph":[{"@type":"WebPage","@id":"http:\/\/lechappeeclose.it\/it\/boutique\/livres\/litterature\/romans\/les-jours-et-les-nuits\/","url":"http:\/\/lechappeeclose.it\/it\/boutique\/livres\/litterature\/romans\/les-jours-et-les-nuits\/","name":"Les jours et les nuits - l&#039;échappée close","isPartOf":{"@id":"http:\/\/lechappeeclose.it\/it\/#website"},"primaryImageOfPage":{"@id":"http:\/\/lechappeeclose.it\/it\/boutique\/livres\/litterature\/romans\/les-jours-et-les-nuits\/#primaryimage"},"image":{"@id":"http:\/\/lechappeeclose.it\/it\/boutique\/livres\/litterature\/romans\/les-jours-et-les-nuits\/#primaryimage"},"thumbnailUrl":"http:\/\/lechappeeclose.it\/wp-content\/uploads\/2025\/02\/Les-jours-et-les-nuits.jpg","datePublished":"2025-02-07T15:40:12+00:00","breadcrumb":{"@id":"http:\/\/lechappeeclose.it\/it\/boutique\/livres\/litterature\/romans\/les-jours-et-les-nuits\/#breadcrumb"},"inLanguage":"it-IT","potentialAction":[{"@type":"ReadAction","target":["http:\/\/lechappeeclose.it\/it\/boutique\/livres\/litterature\/romans\/les-jours-et-les-nuits\/"]}]},{"@type":"ImageObject","inLanguage":"it-IT","@id":"http:\/\/lechappeeclose.it\/it\/boutique\/livres\/litterature\/romans\/les-jours-et-les-nuits\/#primaryimage","url":"http:\/\/lechappeeclose.it\/wp-content\/uploads\/2025\/02\/Les-jours-et-les-nuits.jpg","contentUrl":"http:\/\/lechappeeclose.it\/wp-content\/uploads\/2025\/02\/Les-jours-et-les-nuits.jpg","width":304,"height":475},{"@type":"BreadcrumbList","@id":"http:\/\/lechappeeclose.it\/it\/boutique\/livres\/litterature\/romans\/les-jours-et-les-nuits\/#breadcrumb","itemListElement":[{"@type":"ListItem","position":1,"name":"Accueil","item":"http:\/\/lechappeeclose.it\/it\/"},{"@type":"ListItem","position":2,"name":"Boutique","item":"http:\/\/lechappeeclose.it\/it\/boutique\/"},{"@type":"ListItem","position":3,"name":"Les jours et les nuits"}]},{"@type":"WebSite","@id":"http:\/\/lechappeeclose.it\/it\/#website","url":"http:\/\/lechappeeclose.it\/it\/","name":"l&#039;échappée close","description":"la librairie française de Milan","publisher":{"@id":"http:\/\/lechappeeclose.it\/it\/#organization"},"alternateName":"La librairie française de Milan","potentialAction":[{"@type":"SearchAction","target":{"@type":"EntryPoint","urlTemplate":"http:\/\/lechappeeclose.it\/it\/?s={search_term_string}"},"query-input":{"@type":"PropertyValueSpecification","valueRequired":true,"valueName":"search_term_string"}}],"inLanguage":"it-IT"},{"@type":"Organization","@id":"http:\/\/lechappeeclose.it\/it\/#organization","name":"l&#039;échappée close","url":"http:\/\/lechappeeclose.it\/it\/","logo":{"@type":"ImageObject","inLanguage":"it-IT","@id":"http:\/\/lechappeeclose.it\/it\/#\/schema\/logo\/image\/","url":"http:\/\/lechappeeclose.it\/wp-content\/uploads\/2025\/02\/cropped-logo-rond.png","contentUrl":"http:\/\/lechappeeclose.it\/wp-content\/uploads\/2025\/02\/cropped-logo-rond.png","width":1080,"height":1080,"caption":"l&#039;échappée close"},"image":{"@id":"http:\/\/lechappeeclose.it\/it\/#\/schema\/logo\/image\/"},"sameAs":["https:\/\/www.instagram.com\/lechappeeclose\/"]}]}</script>
<!-- / Yoast SEO plugin. -->

Les jours et les nuits - l&#039;échappée close

&#8220;Sengle, sa permission déchirée comme les autres, ne put sortir que le lendemain à huit heures, il ne fallait pas penser prendre un train, devant l&#8217;adjudant de la gare, sans permission ; et en civil il aurait été reconnu. Il écrivit et dormit surtout toute la journée devant le feu, dans la chambre aux volets [&hellip;]

l&#039;échappée close

La librairie française de Milan
