{"id":4781,"date":"2025-02-04T12:29:11","date_gmt":"2025-02-04T11:29:11","guid":{"rendered":"https:\/\/lechappeeclose.it\/produit\/je-vais-bien-ne-ten-fais-pas\/"},"modified":"2025-02-19T18:04:31","modified_gmt":"2025-02-19T17:04:31","slug":"je-vais-bien-ne-ten-fais-pas","status":"publish","type":"product","link":"http:\/\/lechappeeclose.it\/it\/boutique\/livres\/litterature\/romans\/je-vais-bien-ne-ten-fais-pas\/","title":{"rendered":"Je vais bien, ne t&#8217;en fais pas"},"content":{"rendered":"<p>C&#8217;est le r\u00e9cit d&#8217;un drame familial, d&#8217;un cruel apprentissage de la vie et du monde du travail. C&#8217;est aussi un thriller psychologique : la disparition d&#8217;un \u00eatre cher, le quotidien entre loisir et travail \u00e0 la caisse du Shopi, et puis le suspense qui enveloppe ce trou noir, ce manque, voil\u00e0 les trois chemins que suit Claire, jeune fille tendre et fragile, affaiblie par l&#8217;absence de son fr\u00e8re. Un roman r\u00e9aliste aussi \u00e9tonnant qu&#8217;\u00e9mouvant sur la douleur de la s\u00e9paration.<\/p>","protected":false},"excerpt":{"rendered":"<p>C&#8217;est le r\u00e9cit d&#8217;un drame familial, d&#8217;un cruel apprentissage de la vie et du monde du travail. C&#8217;est aussi un thriller psychologique : la disparition d&#8217;un \u00eatre cher, le quotidien entre loisir et travail \u00e0 la caisse du Shopi, et puis le suspense qui enveloppe ce trou noir, ce manque, voil\u00e0 les trois chemins que [&hellip;]<\/p>","protected":false},"featured_media":4780,"comment_status":"open","ping_status":"closed","template":"","meta":[],"product_brand":[],"product_cat":[46],"product_tag":[],"class_list":{"0":"post-4781","1":"product","2":"type-product","3":"status-publish","4":"has-post-thumbnail","6":"product_cat-romans","8":"first","9":"instock","10":"taxable","11":"shipping-taxable","12":"purchasable","13":"product-type-simple"},"yoast_head":"<!-- This site is optimized with the Yoast SEO plugin v27.5 - https:\/\/yoast.com\/product\/yoast-seo-wordpress\/ -->\n<title>Je vais bien, ne t&#039;en fais pas - l&#039;\u00e9chapp\u00e9e close<\/title>\n<meta name=\"robots\" content=\"index, follow, max-snippet:-1, max-image-preview:large, max-video-preview:-1\" \/>\n<link rel=\"canonical\" href=\"https:\/\/lechappeeclose.it\/it\/boutique\/livres\/litterature\/romans\/je-vais-bien-ne-ten-fais-pas\/\" \/>\n<meta property=\"og:locale\" content=\"it_IT\" \/>\n<meta property=\"og:type\" content=\"article\" \/>\n<meta property=\"og:title\" content=\"Je vais bien, ne t&#039;en fais pas - l&#039;\u00e9chapp\u00e9e close\" \/>\n<meta property=\"og:description\" content=\"C&#8217;est le r\u00e9cit d&#8217;un drame familial, d&#8217;un cruel apprentissage de la vie et du monde du travail. C&#8217;est aussi un thriller psychologique : la disparition d&#8217;un \u00eatre cher, le quotidien entre loisir et travail \u00e0 la caisse du Shopi, et puis le suspense qui enveloppe ce trou noir, ce manque, voil\u00e0 les trois chemins que [&hellip;]\" \/>\n<meta property=\"og:url\" content=\"https:\/\/lechappeeclose.it\/it\/boutique\/livres\/litterature\/romans\/je-vais-bien-ne-ten-fais-pas\/\" \/>\n<meta property=\"og:site_name\" content=\"l&#039;\u00e9chapp\u00e9e close\" \/>\n<meta property=\"article:modified_time\" content=\"2025-02-19T17:04:31+00:00\" \/>\n<meta property=\"og:image\" content=\"https:\/\/lechappeeclose.it\/wp-content\/uploads\/2025\/02\/Je-vais-bien-ne-ten-fais-pas.jpg\" \/>\n\t<meta property=\"og:image:width\" content=\"318\" \/>\n\t<meta property=\"og:image:height\" content=\"318\" \/>\n\t<meta property=\"og:image:type\" content=\"image\/jpeg\" \/>\n<meta name=\"twitter:card\" content=\"summary_large_image\" \/>\n<script type=\"application\/ld+json\" class=\"yoast-schema-graph\">{\"@context\":\"https:\\\/\\\/schema.org\",\"@graph\":[{\"@type\":\"WebPage\",\"@id\":\"https:\\\/\\\/lechappeeclose.it\\\/it\\\/boutique\\\/livres\\\/litterature\\\/romans\\\/je-vais-bien-ne-ten-fais-pas\\\/\",\"url\":\"https:\\\/\\\/lechappeeclose.it\\\/it\\\/boutique\\\/livres\\\/litterature\\\/romans\\\/je-vais-bien-ne-ten-fais-pas\\\/\",\"name\":\"Je vais bien, ne t'en fais pas - l&#039;\u00e9chapp\u00e9e close\",\"isPartOf\":{\"@id\":\"http:\\\/\\\/lechappeeclose.it\\\/it\\\/#website\"},\"primaryImageOfPage\":{\"@id\":\"https:\\\/\\\/lechappeeclose.it\\\/it\\\/boutique\\\/livres\\\/litterature\\\/romans\\\/je-vais-bien-ne-ten-fais-pas\\\/#primaryimage\"},\"image\":{\"@id\":\"https:\\\/\\\/lechappeeclose.it\\\/it\\\/boutique\\\/livres\\\/litterature\\\/romans\\\/je-vais-bien-ne-ten-fais-pas\\\/#primaryimage\"},\"thumbnailUrl\":\"http:\\\/\\\/lechappeeclose.it\\\/wp-content\\\/uploads\\\/2025\\\/02\\\/Je-vais-bien-ne-ten-fais-pas.jpg\",\"datePublished\":\"2025-02-04T11:29:11+00:00\",\"dateModified\":\"2025-02-19T17:04:31+00:00\",\"breadcrumb\":{\"@id\":\"https:\\\/\\\/lechappeeclose.it\\\/it\\\/boutique\\\/livres\\\/litterature\\\/romans\\\/je-vais-bien-ne-ten-fais-pas\\\/#breadcrumb\"},\"inLanguage\":\"it-IT\",\"potentialAction\":[{\"@type\":\"ReadAction\",\"target\":[\"https:\\\/\\\/lechappeeclose.it\\\/it\\\/boutique\\\/livres\\\/litterature\\\/romans\\\/je-vais-bien-ne-ten-fais-pas\\\/\"]}]},{\"@type\":\"ImageObject\",\"inLanguage\":\"it-IT\",\"@id\":\"https:\\\/\\\/lechappeeclose.it\\\/it\\\/boutique\\\/livres\\\/litterature\\\/romans\\\/je-vais-bien-ne-ten-fais-pas\\\/#primaryimage\",\"url\":\"http:\\\/\\\/lechappeeclose.it\\\/wp-content\\\/uploads\\\/2025\\\/02\\\/Je-vais-bien-ne-ten-fais-pas.jpg\",\"contentUrl\":\"http:\\\/\\\/lechappeeclose.it\\\/wp-content\\\/uploads\\\/2025\\\/02\\\/Je-vais-bien-ne-ten-fais-pas.jpg\",\"width\":318,\"height\":318},{\"@type\":\"BreadcrumbList\",\"@id\":\"https:\\\/\\\/lechappeeclose.it\\\/it\\\/boutique\\\/livres\\\/litterature\\\/romans\\\/je-vais-bien-ne-ten-fais-pas\\\/#breadcrumb\",\"itemListElement\":[{\"@type\":\"ListItem\",\"position\":1,\"name\":\"Accueil\",\"item\":\"http:\\\/\\\/lechappeeclose.it\\\/it\\\/\"},{\"@type\":\"ListItem\",\"position\":2,\"name\":\"Boutique\",\"item\":\"http:\\\/\\\/lechappeeclose.it\\\/it\\\/boutique\\\/\"},{\"@type\":\"ListItem\",\"position\":3,\"name\":\"Je vais bien, ne t&#8217;en fais pas\"}]},{\"@type\":\"WebSite\",\"@id\":\"http:\\\/\\\/lechappeeclose.it\\\/it\\\/#website\",\"url\":\"http:\\\/\\\/lechappeeclose.it\\\/it\\\/\",\"name\":\"l&#039;\u00e9chapp\u00e9e close\",\"description\":\"la librairie fran\u00e7aise de Milan\",\"publisher\":{\"@id\":\"http:\\\/\\\/lechappeeclose.it\\\/it\\\/#organization\"},\"alternateName\":\"La librairie fran\u00e7aise de Milan\",\"potentialAction\":[{\"@type\":\"SearchAction\",\"target\":{\"@type\":\"EntryPoint\",\"urlTemplate\":\"http:\\\/\\\/lechappeeclose.it\\\/it\\\/?s={search_term_string}\"},\"query-input\":{\"@type\":\"PropertyValueSpecification\",\"valueRequired\":true,\"valueName\":\"search_term_string\"}}],\"inLanguage\":\"it-IT\"},{\"@type\":\"Organization\",\"@id\":\"http:\\\/\\\/lechappeeclose.it\\\/it\\\/#organization\",\"name\":\"l&#039;\u00e9chapp\u00e9e close\",\"url\":\"http:\\\/\\\/lechappeeclose.it\\\/it\\\/\",\"logo\":{\"@type\":\"ImageObject\",\"inLanguage\":\"it-IT\",\"@id\":\"http:\\\/\\\/lechappeeclose.it\\\/it\\\/#\\\/schema\\\/logo\\\/image\\\/\",\"url\":\"http:\\\/\\\/lechappeeclose.it\\\/wp-content\\\/uploads\\\/2025\\\/02\\\/cropped-logo-rond.png\",\"contentUrl\":\"http:\\\/\\\/lechappeeclose.it\\\/wp-content\\\/uploads\\\/2025\\\/02\\\/cropped-logo-rond.png\",\"width\":1080,\"height\":1080,\"caption\":\"l&#039;\u00e9chapp\u00e9e close\"},\"image\":{\"@id\":\"http:\\\/\\\/lechappeeclose.it\\\/it\\\/#\\\/schema\\\/logo\\\/image\\\/\"},\"sameAs\":[\"https:\\\/\\\/www.instagram.com\\\/lechappeeclose\\\/\"]}]}<\/script>\n<!-- \/ Yoast SEO plugin. -->","yoast_head_json":{"title":"Je vais bien, ne t'en fais pas - l&#039;\u00e9chapp\u00e9e close","robots":{"index":"index","follow":"follow","max-snippet":"max-snippet:-1","max-image-preview":"max-image-preview:large","max-video-preview":"max-video-preview:-1"},"canonical":"https:\/\/lechappeeclose.it\/it\/boutique\/livres\/litterature\/romans\/je-vais-bien-ne-ten-fais-pas\/","og_locale":"it_IT","og_type":"article","og_title":"Je vais bien, ne t'en fais pas - l&#039;\u00e9chapp\u00e9e close","og_description":"C&#8217;est le r\u00e9cit d&#8217;un drame familial, d&#8217;un cruel apprentissage de la vie et du monde du travail. C&#8217;est aussi un thriller psychologique : la disparition d&#8217;un \u00eatre cher, le quotidien entre loisir et travail \u00e0 la caisse du Shopi, et puis le suspense qui enveloppe ce trou noir, ce manque, voil\u00e0 les trois chemins que [&hellip;]","og_url":"https:\/\/lechappeeclose.it\/it\/boutique\/livres\/litterature\/romans\/je-vais-bien-ne-ten-fais-pas\/","og_site_name":"l&#039;\u00e9chapp\u00e9e close","article_modified_time":"2025-02-19T17:04:31+00:00","og_image":[{"width":318,"height":318,"url":"https:\/\/lechappeeclose.it\/wp-content\/uploads\/2025\/02\/Je-vais-bien-ne-ten-fais-pas.jpg","type":"image\/jpeg"}],"twitter_card":"summary_large_image","schema":{"@context":"https:\/\/schema.org","@graph":[{"@type":"WebPage","@id":"https:\/\/lechappeeclose.it\/it\/boutique\/livres\/litterature\/romans\/je-vais-bien-ne-ten-fais-pas\/","url":"https:\/\/lechappeeclose.it\/it\/boutique\/livres\/litterature\/romans\/je-vais-bien-ne-ten-fais-pas\/","name":"Je vais bien, ne t'en fais pas - l&#039;\u00e9chapp\u00e9e close","isPartOf":{"@id":"http:\/\/lechappeeclose.it\/it\/#website"},"primaryImageOfPage":{"@id":"https:\/\/lechappeeclose.it\/it\/boutique\/livres\/litterature\/romans\/je-vais-bien-ne-ten-fais-pas\/#primaryimage"},"image":{"@id":"https:\/\/lechappeeclose.it\/it\/boutique\/livres\/litterature\/romans\/je-vais-bien-ne-ten-fais-pas\/#primaryimage"},"thumbnailUrl":"http:\/\/lechappeeclose.it\/wp-content\/uploads\/2025\/02\/Je-vais-bien-ne-ten-fais-pas.jpg","datePublished":"2025-02-04T11:29:11+00:00","dateModified":"2025-02-19T17:04:31+00:00","breadcrumb":{"@id":"https:\/\/lechappeeclose.it\/it\/boutique\/livres\/litterature\/romans\/je-vais-bien-ne-ten-fais-pas\/#breadcrumb"},"inLanguage":"it-IT","potentialAction":[{"@type":"ReadAction","target":["https:\/\/lechappeeclose.it\/it\/boutique\/livres\/litterature\/romans\/je-vais-bien-ne-ten-fais-pas\/"]}]},{"@type":"ImageObject","inLanguage":"it-IT","@id":"https:\/\/lechappeeclose.it\/it\/boutique\/livres\/litterature\/romans\/je-vais-bien-ne-ten-fais-pas\/#primaryimage","url":"http:\/\/lechappeeclose.it\/wp-content\/uploads\/2025\/02\/Je-vais-bien-ne-ten-fais-pas.jpg","contentUrl":"http:\/\/lechappeeclose.it\/wp-content\/uploads\/2025\/02\/Je-vais-bien-ne-ten-fais-pas.jpg","width":318,"height":318},{"@type":"BreadcrumbList","@id":"https:\/\/lechappeeclose.it\/it\/boutique\/livres\/litterature\/romans\/je-vais-bien-ne-ten-fais-pas\/#breadcrumb","itemListElement":[{"@type":"ListItem","position":1,"name":"Accueil","item":"http:\/\/lechappeeclose.it\/it\/"},{"@type":"ListItem","position":2,"name":"Boutique","item":"http:\/\/lechappeeclose.it\/it\/boutique\/"},{"@type":"ListItem","position":3,"name":"Je vais bien, ne t&#8217;en fais pas"}]},{"@type":"WebSite","@id":"http:\/\/lechappeeclose.it\/it\/#website","url":"http:\/\/lechappeeclose.it\/it\/","name":"l&#039;\u00e9chapp\u00e9e close","description":"La libreria francese di Milano","publisher":{"@id":"http:\/\/lechappeeclose.it\/it\/#organization"},"alternateName":"La librairie fran\u00e7aise de Milan","potentialAction":[{"@type":"SearchAction","target":{"@type":"EntryPoint","urlTemplate":"http:\/\/lechappeeclose.it\/it\/?s={search_term_string}"},"query-input":{"@type":"PropertyValueSpecification","valueRequired":true,"valueName":"search_term_string"}}],"inLanguage":"it-IT"},{"@type":"Organization","@id":"http:\/\/lechappeeclose.it\/it\/#organization","name":"l&#039;\u00e9chapp\u00e9e close","url":"http:\/\/lechappeeclose.it\/it\/","logo":{"@type":"ImageObject","inLanguage":"it-IT","@id":"http:\/\/lechappeeclose.it\/it\/#\/schema\/logo\/image\/","url":"http:\/\/lechappeeclose.it\/wp-content\/uploads\/2025\/02\/cropped-logo-rond.png","contentUrl":"http:\/\/lechappeeclose.it\/wp-content\/uploads\/2025\/02\/cropped-logo-rond.png","width":1080,"height":1080,"caption":"l&#039;\u00e9chapp\u00e9e close"},"image":{"@id":"http:\/\/lechappeeclose.it\/it\/#\/schema\/logo\/image\/"},"sameAs":["https:\/\/www.instagram.com\/lechappeeclose\/"]}]}},"_links":{"self":[{"href":"http:\/\/lechappeeclose.it\/it\/wp-json\/wp\/v2\/product\/4781","targetHints":{"allow":["GET"]}}],"collection":[{"href":"http:\/\/lechappeeclose.it\/it\/wp-json\/wp\/v2\/product"}],"about":[{"href":"http:\/\/lechappeeclose.it\/it\/wp-json\/wp\/v2\/types\/product"}],"replies":[{"embeddable":true,"href":"http:\/\/lechappeeclose.it\/it\/wp-json\/wp\/v2\/comments?post=4781"}],"wp:featuredmedia":[{"embeddable":true,"href":"http:\/\/lechappeeclose.it\/it\/wp-json\/wp\/v2\/media\/4780"}],"wp:attachment":[{"href":"http:\/\/lechappeeclose.it\/it\/wp-json\/wp\/v2\/media?parent=4781"}],"wp:term":[{"taxonomy":"product_brand","embeddable":true,"href":"http:\/\/lechappeeclose.it\/it\/wp-json\/wp\/v2\/product_brand?post=4781"},{"taxonomy":"product_cat","embeddable":true,"href":"http:\/\/lechappeeclose.it\/it\/wp-json\/wp\/v2\/product_cat?post=4781"},{"taxonomy":"product_tag","embeddable":true,"href":"http:\/\/lechappeeclose.it\/it\/wp-json\/wp\/v2\/product_tag?post=4781"}],"curies":[{"name":"wp","href":"https:\/\/api.w.org\/{rel}","templated":true}]}}

<p>C&#8217;est le récit d&#8217;un drame familial, d&#8217;un cruel apprentissage de la vie et du monde du travail. C&#8217;est aussi un thriller psychologique : la disparition d&#8217;un être cher, le quotidien entre loisir et travail à la caisse du Shopi, et puis le suspense qui enveloppe ce trou noir, ce manque, voilà les trois chemins que suit Claire, jeune fille tendre et fragile, affaiblie par l&#8217;absence de son frère. Un roman réaliste aussi étonnant qu&#8217;émouvant sur la douleur de la séparation.</p>

<p>C&#8217;est le récit d&#8217;un drame familial, d&#8217;un cruel apprentissage de la vie et du monde du travail. C&#8217;est aussi un thriller psychologique : la disparition d&#8217;un être cher, le quotidien entre loisir et travail à la caisse du Shopi, et puis le suspense qui enveloppe ce trou noir, ce manque, voilà les trois chemins que [&hellip;]</p>

<!-- This site is optimized with the Yoast SEO plugin v27.5 - https://yoast.com/product/yoast-seo-wordpress/ -->
<title>Je vais bien, ne t&#039;en fais pas - l&#039;échappée close</title>
<meta name="robots" content="index, follow, max-snippet:-1, max-image-preview:large, max-video-preview:-1" />
<link rel="canonical" href="https://lechappeeclose.it/it/boutique/livres/litterature/romans/je-vais-bien-ne-ten-fais-pas/" />
<meta property="og:locale" content="it_IT" />
<meta property="og:type" content="article" />
<meta property="og:title" content="Je vais bien, ne t&#039;en fais pas - l&#039;échappée close" />
<meta property="og:description" content="C&#8217;est le récit d&#8217;un drame familial, d&#8217;un cruel apprentissage de la vie et du monde du travail. C&#8217;est aussi un thriller psychologique : la disparition d&#8217;un être cher, le quotidien entre loisir et travail à la caisse du Shopi, et puis le suspense qui enveloppe ce trou noir, ce manque, voilà les trois chemins que [&hellip;]" />
<meta property="og:url" content="https://lechappeeclose.it/it/boutique/livres/litterature/romans/je-vais-bien-ne-ten-fais-pas/" />
<meta property="og:site_name" content="l&#039;échappée close" />
<meta property="article:modified_time" content="2025-02-19T17:04:31+00:00" />
<meta property="og:image" content="https://lechappeeclose.it/wp-content/uploads/2025/02/Je-vais-bien-ne-ten-fais-pas.jpg" />
	<meta property="og:image:width" content="318" />
	<meta property="og:image:height" content="318" />
	<meta property="og:image:type" content="image/jpeg" />
<meta name="twitter:card" content="summary_large_image" />
<script type="application/ld+json" class="yoast-schema-graph">{"@context":"https:\/\/schema.org","@graph":[{"@type":"WebPage","@id":"https:\/\/lechappeeclose.it\/it\/boutique\/livres\/litterature\/romans\/je-vais-bien-ne-ten-fais-pas\/","url":"https:\/\/lechappeeclose.it\/it\/boutique\/livres\/litterature\/romans\/je-vais-bien-ne-ten-fais-pas\/","name":"Je vais bien, ne t'en fais pas - l&#039;échappée close","isPartOf":{"@id":"http:\/\/lechappeeclose.it\/it\/#website"},"primaryImageOfPage":{"@id":"https:\/\/lechappeeclose.it\/it\/boutique\/livres\/litterature\/romans\/je-vais-bien-ne-ten-fais-pas\/#primaryimage"},"image":{"@id":"https:\/\/lechappeeclose.it\/it\/boutique\/livres\/litterature\/romans\/je-vais-bien-ne-ten-fais-pas\/#primaryimage"},"thumbnailUrl":"http:\/\/lechappeeclose.it\/wp-content\/uploads\/2025\/02\/Je-vais-bien-ne-ten-fais-pas.jpg","datePublished":"2025-02-04T11:29:11+00:00","dateModified":"2025-02-19T17:04:31+00:00","breadcrumb":{"@id":"https:\/\/lechappeeclose.it\/it\/boutique\/livres\/litterature\/romans\/je-vais-bien-ne-ten-fais-pas\/#breadcrumb"},"inLanguage":"it-IT","potentialAction":[{"@type":"ReadAction","target":["https:\/\/lechappeeclose.it\/it\/boutique\/livres\/litterature\/romans\/je-vais-bien-ne-ten-fais-pas\/"]}]},{"@type":"ImageObject","inLanguage":"it-IT","@id":"https:\/\/lechappeeclose.it\/it\/boutique\/livres\/litterature\/romans\/je-vais-bien-ne-ten-fais-pas\/#primaryimage","url":"http:\/\/lechappeeclose.it\/wp-content\/uploads\/2025\/02\/Je-vais-bien-ne-ten-fais-pas.jpg","contentUrl":"http:\/\/lechappeeclose.it\/wp-content\/uploads\/2025\/02\/Je-vais-bien-ne-ten-fais-pas.jpg","width":318,"height":318},{"@type":"BreadcrumbList","@id":"https:\/\/lechappeeclose.it\/it\/boutique\/livres\/litterature\/romans\/je-vais-bien-ne-ten-fais-pas\/#breadcrumb","itemListElement":[{"@type":"ListItem","position":1,"name":"Accueil","item":"http:\/\/lechappeeclose.it\/it\/"},{"@type":"ListItem","position":2,"name":"Boutique","item":"http:\/\/lechappeeclose.it\/it\/boutique\/"},{"@type":"ListItem","position":3,"name":"Je vais bien, ne t&#8217;en fais pas"}]},{"@type":"WebSite","@id":"http:\/\/lechappeeclose.it\/it\/#website","url":"http:\/\/lechappeeclose.it\/it\/","name":"l&#039;échappée close","description":"la librairie française de Milan","publisher":{"@id":"http:\/\/lechappeeclose.it\/it\/#organization"},"alternateName":"La librairie française de Milan","potentialAction":[{"@type":"SearchAction","target":{"@type":"EntryPoint","urlTemplate":"http:\/\/lechappeeclose.it\/it\/?s={search_term_string}"},"query-input":{"@type":"PropertyValueSpecification","valueRequired":true,"valueName":"search_term_string"}}],"inLanguage":"it-IT"},{"@type":"Organization","@id":"http:\/\/lechappeeclose.it\/it\/#organization","name":"l&#039;échappée close","url":"http:\/\/lechappeeclose.it\/it\/","logo":{"@type":"ImageObject","inLanguage":"it-IT","@id":"http:\/\/lechappeeclose.it\/it\/#\/schema\/logo\/image\/","url":"http:\/\/lechappeeclose.it\/wp-content\/uploads\/2025\/02\/cropped-logo-rond.png","contentUrl":"http:\/\/lechappeeclose.it\/wp-content\/uploads\/2025\/02\/cropped-logo-rond.png","width":1080,"height":1080,"caption":"l&#039;échappée close"},"image":{"@id":"http:\/\/lechappeeclose.it\/it\/#\/schema\/logo\/image\/"},"sameAs":["https:\/\/www.instagram.com\/lechappeeclose\/"]}]}</script>
<!-- / Yoast SEO plugin. -->

Je vais bien, ne t'en fais pas - l&#039;échappée close

C&#8217;est le récit d&#8217;un drame familial, d&#8217;un cruel apprentissage de la vie et du monde du travail. C&#8217;est aussi un thriller psychologique : la disparition d&#8217;un être cher, le quotidien entre loisir et travail à la caisse du Shopi, et puis le suspense qui enveloppe ce trou noir, ce manque, voilà les trois chemins que [&hellip;]

l&#039;échappée close

La librairie française de Milan
