{"id":4000,"date":"2025-01-31T11:17:53","date_gmt":"2025-01-31T10:17:53","guid":{"rendered":"https:\/\/lechappeeclose.it\/produit\/les-derniers-jours-des-fauves\/"},"modified":"2025-10-17T18:50:46","modified_gmt":"2025-10-17T16:50:46","slug":"les-derniers-jours-des-fauves","status":"publish","type":"product","link":"http:\/\/lechappeeclose.it\/it\/boutique\/livres\/litterature\/polars\/les-derniers-jours-des-fauves\/","title":{"rendered":"Les Derniers Jours des fauves"},"content":{"rendered":"<p>Nathalie S\u00e9chard, celle qui incarna l\u2019espoir de renouveau \u00e0 la t\u00eate de l\u2019\u00c9tat, a d\u00e9cid\u00e9 de jeter l\u2019\u00e9ponge et de ne pas briguer un second mandat. La succession pr\u00e9sidentielle est ouverte. Au sein du gouvernement commence alors un jeu sans piti\u00e9. Dans une France \u00e9puis\u00e9e par deux ans de combats contre la pand\u00e9mie, les antivaxs manifestent, les forces de police font appliquer un confinement drastique, les \u00e9meutes se multiplient. Le chaos s\u2019installe. Et Clio, vingt ans, normalienne d\u2019ultragauche, fille d\u2019un pr\u00e9tendant \u00e0 la pr\u00e9sidence, devient une cible&#8230; Ma\u00eetre incontest\u00e9 du genre,\u00a0J\u00e9r\u00f4me Leroy\u00a0nous offre avec ce roman noir la plus brillante et la plus percutante des fictions politiques. De secrets en assassinats, il nous raconte les rouages de l\u2019implacable machine du pouvoir.<\/p>","protected":false},"excerpt":{"rendered":"<p>Nathalie S\u00e9chard, celle qui incarna l\u2019espoir de renouveau \u00e0 la t\u00eate de l\u2019\u00c9tat, a d\u00e9cid\u00e9 de jeter l\u2019\u00e9ponge et de ne pas briguer un second mandat. La succession pr\u00e9sidentielle est ouverte. Au sein du gouvernement commence alors un jeu sans piti\u00e9. Dans une France \u00e9puis\u00e9e par deux ans de combats contre la pand\u00e9mie, les antivaxs [&hellip;]<\/p>","protected":false},"featured_media":3999,"comment_status":"open","ping_status":"closed","template":"","meta":[],"product_brand":[],"product_cat":[47],"product_tag":[],"class_list":{"0":"post-4000","1":"product","2":"type-product","3":"status-publish","4":"has-post-thumbnail","6":"product_cat-polars","8":"first","9":"onbackorder","10":"taxable","11":"shipping-taxable","12":"purchasable","13":"product-type-simple"},"yoast_head":"<!-- This site is optimized with the Yoast SEO plugin v27.5 - https:\/\/yoast.com\/product\/yoast-seo-wordpress\/ -->\n<title>Les Derniers Jours des fauves - l&#039;\u00e9chapp\u00e9e close<\/title>\n<meta name=\"robots\" content=\"index, follow, max-snippet:-1, max-image-preview:large, max-video-preview:-1\" \/>\n<link rel=\"canonical\" href=\"https:\/\/lechappeeclose.it\/it\/boutique\/livres\/litterature\/polars\/les-derniers-jours-des-fauves\/\" \/>\n<meta property=\"og:locale\" content=\"it_IT\" \/>\n<meta property=\"og:type\" content=\"article\" \/>\n<meta property=\"og:title\" content=\"Les Derniers Jours des fauves - l&#039;\u00e9chapp\u00e9e close\" \/>\n<meta property=\"og:description\" content=\"Nathalie S\u00e9chard, celle qui incarna l\u2019espoir de renouveau \u00e0 la t\u00eate de l\u2019\u00c9tat, a d\u00e9cid\u00e9 de jeter l\u2019\u00e9ponge et de ne pas briguer un second mandat. La succession pr\u00e9sidentielle est ouverte. Au sein du gouvernement commence alors un jeu sans piti\u00e9. Dans une France \u00e9puis\u00e9e par deux ans de combats contre la pand\u00e9mie, les antivaxs [&hellip;]\" \/>\n<meta property=\"og:url\" content=\"https:\/\/lechappeeclose.it\/it\/boutique\/livres\/litterature\/polars\/les-derniers-jours-des-fauves\/\" \/>\n<meta property=\"og:site_name\" content=\"l&#039;\u00e9chapp\u00e9e close\" \/>\n<meta property=\"article:modified_time\" content=\"2025-10-17T16:50:46+00:00\" \/>\n<meta property=\"og:image\" content=\"https:\/\/lechappeeclose.it\/wp-content\/uploads\/2025\/01\/Les-Derniers-Jours-des-fauves.jpg\" \/>\n\t<meta property=\"og:image:width\" content=\"349\" \/>\n\t<meta property=\"og:image:height\" content=\"500\" \/>\n\t<meta property=\"og:image:type\" content=\"image\/jpeg\" \/>\n<meta name=\"twitter:card\" content=\"summary_large_image\" \/>\n<meta name=\"twitter:label1\" content=\"Tempo di lettura stimato\" \/>\n\t<meta name=\"twitter:data1\" content=\"1 minuto\" \/>\n<script type=\"application\/ld+json\" class=\"yoast-schema-graph\">{\"@context\":\"https:\\\/\\\/schema.org\",\"@graph\":[{\"@type\":\"WebPage\",\"@id\":\"https:\\\/\\\/lechappeeclose.it\\\/boutique\\\/livres\\\/litterature\\\/polars\\\/les-derniers-jours-des-fauves\\\/\",\"url\":\"https:\\\/\\\/lechappeeclose.it\\\/boutique\\\/livres\\\/litterature\\\/polars\\\/les-derniers-jours-des-fauves\\\/\",\"name\":\"Les Derniers Jours des fauves - l&#039;\u00e9chapp\u00e9e close\",\"isPartOf\":{\"@id\":\"http:\\\/\\\/lechappeeclose.it\\\/#website\"},\"primaryImageOfPage\":{\"@id\":\"https:\\\/\\\/lechappeeclose.it\\\/boutique\\\/livres\\\/litterature\\\/polars\\\/les-derniers-jours-des-fauves\\\/#primaryimage\"},\"image\":{\"@id\":\"https:\\\/\\\/lechappeeclose.it\\\/boutique\\\/livres\\\/litterature\\\/polars\\\/les-derniers-jours-des-fauves\\\/#primaryimage\"},\"thumbnailUrl\":\"http:\\\/\\\/lechappeeclose.it\\\/wp-content\\\/uploads\\\/2025\\\/01\\\/Les-Derniers-Jours-des-fauves.jpg\",\"datePublished\":\"2025-01-31T10:17:53+00:00\",\"dateModified\":\"2025-10-17T16:50:46+00:00\",\"breadcrumb\":{\"@id\":\"https:\\\/\\\/lechappeeclose.it\\\/boutique\\\/livres\\\/litterature\\\/polars\\\/les-derniers-jours-des-fauves\\\/#breadcrumb\"},\"inLanguage\":\"it-IT\",\"potentialAction\":[{\"@type\":\"ReadAction\",\"target\":[\"https:\\\/\\\/lechappeeclose.it\\\/boutique\\\/livres\\\/litterature\\\/polars\\\/les-derniers-jours-des-fauves\\\/\"]}]},{\"@type\":\"ImageObject\",\"inLanguage\":\"it-IT\",\"@id\":\"https:\\\/\\\/lechappeeclose.it\\\/boutique\\\/livres\\\/litterature\\\/polars\\\/les-derniers-jours-des-fauves\\\/#primaryimage\",\"url\":\"http:\\\/\\\/lechappeeclose.it\\\/wp-content\\\/uploads\\\/2025\\\/01\\\/Les-Derniers-Jours-des-fauves.jpg\",\"contentUrl\":\"http:\\\/\\\/lechappeeclose.it\\\/wp-content\\\/uploads\\\/2025\\\/01\\\/Les-Derniers-Jours-des-fauves.jpg\",\"width\":349,\"height\":500},{\"@type\":\"BreadcrumbList\",\"@id\":\"https:\\\/\\\/lechappeeclose.it\\\/boutique\\\/livres\\\/litterature\\\/polars\\\/les-derniers-jours-des-fauves\\\/#breadcrumb\",\"itemListElement\":[{\"@type\":\"ListItem\",\"position\":1,\"name\":\"Accueil\",\"item\":\"http:\\\/\\\/lechappeeclose.it\\\/\"},{\"@type\":\"ListItem\",\"position\":2,\"name\":\"Boutique\",\"item\":\"http:\\\/\\\/lechappeeclose.it\\\/it\\\/boutique\\\/\"},{\"@type\":\"ListItem\",\"position\":3,\"name\":\"Les Derniers Jours des fauves\"}]},{\"@type\":\"WebSite\",\"@id\":\"http:\\\/\\\/lechappeeclose.it\\\/#website\",\"url\":\"http:\\\/\\\/lechappeeclose.it\\\/\",\"name\":\"l&#039;\u00e9chapp\u00e9e close\",\"description\":\"la librairie fran\u00e7aise de Milan\",\"publisher\":{\"@id\":\"http:\\\/\\\/lechappeeclose.it\\\/#organization\"},\"alternateName\":\"La librairie fran\u00e7aise de Milan\",\"potentialAction\":[{\"@type\":\"SearchAction\",\"target\":{\"@type\":\"EntryPoint\",\"urlTemplate\":\"http:\\\/\\\/lechappeeclose.it\\\/?s={search_term_string}\"},\"query-input\":{\"@type\":\"PropertyValueSpecification\",\"valueRequired\":true,\"valueName\":\"search_term_string\"}}],\"inLanguage\":\"it-IT\"},{\"@type\":\"Organization\",\"@id\":\"http:\\\/\\\/lechappeeclose.it\\\/#organization\",\"name\":\"l&#039;\u00e9chapp\u00e9e close\",\"url\":\"http:\\\/\\\/lechappeeclose.it\\\/\",\"logo\":{\"@type\":\"ImageObject\",\"inLanguage\":\"it-IT\",\"@id\":\"http:\\\/\\\/lechappeeclose.it\\\/#\\\/schema\\\/logo\\\/image\\\/\",\"url\":\"http:\\\/\\\/lechappeeclose.it\\\/wp-content\\\/uploads\\\/2025\\\/02\\\/cropped-logo-rond.png\",\"contentUrl\":\"http:\\\/\\\/lechappeeclose.it\\\/wp-content\\\/uploads\\\/2025\\\/02\\\/cropped-logo-rond.png\",\"width\":1080,\"height\":1080,\"caption\":\"l&#039;\u00e9chapp\u00e9e close\"},\"image\":{\"@id\":\"http:\\\/\\\/lechappeeclose.it\\\/#\\\/schema\\\/logo\\\/image\\\/\"},\"sameAs\":[\"https:\\\/\\\/www.instagram.com\\\/lechappeeclose\\\/\"]}]}<\/script>\n<!-- \/ Yoast SEO plugin. -->","yoast_head_json":{"title":"Les Derniers Jours des fauves - l&#039;\u00e9chapp\u00e9e close","robots":{"index":"index","follow":"follow","max-snippet":"max-snippet:-1","max-image-preview":"max-image-preview:large","max-video-preview":"max-video-preview:-1"},"canonical":"https:\/\/lechappeeclose.it\/it\/boutique\/livres\/litterature\/polars\/les-derniers-jours-des-fauves\/","og_locale":"it_IT","og_type":"article","og_title":"Les Derniers Jours des fauves - l&#039;\u00e9chapp\u00e9e close","og_description":"Nathalie S\u00e9chard, celle qui incarna l\u2019espoir de renouveau \u00e0 la t\u00eate de l\u2019\u00c9tat, a d\u00e9cid\u00e9 de jeter l\u2019\u00e9ponge et de ne pas briguer un second mandat. La succession pr\u00e9sidentielle est ouverte. Au sein du gouvernement commence alors un jeu sans piti\u00e9. Dans une France \u00e9puis\u00e9e par deux ans de combats contre la pand\u00e9mie, les antivaxs [&hellip;]","og_url":"https:\/\/lechappeeclose.it\/it\/boutique\/livres\/litterature\/polars\/les-derniers-jours-des-fauves\/","og_site_name":"l&#039;\u00e9chapp\u00e9e close","article_modified_time":"2025-10-17T16:50:46+00:00","og_image":[{"width":349,"height":500,"url":"https:\/\/lechappeeclose.it\/wp-content\/uploads\/2025\/01\/Les-Derniers-Jours-des-fauves.jpg","type":"image\/jpeg"}],"twitter_card":"summary_large_image","twitter_misc":{"Tempo di lettura stimato":"1 minuto"},"schema":{"@context":"https:\/\/schema.org","@graph":[{"@type":"WebPage","@id":"https:\/\/lechappeeclose.it\/boutique\/livres\/litterature\/polars\/les-derniers-jours-des-fauves\/","url":"https:\/\/lechappeeclose.it\/boutique\/livres\/litterature\/polars\/les-derniers-jours-des-fauves\/","name":"Les Derniers Jours des fauves - l&#039;\u00e9chapp\u00e9e close","isPartOf":{"@id":"http:\/\/lechappeeclose.it\/#website"},"primaryImageOfPage":{"@id":"https:\/\/lechappeeclose.it\/boutique\/livres\/litterature\/polars\/les-derniers-jours-des-fauves\/#primaryimage"},"image":{"@id":"https:\/\/lechappeeclose.it\/boutique\/livres\/litterature\/polars\/les-derniers-jours-des-fauves\/#primaryimage"},"thumbnailUrl":"http:\/\/lechappeeclose.it\/wp-content\/uploads\/2025\/01\/Les-Derniers-Jours-des-fauves.jpg","datePublished":"2025-01-31T10:17:53+00:00","dateModified":"2025-10-17T16:50:46+00:00","breadcrumb":{"@id":"https:\/\/lechappeeclose.it\/boutique\/livres\/litterature\/polars\/les-derniers-jours-des-fauves\/#breadcrumb"},"inLanguage":"it-IT","potentialAction":[{"@type":"ReadAction","target":["https:\/\/lechappeeclose.it\/boutique\/livres\/litterature\/polars\/les-derniers-jours-des-fauves\/"]}]},{"@type":"ImageObject","inLanguage":"it-IT","@id":"https:\/\/lechappeeclose.it\/boutique\/livres\/litterature\/polars\/les-derniers-jours-des-fauves\/#primaryimage","url":"http:\/\/lechappeeclose.it\/wp-content\/uploads\/2025\/01\/Les-Derniers-Jours-des-fauves.jpg","contentUrl":"http:\/\/lechappeeclose.it\/wp-content\/uploads\/2025\/01\/Les-Derniers-Jours-des-fauves.jpg","width":349,"height":500},{"@type":"BreadcrumbList","@id":"https:\/\/lechappeeclose.it\/boutique\/livres\/litterature\/polars\/les-derniers-jours-des-fauves\/#breadcrumb","itemListElement":[{"@type":"ListItem","position":1,"name":"Accueil","item":"http:\/\/lechappeeclose.it\/"},{"@type":"ListItem","position":2,"name":"Boutique","item":"http:\/\/lechappeeclose.it\/it\/boutique\/"},{"@type":"ListItem","position":3,"name":"Les Derniers Jours des fauves"}]},{"@type":"WebSite","@id":"http:\/\/lechappeeclose.it\/#website","url":"http:\/\/lechappeeclose.it\/","name":"l&#039;\u00e9chapp\u00e9e close","description":"La libreria francese di Milano","publisher":{"@id":"http:\/\/lechappeeclose.it\/#organization"},"alternateName":"La librairie fran\u00e7aise de Milan","potentialAction":[{"@type":"SearchAction","target":{"@type":"EntryPoint","urlTemplate":"http:\/\/lechappeeclose.it\/?s={search_term_string}"},"query-input":{"@type":"PropertyValueSpecification","valueRequired":true,"valueName":"search_term_string"}}],"inLanguage":"it-IT"},{"@type":"Organization","@id":"http:\/\/lechappeeclose.it\/#organization","name":"l&#039;\u00e9chapp\u00e9e close","url":"http:\/\/lechappeeclose.it\/","logo":{"@type":"ImageObject","inLanguage":"it-IT","@id":"http:\/\/lechappeeclose.it\/#\/schema\/logo\/image\/","url":"http:\/\/lechappeeclose.it\/wp-content\/uploads\/2025\/02\/cropped-logo-rond.png","contentUrl":"http:\/\/lechappeeclose.it\/wp-content\/uploads\/2025\/02\/cropped-logo-rond.png","width":1080,"height":1080,"caption":"l&#039;\u00e9chapp\u00e9e close"},"image":{"@id":"http:\/\/lechappeeclose.it\/#\/schema\/logo\/image\/"},"sameAs":["https:\/\/www.instagram.com\/lechappeeclose\/"]}]}},"_links":{"self":[{"href":"http:\/\/lechappeeclose.it\/it\/wp-json\/wp\/v2\/product\/4000","targetHints":{"allow":["GET"]}}],"collection":[{"href":"http:\/\/lechappeeclose.it\/it\/wp-json\/wp\/v2\/product"}],"about":[{"href":"http:\/\/lechappeeclose.it\/it\/wp-json\/wp\/v2\/types\/product"}],"replies":[{"embeddable":true,"href":"http:\/\/lechappeeclose.it\/it\/wp-json\/wp\/v2\/comments?post=4000"}],"wp:featuredmedia":[{"embeddable":true,"href":"http:\/\/lechappeeclose.it\/it\/wp-json\/wp\/v2\/media\/3999"}],"wp:attachment":[{"href":"http:\/\/lechappeeclose.it\/it\/wp-json\/wp\/v2\/media?parent=4000"}],"wp:term":[{"taxonomy":"product_brand","embeddable":true,"href":"http:\/\/lechappeeclose.it\/it\/wp-json\/wp\/v2\/product_brand?post=4000"},{"taxonomy":"product_cat","embeddable":true,"href":"http:\/\/lechappeeclose.it\/it\/wp-json\/wp\/v2\/product_cat?post=4000"},{"taxonomy":"product_tag","embeddable":true,"href":"http:\/\/lechappeeclose.it\/it\/wp-json\/wp\/v2\/product_tag?post=4000"}],"curies":[{"name":"wp","href":"https:\/\/api.w.org\/{rel}","templated":true}]}}

<p>Nathalie Séchard, celle qui incarna l’espoir de renouveau à la tête de l’État, a décidé de jeter l’éponge et de ne pas briguer un second mandat. La succession présidentielle est ouverte. Au sein du gouvernement commence alors un jeu sans pitié. Dans une France épuisée par deux ans de combats contre la pandémie, les antivaxs manifestent, les forces de police font appliquer un confinement drastique, les émeutes se multiplient. Le chaos s’installe. Et Clio, vingt ans, normalienne d’ultragauche, fille d’un prétendant à la présidence, devient une cible&#8230; Maître incontesté du genre, Jérôme Leroy nous offre avec ce roman noir la plus brillante et la plus percutante des fictions politiques. De secrets en assassinats, il nous raconte les rouages de l’implacable machine du pouvoir.</p>

<p>Nathalie Séchard, celle qui incarna l’espoir de renouveau à la tête de l’État, a décidé de jeter l’éponge et de ne pas briguer un second mandat. La succession présidentielle est ouverte. Au sein du gouvernement commence alors un jeu sans pitié. Dans une France épuisée par deux ans de combats contre la pandémie, les antivaxs [&hellip;]</p>

<!-- This site is optimized with the Yoast SEO plugin v27.5 - https://yoast.com/product/yoast-seo-wordpress/ -->
<title>Les Derniers Jours des fauves - l&#039;échappée close</title>
<meta name="robots" content="index, follow, max-snippet:-1, max-image-preview:large, max-video-preview:-1" />
<link rel="canonical" href="https://lechappeeclose.it/it/boutique/livres/litterature/polars/les-derniers-jours-des-fauves/" />
<meta property="og:locale" content="it_IT" />
<meta property="og:type" content="article" />
<meta property="og:title" content="Les Derniers Jours des fauves - l&#039;échappée close" />
<meta property="og:description" content="Nathalie Séchard, celle qui incarna l’espoir de renouveau à la tête de l’État, a décidé de jeter l’éponge et de ne pas briguer un second mandat. La succession présidentielle est ouverte. Au sein du gouvernement commence alors un jeu sans pitié. Dans une France épuisée par deux ans de combats contre la pandémie, les antivaxs [&hellip;]" />
<meta property="og:url" content="https://lechappeeclose.it/it/boutique/livres/litterature/polars/les-derniers-jours-des-fauves/" />
<meta property="og:site_name" content="l&#039;échappée close" />
<meta property="article:modified_time" content="2025-10-17T16:50:46+00:00" />
<meta property="og:image" content="https://lechappeeclose.it/wp-content/uploads/2025/01/Les-Derniers-Jours-des-fauves.jpg" />
	<meta property="og:image:width" content="349" />
	<meta property="og:image:height" content="500" />
	<meta property="og:image:type" content="image/jpeg" />
<meta name="twitter:card" content="summary_large_image" />
<meta name="twitter:label1" content="Tempo di lettura stimato" />
	<meta name="twitter:data1" content="1 minuto" />
<script type="application/ld+json" class="yoast-schema-graph">{"@context":"https:\/\/schema.org","@graph":[{"@type":"WebPage","@id":"https:\/\/lechappeeclose.it\/boutique\/livres\/litterature\/polars\/les-derniers-jours-des-fauves\/","url":"https:\/\/lechappeeclose.it\/boutique\/livres\/litterature\/polars\/les-derniers-jours-des-fauves\/","name":"Les Derniers Jours des fauves - l&#039;échappée close","isPartOf":{"@id":"http:\/\/lechappeeclose.it\/#website"},"primaryImageOfPage":{"@id":"https:\/\/lechappeeclose.it\/boutique\/livres\/litterature\/polars\/les-derniers-jours-des-fauves\/#primaryimage"},"image":{"@id":"https:\/\/lechappeeclose.it\/boutique\/livres\/litterature\/polars\/les-derniers-jours-des-fauves\/#primaryimage"},"thumbnailUrl":"http:\/\/lechappeeclose.it\/wp-content\/uploads\/2025\/01\/Les-Derniers-Jours-des-fauves.jpg","datePublished":"2025-01-31T10:17:53+00:00","dateModified":"2025-10-17T16:50:46+00:00","breadcrumb":{"@id":"https:\/\/lechappeeclose.it\/boutique\/livres\/litterature\/polars\/les-derniers-jours-des-fauves\/#breadcrumb"},"inLanguage":"it-IT","potentialAction":[{"@type":"ReadAction","target":["https:\/\/lechappeeclose.it\/boutique\/livres\/litterature\/polars\/les-derniers-jours-des-fauves\/"]}]},{"@type":"ImageObject","inLanguage":"it-IT","@id":"https:\/\/lechappeeclose.it\/boutique\/livres\/litterature\/polars\/les-derniers-jours-des-fauves\/#primaryimage","url":"http:\/\/lechappeeclose.it\/wp-content\/uploads\/2025\/01\/Les-Derniers-Jours-des-fauves.jpg","contentUrl":"http:\/\/lechappeeclose.it\/wp-content\/uploads\/2025\/01\/Les-Derniers-Jours-des-fauves.jpg","width":349,"height":500},{"@type":"BreadcrumbList","@id":"https:\/\/lechappeeclose.it\/boutique\/livres\/litterature\/polars\/les-derniers-jours-des-fauves\/#breadcrumb","itemListElement":[{"@type":"ListItem","position":1,"name":"Accueil","item":"http:\/\/lechappeeclose.it\/"},{"@type":"ListItem","position":2,"name":"Boutique","item":"http:\/\/lechappeeclose.it\/it\/boutique\/"},{"@type":"ListItem","position":3,"name":"Les Derniers Jours des fauves"}]},{"@type":"WebSite","@id":"http:\/\/lechappeeclose.it\/#website","url":"http:\/\/lechappeeclose.it\/","name":"l&#039;échappée close","description":"la librairie française de Milan","publisher":{"@id":"http:\/\/lechappeeclose.it\/#organization"},"alternateName":"La librairie française de Milan","potentialAction":[{"@type":"SearchAction","target":{"@type":"EntryPoint","urlTemplate":"http:\/\/lechappeeclose.it\/?s={search_term_string}"},"query-input":{"@type":"PropertyValueSpecification","valueRequired":true,"valueName":"search_term_string"}}],"inLanguage":"it-IT"},{"@type":"Organization","@id":"http:\/\/lechappeeclose.it\/#organization","name":"l&#039;échappée close","url":"http:\/\/lechappeeclose.it\/","logo":{"@type":"ImageObject","inLanguage":"it-IT","@id":"http:\/\/lechappeeclose.it\/#\/schema\/logo\/image\/","url":"http:\/\/lechappeeclose.it\/wp-content\/uploads\/2025\/02\/cropped-logo-rond.png","contentUrl":"http:\/\/lechappeeclose.it\/wp-content\/uploads\/2025\/02\/cropped-logo-rond.png","width":1080,"height":1080,"caption":"l&#039;échappée close"},"image":{"@id":"http:\/\/lechappeeclose.it\/#\/schema\/logo\/image\/"},"sameAs":["https:\/\/www.instagram.com\/lechappeeclose\/"]}]}</script>
<!-- / Yoast SEO plugin. -->

Les Derniers Jours des fauves - l&#039;échappée close

Nathalie Séchard, celle qui incarna l’espoir de renouveau à la tête de l’État, a décidé de jeter l’éponge et de ne pas briguer un second mandat. La succession présidentielle est ouverte. Au sein du gouvernement commence alors un jeu sans pitié. Dans une France épuisée par deux ans de combats contre la pandémie, les antivaxs [&hellip;]

l&#039;échappée close

La librairie française de Milan
