{"id":3860,"date":"2025-01-30T18:04:07","date_gmt":"2025-01-30T17:04:07","guid":{"rendered":"https:\/\/lechappeeclose.it\/produit\/le-paris-de-barbara\/"},"modified":"2025-01-30T18:04:07","modified_gmt":"2025-01-30T17:04:07","slug":"le-paris-de-barbara","status":"publish","type":"product","link":"http:\/\/lechappeeclose.it\/it\/boutique\/livres\/arts\/culture-francaise\/le-paris-de-barbara\/","title":{"rendered":"Le Paris de Barbara"},"content":{"rendered":"<p>La gare de Lyon, le m\u00e9tro Rome, Drouot\u2026 Barbara a chant\u00e9 et v\u00e9cu Paris, passionn\u00e9ment, avant de se retirer \u00e0 Pr\u00e9cy. Apr\u00e8s une enfance aux Batignolles et une adolescence rue Vitruve, elle se forge un pr\u00e9nom sur la rive gauche \u2013 chez Moineau, \u00e0 L\u2019\u00c9cluse, \u00e0 Bobino \u2013, puis sur la rive droite, de l\u2019Olympia \u00e0 Pantin. Ce livre est un voyage intimiste dans les pas de celle que Brel appelait \u00ab la grande \u00bb : ses jours, ses nuits, ses lieux de vie et de travail, ses amis, ses amours&#8230; Suivons-la dans la capitale : \u00ab Nous irons voir ensemble les jardins refleuris et d\u00e9ambulerons dans les rues de Paris \u00bb.<\/p>","protected":false},"excerpt":{"rendered":"<p>La gare de Lyon, le m\u00e9tro Rome, Drouot\u2026 Barbara a chant\u00e9 et v\u00e9cu Paris, passionn\u00e9ment, avant de se retirer \u00e0 Pr\u00e9cy. Apr\u00e8s une enfance aux Batignolles et une adolescence rue Vitruve, elle se forge un pr\u00e9nom sur la rive gauche \u2013 chez Moineau, \u00e0 L\u2019\u00c9cluse, \u00e0 Bobino \u2013, puis sur la rive droite, de l\u2019Olympia [&hellip;]<\/p>","protected":false},"featured_media":3859,"comment_status":"open","ping_status":"closed","template":"","meta":[],"product_brand":[],"product_cat":[45],"product_tag":[],"class_list":{"0":"post-3860","1":"product","2":"type-product","3":"status-publish","4":"has-post-thumbnail","6":"product_cat-culture-francaise","8":"first","9":"instock","10":"taxable","11":"shipping-taxable","12":"purchasable","13":"product-type-simple"},"yoast_head":"<!-- This site is optimized with the Yoast SEO plugin v27.5 - https:\/\/yoast.com\/product\/yoast-seo-wordpress\/ -->\n<title>Le Paris de Barbara - l&#039;\u00e9chapp\u00e9e close<\/title>\n<meta name=\"robots\" content=\"index, follow, max-snippet:-1, max-image-preview:large, max-video-preview:-1\" \/>\n<link rel=\"canonical\" href=\"http:\/\/lechappeeclose.it\/it\/boutique\/livres\/arts\/culture-francaise\/le-paris-de-barbara\/\" \/>\n<meta property=\"og:locale\" content=\"it_IT\" \/>\n<meta property=\"og:type\" content=\"article\" \/>\n<meta property=\"og:title\" content=\"Le Paris de Barbara - l&#039;\u00e9chapp\u00e9e close\" \/>\n<meta property=\"og:description\" content=\"La gare de Lyon, le m\u00e9tro Rome, Drouot\u2026 Barbara a chant\u00e9 et v\u00e9cu Paris, passionn\u00e9ment, avant de se retirer \u00e0 Pr\u00e9cy. Apr\u00e8s une enfance aux Batignolles et une adolescence rue Vitruve, elle se forge un pr\u00e9nom sur la rive gauche \u2013 chez Moineau, \u00e0 L\u2019\u00c9cluse, \u00e0 Bobino \u2013, puis sur la rive droite, de l\u2019Olympia [&hellip;]\" \/>\n<meta property=\"og:url\" content=\"http:\/\/lechappeeclose.it\/it\/boutique\/livres\/arts\/culture-francaise\/le-paris-de-barbara\/\" \/>\n<meta property=\"og:site_name\" content=\"l&#039;\u00e9chapp\u00e9e close\" \/>\n<meta property=\"og:image\" content=\"http:\/\/lechappeeclose.it\/wp-content\/uploads\/2025\/01\/Le-Paris-de-Barbara.jpg\" \/>\n\t<meta property=\"og:image:width\" content=\"800\" \/>\n\t<meta property=\"og:image:height\" content=\"1109\" \/>\n\t<meta property=\"og:image:type\" content=\"image\/jpeg\" \/>\n<meta name=\"twitter:card\" content=\"summary_large_image\" \/>\n<meta name=\"twitter:label1\" content=\"Tempo di lettura stimato\" \/>\n\t<meta name=\"twitter:data1\" content=\"1 minuto\" \/>\n<script type=\"application\/ld+json\" class=\"yoast-schema-graph\">{\"@context\":\"https:\\\/\\\/schema.org\",\"@graph\":[{\"@type\":\"WebPage\",\"@id\":\"http:\\\/\\\/lechappeeclose.it\\\/boutique\\\/livres\\\/arts\\\/culture-francaise\\\/le-paris-de-barbara\\\/\",\"url\":\"http:\\\/\\\/lechappeeclose.it\\\/boutique\\\/livres\\\/arts\\\/culture-francaise\\\/le-paris-de-barbara\\\/\",\"name\":\"Le Paris de Barbara - l&#039;\u00e9chapp\u00e9e close\",\"isPartOf\":{\"@id\":\"http:\\\/\\\/lechappeeclose.it\\\/it\\\/#website\"},\"primaryImageOfPage\":{\"@id\":\"http:\\\/\\\/lechappeeclose.it\\\/boutique\\\/livres\\\/arts\\\/culture-francaise\\\/le-paris-de-barbara\\\/#primaryimage\"},\"image\":{\"@id\":\"http:\\\/\\\/lechappeeclose.it\\\/boutique\\\/livres\\\/arts\\\/culture-francaise\\\/le-paris-de-barbara\\\/#primaryimage\"},\"thumbnailUrl\":\"http:\\\/\\\/lechappeeclose.it\\\/wp-content\\\/uploads\\\/2025\\\/01\\\/Le-Paris-de-Barbara.jpg\",\"datePublished\":\"2025-01-30T17:04:07+00:00\",\"breadcrumb\":{\"@id\":\"http:\\\/\\\/lechappeeclose.it\\\/boutique\\\/livres\\\/arts\\\/culture-francaise\\\/le-paris-de-barbara\\\/#breadcrumb\"},\"inLanguage\":\"it-IT\",\"potentialAction\":[{\"@type\":\"ReadAction\",\"target\":[\"http:\\\/\\\/lechappeeclose.it\\\/boutique\\\/livres\\\/arts\\\/culture-francaise\\\/le-paris-de-barbara\\\/\"]}]},{\"@type\":\"ImageObject\",\"inLanguage\":\"it-IT\",\"@id\":\"http:\\\/\\\/lechappeeclose.it\\\/boutique\\\/livres\\\/arts\\\/culture-francaise\\\/le-paris-de-barbara\\\/#primaryimage\",\"url\":\"http:\\\/\\\/lechappeeclose.it\\\/wp-content\\\/uploads\\\/2025\\\/01\\\/Le-Paris-de-Barbara.jpg\",\"contentUrl\":\"http:\\\/\\\/lechappeeclose.it\\\/wp-content\\\/uploads\\\/2025\\\/01\\\/Le-Paris-de-Barbara.jpg\",\"width\":800,\"height\":1109},{\"@type\":\"BreadcrumbList\",\"@id\":\"http:\\\/\\\/lechappeeclose.it\\\/boutique\\\/livres\\\/arts\\\/culture-francaise\\\/le-paris-de-barbara\\\/#breadcrumb\",\"itemListElement\":[{\"@type\":\"ListItem\",\"position\":1,\"name\":\"Accueil\",\"item\":\"http:\\\/\\\/lechappeeclose.it\\\/it\\\/\"},{\"@type\":\"ListItem\",\"position\":2,\"name\":\"Boutique\",\"item\":\"http:\\\/\\\/lechappeeclose.it\\\/it\\\/boutique\\\/\"},{\"@type\":\"ListItem\",\"position\":3,\"name\":\"Le Paris de Barbara\"}]},{\"@type\":\"WebSite\",\"@id\":\"http:\\\/\\\/lechappeeclose.it\\\/it\\\/#website\",\"url\":\"http:\\\/\\\/lechappeeclose.it\\\/it\\\/\",\"name\":\"l&#039;\u00e9chapp\u00e9e close\",\"description\":\"la librairie fran\u00e7aise de Milan\",\"publisher\":{\"@id\":\"http:\\\/\\\/lechappeeclose.it\\\/it\\\/#organization\"},\"alternateName\":\"La librairie fran\u00e7aise de Milan\",\"potentialAction\":[{\"@type\":\"SearchAction\",\"target\":{\"@type\":\"EntryPoint\",\"urlTemplate\":\"http:\\\/\\\/lechappeeclose.it\\\/it\\\/?s={search_term_string}\"},\"query-input\":{\"@type\":\"PropertyValueSpecification\",\"valueRequired\":true,\"valueName\":\"search_term_string\"}}],\"inLanguage\":\"it-IT\"},{\"@type\":\"Organization\",\"@id\":\"http:\\\/\\\/lechappeeclose.it\\\/it\\\/#organization\",\"name\":\"l&#039;\u00e9chapp\u00e9e close\",\"url\":\"http:\\\/\\\/lechappeeclose.it\\\/it\\\/\",\"logo\":{\"@type\":\"ImageObject\",\"inLanguage\":\"it-IT\",\"@id\":\"http:\\\/\\\/lechappeeclose.it\\\/it\\\/#\\\/schema\\\/logo\\\/image\\\/\",\"url\":\"http:\\\/\\\/lechappeeclose.it\\\/wp-content\\\/uploads\\\/2025\\\/02\\\/cropped-logo-rond.png\",\"contentUrl\":\"http:\\\/\\\/lechappeeclose.it\\\/wp-content\\\/uploads\\\/2025\\\/02\\\/cropped-logo-rond.png\",\"width\":1080,\"height\":1080,\"caption\":\"l&#039;\u00e9chapp\u00e9e close\"},\"image\":{\"@id\":\"http:\\\/\\\/lechappeeclose.it\\\/it\\\/#\\\/schema\\\/logo\\\/image\\\/\"},\"sameAs\":[\"https:\\\/\\\/www.instagram.com\\\/lechappeeclose\\\/\"]}]}<\/script>\n<!-- \/ Yoast SEO plugin. -->","yoast_head_json":{"title":"Le Paris de Barbara - l&#039;\u00e9chapp\u00e9e close","robots":{"index":"index","follow":"follow","max-snippet":"max-snippet:-1","max-image-preview":"max-image-preview:large","max-video-preview":"max-video-preview:-1"},"canonical":"http:\/\/lechappeeclose.it\/it\/boutique\/livres\/arts\/culture-francaise\/le-paris-de-barbara\/","og_locale":"it_IT","og_type":"article","og_title":"Le Paris de Barbara - l&#039;\u00e9chapp\u00e9e close","og_description":"La gare de Lyon, le m\u00e9tro Rome, Drouot\u2026 Barbara a chant\u00e9 et v\u00e9cu Paris, passionn\u00e9ment, avant de se retirer \u00e0 Pr\u00e9cy. Apr\u00e8s une enfance aux Batignolles et une adolescence rue Vitruve, elle se forge un pr\u00e9nom sur la rive gauche \u2013 chez Moineau, \u00e0 L\u2019\u00c9cluse, \u00e0 Bobino \u2013, puis sur la rive droite, de l\u2019Olympia [&hellip;]","og_url":"http:\/\/lechappeeclose.it\/it\/boutique\/livres\/arts\/culture-francaise\/le-paris-de-barbara\/","og_site_name":"l&#039;\u00e9chapp\u00e9e close","og_image":[{"width":800,"height":1109,"url":"http:\/\/lechappeeclose.it\/wp-content\/uploads\/2025\/01\/Le-Paris-de-Barbara.jpg","type":"image\/jpeg"}],"twitter_card":"summary_large_image","twitter_misc":{"Tempo di lettura stimato":"1 minuto"},"schema":{"@context":"https:\/\/schema.org","@graph":[{"@type":"WebPage","@id":"http:\/\/lechappeeclose.it\/boutique\/livres\/arts\/culture-francaise\/le-paris-de-barbara\/","url":"http:\/\/lechappeeclose.it\/boutique\/livres\/arts\/culture-francaise\/le-paris-de-barbara\/","name":"Le Paris de Barbara - l&#039;\u00e9chapp\u00e9e close","isPartOf":{"@id":"http:\/\/lechappeeclose.it\/it\/#website"},"primaryImageOfPage":{"@id":"http:\/\/lechappeeclose.it\/boutique\/livres\/arts\/culture-francaise\/le-paris-de-barbara\/#primaryimage"},"image":{"@id":"http:\/\/lechappeeclose.it\/boutique\/livres\/arts\/culture-francaise\/le-paris-de-barbara\/#primaryimage"},"thumbnailUrl":"http:\/\/lechappeeclose.it\/wp-content\/uploads\/2025\/01\/Le-Paris-de-Barbara.jpg","datePublished":"2025-01-30T17:04:07+00:00","breadcrumb":{"@id":"http:\/\/lechappeeclose.it\/boutique\/livres\/arts\/culture-francaise\/le-paris-de-barbara\/#breadcrumb"},"inLanguage":"it-IT","potentialAction":[{"@type":"ReadAction","target":["http:\/\/lechappeeclose.it\/boutique\/livres\/arts\/culture-francaise\/le-paris-de-barbara\/"]}]},{"@type":"ImageObject","inLanguage":"it-IT","@id":"http:\/\/lechappeeclose.it\/boutique\/livres\/arts\/culture-francaise\/le-paris-de-barbara\/#primaryimage","url":"http:\/\/lechappeeclose.it\/wp-content\/uploads\/2025\/01\/Le-Paris-de-Barbara.jpg","contentUrl":"http:\/\/lechappeeclose.it\/wp-content\/uploads\/2025\/01\/Le-Paris-de-Barbara.jpg","width":800,"height":1109},{"@type":"BreadcrumbList","@id":"http:\/\/lechappeeclose.it\/boutique\/livres\/arts\/culture-francaise\/le-paris-de-barbara\/#breadcrumb","itemListElement":[{"@type":"ListItem","position":1,"name":"Accueil","item":"http:\/\/lechappeeclose.it\/it\/"},{"@type":"ListItem","position":2,"name":"Boutique","item":"http:\/\/lechappeeclose.it\/it\/boutique\/"},{"@type":"ListItem","position":3,"name":"Le Paris de Barbara"}]},{"@type":"WebSite","@id":"http:\/\/lechappeeclose.it\/it\/#website","url":"http:\/\/lechappeeclose.it\/it\/","name":"l&#039;\u00e9chapp\u00e9e close","description":"La libreria francese di Milano","publisher":{"@id":"http:\/\/lechappeeclose.it\/it\/#organization"},"alternateName":"La librairie fran\u00e7aise de Milan","potentialAction":[{"@type":"SearchAction","target":{"@type":"EntryPoint","urlTemplate":"http:\/\/lechappeeclose.it\/it\/?s={search_term_string}"},"query-input":{"@type":"PropertyValueSpecification","valueRequired":true,"valueName":"search_term_string"}}],"inLanguage":"it-IT"},{"@type":"Organization","@id":"http:\/\/lechappeeclose.it\/it\/#organization","name":"l&#039;\u00e9chapp\u00e9e close","url":"http:\/\/lechappeeclose.it\/it\/","logo":{"@type":"ImageObject","inLanguage":"it-IT","@id":"http:\/\/lechappeeclose.it\/it\/#\/schema\/logo\/image\/","url":"http:\/\/lechappeeclose.it\/wp-content\/uploads\/2025\/02\/cropped-logo-rond.png","contentUrl":"http:\/\/lechappeeclose.it\/wp-content\/uploads\/2025\/02\/cropped-logo-rond.png","width":1080,"height":1080,"caption":"l&#039;\u00e9chapp\u00e9e close"},"image":{"@id":"http:\/\/lechappeeclose.it\/it\/#\/schema\/logo\/image\/"},"sameAs":["https:\/\/www.instagram.com\/lechappeeclose\/"]}]}},"_links":{"self":[{"href":"http:\/\/lechappeeclose.it\/it\/wp-json\/wp\/v2\/product\/3860","targetHints":{"allow":["GET"]}}],"collection":[{"href":"http:\/\/lechappeeclose.it\/it\/wp-json\/wp\/v2\/product"}],"about":[{"href":"http:\/\/lechappeeclose.it\/it\/wp-json\/wp\/v2\/types\/product"}],"replies":[{"embeddable":true,"href":"http:\/\/lechappeeclose.it\/it\/wp-json\/wp\/v2\/comments?post=3860"}],"wp:featuredmedia":[{"embeddable":true,"href":"http:\/\/lechappeeclose.it\/it\/wp-json\/wp\/v2\/media\/3859"}],"wp:attachment":[{"href":"http:\/\/lechappeeclose.it\/it\/wp-json\/wp\/v2\/media?parent=3860"}],"wp:term":[{"taxonomy":"product_brand","embeddable":true,"href":"http:\/\/lechappeeclose.it\/it\/wp-json\/wp\/v2\/product_brand?post=3860"},{"taxonomy":"product_cat","embeddable":true,"href":"http:\/\/lechappeeclose.it\/it\/wp-json\/wp\/v2\/product_cat?post=3860"},{"taxonomy":"product_tag","embeddable":true,"href":"http:\/\/lechappeeclose.it\/it\/wp-json\/wp\/v2\/product_tag?post=3860"}],"curies":[{"name":"wp","href":"https:\/\/api.w.org\/{rel}","templated":true}]}}

<p>La gare de Lyon, le métro Rome, Drouot… Barbara a chanté et vécu Paris, passionnément, avant de se retirer à Précy. Après une enfance aux Batignolles et une adolescence rue Vitruve, elle se forge un prénom sur la rive gauche – chez Moineau, à L’Écluse, à Bobino –, puis sur la rive droite, de l’Olympia à Pantin. Ce livre est un voyage intimiste dans les pas de celle que Brel appelait « la grande » : ses jours, ses nuits, ses lieux de vie et de travail, ses amis, ses amours&#8230; Suivons-la dans la capitale : « Nous irons voir ensemble les jardins refleuris et déambulerons dans les rues de Paris ».</p>

<p>La gare de Lyon, le métro Rome, Drouot… Barbara a chanté et vécu Paris, passionnément, avant de se retirer à Précy. Après une enfance aux Batignolles et une adolescence rue Vitruve, elle se forge un prénom sur la rive gauche – chez Moineau, à L’Écluse, à Bobino –, puis sur la rive droite, de l’Olympia [&hellip;]</p>

<!-- This site is optimized with the Yoast SEO plugin v27.5 - https://yoast.com/product/yoast-seo-wordpress/ -->
<title>Le Paris de Barbara - l&#039;échappée close</title>
<meta name="robots" content="index, follow, max-snippet:-1, max-image-preview:large, max-video-preview:-1" />
<link rel="canonical" href="http://lechappeeclose.it/it/boutique/livres/arts/culture-francaise/le-paris-de-barbara/" />
<meta property="og:locale" content="it_IT" />
<meta property="og:type" content="article" />
<meta property="og:title" content="Le Paris de Barbara - l&#039;échappée close" />
<meta property="og:description" content="La gare de Lyon, le métro Rome, Drouot… Barbara a chanté et vécu Paris, passionnément, avant de se retirer à Précy. Après une enfance aux Batignolles et une adolescence rue Vitruve, elle se forge un prénom sur la rive gauche – chez Moineau, à L’Écluse, à Bobino –, puis sur la rive droite, de l’Olympia [&hellip;]" />
<meta property="og:url" content="http://lechappeeclose.it/it/boutique/livres/arts/culture-francaise/le-paris-de-barbara/" />
<meta property="og:site_name" content="l&#039;échappée close" />
<meta property="og:image" content="http://lechappeeclose.it/wp-content/uploads/2025/01/Le-Paris-de-Barbara.jpg" />
	<meta property="og:image:width" content="800" />
	<meta property="og:image:height" content="1109" />
	<meta property="og:image:type" content="image/jpeg" />
<meta name="twitter:card" content="summary_large_image" />
<meta name="twitter:label1" content="Tempo di lettura stimato" />
	<meta name="twitter:data1" content="1 minuto" />
<script type="application/ld+json" class="yoast-schema-graph">{"@context":"https:\/\/schema.org","@graph":[{"@type":"WebPage","@id":"http:\/\/lechappeeclose.it\/boutique\/livres\/arts\/culture-francaise\/le-paris-de-barbara\/","url":"http:\/\/lechappeeclose.it\/boutique\/livres\/arts\/culture-francaise\/le-paris-de-barbara\/","name":"Le Paris de Barbara - l&#039;échappée close","isPartOf":{"@id":"http:\/\/lechappeeclose.it\/it\/#website"},"primaryImageOfPage":{"@id":"http:\/\/lechappeeclose.it\/boutique\/livres\/arts\/culture-francaise\/le-paris-de-barbara\/#primaryimage"},"image":{"@id":"http:\/\/lechappeeclose.it\/boutique\/livres\/arts\/culture-francaise\/le-paris-de-barbara\/#primaryimage"},"thumbnailUrl":"http:\/\/lechappeeclose.it\/wp-content\/uploads\/2025\/01\/Le-Paris-de-Barbara.jpg","datePublished":"2025-01-30T17:04:07+00:00","breadcrumb":{"@id":"http:\/\/lechappeeclose.it\/boutique\/livres\/arts\/culture-francaise\/le-paris-de-barbara\/#breadcrumb"},"inLanguage":"it-IT","potentialAction":[{"@type":"ReadAction","target":["http:\/\/lechappeeclose.it\/boutique\/livres\/arts\/culture-francaise\/le-paris-de-barbara\/"]}]},{"@type":"ImageObject","inLanguage":"it-IT","@id":"http:\/\/lechappeeclose.it\/boutique\/livres\/arts\/culture-francaise\/le-paris-de-barbara\/#primaryimage","url":"http:\/\/lechappeeclose.it\/wp-content\/uploads\/2025\/01\/Le-Paris-de-Barbara.jpg","contentUrl":"http:\/\/lechappeeclose.it\/wp-content\/uploads\/2025\/01\/Le-Paris-de-Barbara.jpg","width":800,"height":1109},{"@type":"BreadcrumbList","@id":"http:\/\/lechappeeclose.it\/boutique\/livres\/arts\/culture-francaise\/le-paris-de-barbara\/#breadcrumb","itemListElement":[{"@type":"ListItem","position":1,"name":"Accueil","item":"http:\/\/lechappeeclose.it\/it\/"},{"@type":"ListItem","position":2,"name":"Boutique","item":"http:\/\/lechappeeclose.it\/it\/boutique\/"},{"@type":"ListItem","position":3,"name":"Le Paris de Barbara"}]},{"@type":"WebSite","@id":"http:\/\/lechappeeclose.it\/it\/#website","url":"http:\/\/lechappeeclose.it\/it\/","name":"l&#039;échappée close","description":"la librairie française de Milan","publisher":{"@id":"http:\/\/lechappeeclose.it\/it\/#organization"},"alternateName":"La librairie française de Milan","potentialAction":[{"@type":"SearchAction","target":{"@type":"EntryPoint","urlTemplate":"http:\/\/lechappeeclose.it\/it\/?s={search_term_string}"},"query-input":{"@type":"PropertyValueSpecification","valueRequired":true,"valueName":"search_term_string"}}],"inLanguage":"it-IT"},{"@type":"Organization","@id":"http:\/\/lechappeeclose.it\/it\/#organization","name":"l&#039;échappée close","url":"http:\/\/lechappeeclose.it\/it\/","logo":{"@type":"ImageObject","inLanguage":"it-IT","@id":"http:\/\/lechappeeclose.it\/it\/#\/schema\/logo\/image\/","url":"http:\/\/lechappeeclose.it\/wp-content\/uploads\/2025\/02\/cropped-logo-rond.png","contentUrl":"http:\/\/lechappeeclose.it\/wp-content\/uploads\/2025\/02\/cropped-logo-rond.png","width":1080,"height":1080,"caption":"l&#039;échappée close"},"image":{"@id":"http:\/\/lechappeeclose.it\/it\/#\/schema\/logo\/image\/"},"sameAs":["https:\/\/www.instagram.com\/lechappeeclose\/"]}]}</script>
<!-- / Yoast SEO plugin. -->

Le Paris de Barbara - l&#039;échappée close

La gare de Lyon, le métro Rome, Drouot… Barbara a chanté et vécu Paris, passionnément, avant de se retirer à Précy. Après une enfance aux Batignolles et une adolescence rue Vitruve, elle se forge un prénom sur la rive gauche – chez Moineau, à L’Écluse, à Bobino –, puis sur la rive droite, de l’Olympia [&hellip;]

l&#039;échappée close

La librairie française de Milan
