{"id":12978,"date":"2026-03-14T11:46:24","date_gmt":"2026-03-14T10:46:24","guid":{"rendered":"https:\/\/lechappeeclose.it\/boutique\/non class\u00e9\/le-barman-du-ritz-2\/"},"modified":"2026-04-18T15:39:49","modified_gmt":"2026-04-18T13:39:49","slug":"le-barman-du-ritz-2","status":"publish","type":"product","link":"http:\/\/lechappeeclose.it\/it\/boutique\/livres\/litterature\/romans\/le-barman-du-ritz-2\/","title":{"rendered":"Le barman du Ritz"},"content":{"rendered":"<p>Juin 1940. Les Allemands entrent dans Paris. Partout, le couvre-feu est de rigueur, sauf au grand h\u00f4tel Ritz. Avides de d\u00e9couvrir l&#8217;art de vivre \u00e0 la fran\u00e7aise, les occupants y c\u00f4toient l&#8217;\u00e9lite parisienne, tandis que derri\u00e8re le bar \u0153uvre Frank Meier, le plus grand barman du monde.S&#8217;adapter est une question de survie. Frank Meier se r\u00e9v\u00e8le habile diplomate, gagne la sympathie des officiers allemands, ach\u00e8te sa tranquillit\u00e9, mais aussi celle de Luciano, son apprenti, et de la troublante et \u00e9nigmatique Blanche Auzello. Pendant quatre ans, les hommes de la Gestapo vont trinquer avec Coco Chanel, la terrible veuve Ritz, ou encore Sacha Guitry. Ces hommes et ces femmes, collabos ou r\u00e9sistants, h\u00e9ros ou profiteurs de guerre, vont s&#8217;aimer, se trahir, lutter aussi pour une certaine id\u00e9e de la civilisation.La plupart d&#8217;entre eux ignorent que Meier, \u00e9migr\u00e9 autrichien, ancien combattant de 1914, chef d&#8217;orchestre de cet \u00e9trange ballet, cache un lourd secret. Le barman du Ritz est juif.<\/p>","protected":false},"excerpt":{"rendered":"<p>Juin 1940. Les Allemands entrent dans Paris. Partout, le couvre-feu est de rigueur, sauf au grand h\u00f4tel Ritz. Avides de d\u00e9couvrir l&#8217;art de vivre \u00e0 la fran\u00e7aise, les occupants y c\u00f4toient l&#8217;\u00e9lite parisienne, tandis que derri\u00e8re le bar \u0153uvre Frank Meier, le plus grand barman du monde.S&#8217;adapter est une question de survie. Frank Meier se [&hellip;]<\/p>","protected":false},"featured_media":12976,"comment_status":"open","ping_status":"closed","template":"","meta":[],"product_brand":[],"product_cat":[46],"product_tag":[],"class_list":{"0":"post-12978","1":"product","2":"type-product","3":"status-publish","4":"has-post-thumbnail","6":"product_cat-romans","8":"first","9":"instock","10":"taxable","11":"shipping-taxable","12":"purchasable","13":"product-type-simple"},"yoast_head":"<!-- This site is optimized with the Yoast SEO plugin v27.5 - https:\/\/yoast.com\/product\/yoast-seo-wordpress\/ -->\n<title>Le barman du Ritz - l&#039;\u00e9chapp\u00e9e close<\/title>\n<meta name=\"robots\" content=\"index, follow, max-snippet:-1, max-image-preview:large, max-video-preview:-1\" \/>\n<link rel=\"canonical\" href=\"http:\/\/lechappeeclose.it\/it\/boutique\/livres\/litterature\/romans\/le-barman-du-ritz-2\/\" \/>\n<meta property=\"og:locale\" content=\"it_IT\" \/>\n<meta property=\"og:type\" content=\"article\" \/>\n<meta property=\"og:title\" content=\"Le barman du Ritz - l&#039;\u00e9chapp\u00e9e close\" \/>\n<meta property=\"og:description\" content=\"Juin 1940. Les Allemands entrent dans Paris. Partout, le couvre-feu est de rigueur, sauf au grand h\u00f4tel Ritz. Avides de d\u00e9couvrir l&#8217;art de vivre \u00e0 la fran\u00e7aise, les occupants y c\u00f4toient l&#8217;\u00e9lite parisienne, tandis que derri\u00e8re le bar \u0153uvre Frank Meier, le plus grand barman du monde.S&#8217;adapter est une question de survie. Frank Meier se [&hellip;]\" \/>\n<meta property=\"og:url\" content=\"http:\/\/lechappeeclose.it\/it\/boutique\/livres\/litterature\/romans\/le-barman-du-ritz-2\/\" \/>\n<meta property=\"og:site_name\" content=\"l&#039;\u00e9chapp\u00e9e close\" \/>\n<meta property=\"article:modified_time\" content=\"2026-04-18T13:39:49+00:00\" \/>\n<meta property=\"og:image\" content=\"http:\/\/lechappeeclose.it\/wp-content\/uploads\/2026\/03\/Le-barman-du-Ritz.jpeg\" \/>\n\t<meta property=\"og:image:width\" content=\"309\" \/>\n\t<meta property=\"og:image:height\" content=\"500\" \/>\n\t<meta property=\"og:image:type\" content=\"image\/jpeg\" \/>\n<meta name=\"twitter:card\" content=\"summary_large_image\" \/>\n<meta name=\"twitter:label1\" content=\"Tempo di lettura stimato\" \/>\n\t<meta name=\"twitter:data1\" content=\"1 minuto\" \/>\n<script type=\"application\/ld+json\" class=\"yoast-schema-graph\">{\"@context\":\"https:\\\/\\\/schema.org\",\"@graph\":[{\"@type\":\"WebPage\",\"@id\":\"http:\\\/\\\/lechappeeclose.it\\\/boutique\\\/livres\\\/litterature\\\/romans\\\/le-barman-du-ritz-2\\\/\",\"url\":\"http:\\\/\\\/lechappeeclose.it\\\/boutique\\\/livres\\\/litterature\\\/romans\\\/le-barman-du-ritz-2\\\/\",\"name\":\"Le barman du Ritz - l&#039;\u00e9chapp\u00e9e close\",\"isPartOf\":{\"@id\":\"http:\\\/\\\/lechappeeclose.it\\\/it\\\/#website\"},\"primaryImageOfPage\":{\"@id\":\"http:\\\/\\\/lechappeeclose.it\\\/boutique\\\/livres\\\/litterature\\\/romans\\\/le-barman-du-ritz-2\\\/#primaryimage\"},\"image\":{\"@id\":\"http:\\\/\\\/lechappeeclose.it\\\/boutique\\\/livres\\\/litterature\\\/romans\\\/le-barman-du-ritz-2\\\/#primaryimage\"},\"thumbnailUrl\":\"http:\\\/\\\/lechappeeclose.it\\\/wp-content\\\/uploads\\\/2026\\\/03\\\/Le-barman-du-Ritz.jpeg\",\"datePublished\":\"2026-03-14T10:46:24+00:00\",\"dateModified\":\"2026-04-18T13:39:49+00:00\",\"breadcrumb\":{\"@id\":\"http:\\\/\\\/lechappeeclose.it\\\/boutique\\\/livres\\\/litterature\\\/romans\\\/le-barman-du-ritz-2\\\/#breadcrumb\"},\"inLanguage\":\"it-IT\",\"potentialAction\":[{\"@type\":\"ReadAction\",\"target\":[\"http:\\\/\\\/lechappeeclose.it\\\/boutique\\\/livres\\\/litterature\\\/romans\\\/le-barman-du-ritz-2\\\/\"]}]},{\"@type\":\"ImageObject\",\"inLanguage\":\"it-IT\",\"@id\":\"http:\\\/\\\/lechappeeclose.it\\\/boutique\\\/livres\\\/litterature\\\/romans\\\/le-barman-du-ritz-2\\\/#primaryimage\",\"url\":\"http:\\\/\\\/lechappeeclose.it\\\/wp-content\\\/uploads\\\/2026\\\/03\\\/Le-barman-du-Ritz.jpeg\",\"contentUrl\":\"http:\\\/\\\/lechappeeclose.it\\\/wp-content\\\/uploads\\\/2026\\\/03\\\/Le-barman-du-Ritz.jpeg\",\"width\":309,\"height\":500},{\"@type\":\"BreadcrumbList\",\"@id\":\"http:\\\/\\\/lechappeeclose.it\\\/boutique\\\/livres\\\/litterature\\\/romans\\\/le-barman-du-ritz-2\\\/#breadcrumb\",\"itemListElement\":[{\"@type\":\"ListItem\",\"position\":1,\"name\":\"Accueil\",\"item\":\"http:\\\/\\\/lechappeeclose.it\\\/it\\\/\"},{\"@type\":\"ListItem\",\"position\":2,\"name\":\"Boutique\",\"item\":\"http:\\\/\\\/lechappeeclose.it\\\/it\\\/boutique\\\/\"},{\"@type\":\"ListItem\",\"position\":3,\"name\":\"Le barman du Ritz\"}]},{\"@type\":\"WebSite\",\"@id\":\"http:\\\/\\\/lechappeeclose.it\\\/it\\\/#website\",\"url\":\"http:\\\/\\\/lechappeeclose.it\\\/it\\\/\",\"name\":\"l&#039;\u00e9chapp\u00e9e close\",\"description\":\"la librairie fran\u00e7aise de Milan\",\"publisher\":{\"@id\":\"http:\\\/\\\/lechappeeclose.it\\\/it\\\/#organization\"},\"alternateName\":\"La librairie fran\u00e7aise de Milan\",\"potentialAction\":[{\"@type\":\"SearchAction\",\"target\":{\"@type\":\"EntryPoint\",\"urlTemplate\":\"http:\\\/\\\/lechappeeclose.it\\\/it\\\/?s={search_term_string}\"},\"query-input\":{\"@type\":\"PropertyValueSpecification\",\"valueRequired\":true,\"valueName\":\"search_term_string\"}}],\"inLanguage\":\"it-IT\"},{\"@type\":\"Organization\",\"@id\":\"http:\\\/\\\/lechappeeclose.it\\\/it\\\/#organization\",\"name\":\"l&#039;\u00e9chapp\u00e9e close\",\"url\":\"http:\\\/\\\/lechappeeclose.it\\\/it\\\/\",\"logo\":{\"@type\":\"ImageObject\",\"inLanguage\":\"it-IT\",\"@id\":\"http:\\\/\\\/lechappeeclose.it\\\/it\\\/#\\\/schema\\\/logo\\\/image\\\/\",\"url\":\"http:\\\/\\\/lechappeeclose.it\\\/wp-content\\\/uploads\\\/2025\\\/02\\\/cropped-logo-rond.png\",\"contentUrl\":\"http:\\\/\\\/lechappeeclose.it\\\/wp-content\\\/uploads\\\/2025\\\/02\\\/cropped-logo-rond.png\",\"width\":1080,\"height\":1080,\"caption\":\"l&#039;\u00e9chapp\u00e9e close\"},\"image\":{\"@id\":\"http:\\\/\\\/lechappeeclose.it\\\/it\\\/#\\\/schema\\\/logo\\\/image\\\/\"},\"sameAs\":[\"https:\\\/\\\/www.instagram.com\\\/lechappeeclose\\\/\"]}]}<\/script>\n<!-- \/ Yoast SEO plugin. -->","yoast_head_json":{"title":"Le barman du Ritz - l&#039;\u00e9chapp\u00e9e close","robots":{"index":"index","follow":"follow","max-snippet":"max-snippet:-1","max-image-preview":"max-image-preview:large","max-video-preview":"max-video-preview:-1"},"canonical":"http:\/\/lechappeeclose.it\/it\/boutique\/livres\/litterature\/romans\/le-barman-du-ritz-2\/","og_locale":"it_IT","og_type":"article","og_title":"Le barman du Ritz - l&#039;\u00e9chapp\u00e9e close","og_description":"Juin 1940. Les Allemands entrent dans Paris. Partout, le couvre-feu est de rigueur, sauf au grand h\u00f4tel Ritz. Avides de d\u00e9couvrir l&#8217;art de vivre \u00e0 la fran\u00e7aise, les occupants y c\u00f4toient l&#8217;\u00e9lite parisienne, tandis que derri\u00e8re le bar \u0153uvre Frank Meier, le plus grand barman du monde.S&#8217;adapter est une question de survie. Frank Meier se [&hellip;]","og_url":"http:\/\/lechappeeclose.it\/it\/boutique\/livres\/litterature\/romans\/le-barman-du-ritz-2\/","og_site_name":"l&#039;\u00e9chapp\u00e9e close","article_modified_time":"2026-04-18T13:39:49+00:00","og_image":[{"width":309,"height":500,"url":"http:\/\/lechappeeclose.it\/wp-content\/uploads\/2026\/03\/Le-barman-du-Ritz.jpeg","type":"image\/jpeg"}],"twitter_card":"summary_large_image","twitter_misc":{"Tempo di lettura stimato":"1 minuto"},"schema":{"@context":"https:\/\/schema.org","@graph":[{"@type":"WebPage","@id":"http:\/\/lechappeeclose.it\/boutique\/livres\/litterature\/romans\/le-barman-du-ritz-2\/","url":"http:\/\/lechappeeclose.it\/boutique\/livres\/litterature\/romans\/le-barman-du-ritz-2\/","name":"Le barman du Ritz - l&#039;\u00e9chapp\u00e9e close","isPartOf":{"@id":"http:\/\/lechappeeclose.it\/it\/#website"},"primaryImageOfPage":{"@id":"http:\/\/lechappeeclose.it\/boutique\/livres\/litterature\/romans\/le-barman-du-ritz-2\/#primaryimage"},"image":{"@id":"http:\/\/lechappeeclose.it\/boutique\/livres\/litterature\/romans\/le-barman-du-ritz-2\/#primaryimage"},"thumbnailUrl":"http:\/\/lechappeeclose.it\/wp-content\/uploads\/2026\/03\/Le-barman-du-Ritz.jpeg","datePublished":"2026-03-14T10:46:24+00:00","dateModified":"2026-04-18T13:39:49+00:00","breadcrumb":{"@id":"http:\/\/lechappeeclose.it\/boutique\/livres\/litterature\/romans\/le-barman-du-ritz-2\/#breadcrumb"},"inLanguage":"it-IT","potentialAction":[{"@type":"ReadAction","target":["http:\/\/lechappeeclose.it\/boutique\/livres\/litterature\/romans\/le-barman-du-ritz-2\/"]}]},{"@type":"ImageObject","inLanguage":"it-IT","@id":"http:\/\/lechappeeclose.it\/boutique\/livres\/litterature\/romans\/le-barman-du-ritz-2\/#primaryimage","url":"http:\/\/lechappeeclose.it\/wp-content\/uploads\/2026\/03\/Le-barman-du-Ritz.jpeg","contentUrl":"http:\/\/lechappeeclose.it\/wp-content\/uploads\/2026\/03\/Le-barman-du-Ritz.jpeg","width":309,"height":500},{"@type":"BreadcrumbList","@id":"http:\/\/lechappeeclose.it\/boutique\/livres\/litterature\/romans\/le-barman-du-ritz-2\/#breadcrumb","itemListElement":[{"@type":"ListItem","position":1,"name":"Accueil","item":"http:\/\/lechappeeclose.it\/it\/"},{"@type":"ListItem","position":2,"name":"Boutique","item":"http:\/\/lechappeeclose.it\/it\/boutique\/"},{"@type":"ListItem","position":3,"name":"Le barman du Ritz"}]},{"@type":"WebSite","@id":"http:\/\/lechappeeclose.it\/it\/#website","url":"http:\/\/lechappeeclose.it\/it\/","name":"l&#039;\u00e9chapp\u00e9e close","description":"La libreria francese di Milano","publisher":{"@id":"http:\/\/lechappeeclose.it\/it\/#organization"},"alternateName":"La librairie fran\u00e7aise de Milan","potentialAction":[{"@type":"SearchAction","target":{"@type":"EntryPoint","urlTemplate":"http:\/\/lechappeeclose.it\/it\/?s={search_term_string}"},"query-input":{"@type":"PropertyValueSpecification","valueRequired":true,"valueName":"search_term_string"}}],"inLanguage":"it-IT"},{"@type":"Organization","@id":"http:\/\/lechappeeclose.it\/it\/#organization","name":"l&#039;\u00e9chapp\u00e9e close","url":"http:\/\/lechappeeclose.it\/it\/","logo":{"@type":"ImageObject","inLanguage":"it-IT","@id":"http:\/\/lechappeeclose.it\/it\/#\/schema\/logo\/image\/","url":"http:\/\/lechappeeclose.it\/wp-content\/uploads\/2025\/02\/cropped-logo-rond.png","contentUrl":"http:\/\/lechappeeclose.it\/wp-content\/uploads\/2025\/02\/cropped-logo-rond.png","width":1080,"height":1080,"caption":"l&#039;\u00e9chapp\u00e9e close"},"image":{"@id":"http:\/\/lechappeeclose.it\/it\/#\/schema\/logo\/image\/"},"sameAs":["https:\/\/www.instagram.com\/lechappeeclose\/"]}]}},"_links":{"self":[{"href":"http:\/\/lechappeeclose.it\/it\/wp-json\/wp\/v2\/product\/12978","targetHints":{"allow":["GET"]}}],"collection":[{"href":"http:\/\/lechappeeclose.it\/it\/wp-json\/wp\/v2\/product"}],"about":[{"href":"http:\/\/lechappeeclose.it\/it\/wp-json\/wp\/v2\/types\/product"}],"replies":[{"embeddable":true,"href":"http:\/\/lechappeeclose.it\/it\/wp-json\/wp\/v2\/comments?post=12978"}],"wp:featuredmedia":[{"embeddable":true,"href":"http:\/\/lechappeeclose.it\/it\/wp-json\/wp\/v2\/media\/12976"}],"wp:attachment":[{"href":"http:\/\/lechappeeclose.it\/it\/wp-json\/wp\/v2\/media?parent=12978"}],"wp:term":[{"taxonomy":"product_brand","embeddable":true,"href":"http:\/\/lechappeeclose.it\/it\/wp-json\/wp\/v2\/product_brand?post=12978"},{"taxonomy":"product_cat","embeddable":true,"href":"http:\/\/lechappeeclose.it\/it\/wp-json\/wp\/v2\/product_cat?post=12978"},{"taxonomy":"product_tag","embeddable":true,"href":"http:\/\/lechappeeclose.it\/it\/wp-json\/wp\/v2\/product_tag?post=12978"}],"curies":[{"name":"wp","href":"https:\/\/api.w.org\/{rel}","templated":true}]}}

https://lechappeeclose.it/boutique/non classé/le-barman-du-ritz-2/

<p>Juin 1940. Les Allemands entrent dans Paris. Partout, le couvre-feu est de rigueur, sauf au grand hôtel Ritz. Avides de découvrir l&#8217;art de vivre à la française, les occupants y côtoient l&#8217;élite parisienne, tandis que derrière le bar œuvre Frank Meier, le plus grand barman du monde.S&#8217;adapter est une question de survie. Frank Meier se révèle habile diplomate, gagne la sympathie des officiers allemands, achète sa tranquillité, mais aussi celle de Luciano, son apprenti, et de la troublante et énigmatique Blanche Auzello. Pendant quatre ans, les hommes de la Gestapo vont trinquer avec Coco Chanel, la terrible veuve Ritz, ou encore Sacha Guitry. Ces hommes et ces femmes, collabos ou résistants, héros ou profiteurs de guerre, vont s&#8217;aimer, se trahir, lutter aussi pour une certaine idée de la civilisation.La plupart d&#8217;entre eux ignorent que Meier, émigré autrichien, ancien combattant de 1914, chef d&#8217;orchestre de cet étrange ballet, cache un lourd secret. Le barman du Ritz est juif.</p>

<p>Juin 1940. Les Allemands entrent dans Paris. Partout, le couvre-feu est de rigueur, sauf au grand hôtel Ritz. Avides de découvrir l&#8217;art de vivre à la française, les occupants y côtoient l&#8217;élite parisienne, tandis que derrière le bar œuvre Frank Meier, le plus grand barman du monde.S&#8217;adapter est une question de survie. Frank Meier se [&hellip;]</p>

<!-- This site is optimized with the Yoast SEO plugin v27.5 - https://yoast.com/product/yoast-seo-wordpress/ -->
<title>Le barman du Ritz - l&#039;échappée close</title>
<meta name="robots" content="index, follow, max-snippet:-1, max-image-preview:large, max-video-preview:-1" />
<link rel="canonical" href="http://lechappeeclose.it/it/boutique/livres/litterature/romans/le-barman-du-ritz-2/" />
<meta property="og:locale" content="it_IT" />
<meta property="og:type" content="article" />
<meta property="og:title" content="Le barman du Ritz - l&#039;échappée close" />
<meta property="og:description" content="Juin 1940. Les Allemands entrent dans Paris. Partout, le couvre-feu est de rigueur, sauf au grand hôtel Ritz. Avides de découvrir l&#8217;art de vivre à la française, les occupants y côtoient l&#8217;élite parisienne, tandis que derrière le bar œuvre Frank Meier, le plus grand barman du monde.S&#8217;adapter est une question de survie. Frank Meier se [&hellip;]" />
<meta property="og:url" content="http://lechappeeclose.it/it/boutique/livres/litterature/romans/le-barman-du-ritz-2/" />
<meta property="og:site_name" content="l&#039;échappée close" />
<meta property="article:modified_time" content="2026-04-18T13:39:49+00:00" />
<meta property="og:image" content="http://lechappeeclose.it/wp-content/uploads/2026/03/Le-barman-du-Ritz.jpeg" />
	<meta property="og:image:width" content="309" />
	<meta property="og:image:height" content="500" />
	<meta property="og:image:type" content="image/jpeg" />
<meta name="twitter:card" content="summary_large_image" />
<meta name="twitter:label1" content="Tempo di lettura stimato" />
	<meta name="twitter:data1" content="1 minuto" />
<script type="application/ld+json" class="yoast-schema-graph">{"@context":"https:\/\/schema.org","@graph":[{"@type":"WebPage","@id":"http:\/\/lechappeeclose.it\/boutique\/livres\/litterature\/romans\/le-barman-du-ritz-2\/","url":"http:\/\/lechappeeclose.it\/boutique\/livres\/litterature\/romans\/le-barman-du-ritz-2\/","name":"Le barman du Ritz - l&#039;échappée close","isPartOf":{"@id":"http:\/\/lechappeeclose.it\/it\/#website"},"primaryImageOfPage":{"@id":"http:\/\/lechappeeclose.it\/boutique\/livres\/litterature\/romans\/le-barman-du-ritz-2\/#primaryimage"},"image":{"@id":"http:\/\/lechappeeclose.it\/boutique\/livres\/litterature\/romans\/le-barman-du-ritz-2\/#primaryimage"},"thumbnailUrl":"http:\/\/lechappeeclose.it\/wp-content\/uploads\/2026\/03\/Le-barman-du-Ritz.jpeg","datePublished":"2026-03-14T10:46:24+00:00","dateModified":"2026-04-18T13:39:49+00:00","breadcrumb":{"@id":"http:\/\/lechappeeclose.it\/boutique\/livres\/litterature\/romans\/le-barman-du-ritz-2\/#breadcrumb"},"inLanguage":"it-IT","potentialAction":[{"@type":"ReadAction","target":["http:\/\/lechappeeclose.it\/boutique\/livres\/litterature\/romans\/le-barman-du-ritz-2\/"]}]},{"@type":"ImageObject","inLanguage":"it-IT","@id":"http:\/\/lechappeeclose.it\/boutique\/livres\/litterature\/romans\/le-barman-du-ritz-2\/#primaryimage","url":"http:\/\/lechappeeclose.it\/wp-content\/uploads\/2026\/03\/Le-barman-du-Ritz.jpeg","contentUrl":"http:\/\/lechappeeclose.it\/wp-content\/uploads\/2026\/03\/Le-barman-du-Ritz.jpeg","width":309,"height":500},{"@type":"BreadcrumbList","@id":"http:\/\/lechappeeclose.it\/boutique\/livres\/litterature\/romans\/le-barman-du-ritz-2\/#breadcrumb","itemListElement":[{"@type":"ListItem","position":1,"name":"Accueil","item":"http:\/\/lechappeeclose.it\/it\/"},{"@type":"ListItem","position":2,"name":"Boutique","item":"http:\/\/lechappeeclose.it\/it\/boutique\/"},{"@type":"ListItem","position":3,"name":"Le barman du Ritz"}]},{"@type":"WebSite","@id":"http:\/\/lechappeeclose.it\/it\/#website","url":"http:\/\/lechappeeclose.it\/it\/","name":"l&#039;échappée close","description":"la librairie française de Milan","publisher":{"@id":"http:\/\/lechappeeclose.it\/it\/#organization"},"alternateName":"La librairie française de Milan","potentialAction":[{"@type":"SearchAction","target":{"@type":"EntryPoint","urlTemplate":"http:\/\/lechappeeclose.it\/it\/?s={search_term_string}"},"query-input":{"@type":"PropertyValueSpecification","valueRequired":true,"valueName":"search_term_string"}}],"inLanguage":"it-IT"},{"@type":"Organization","@id":"http:\/\/lechappeeclose.it\/it\/#organization","name":"l&#039;échappée close","url":"http:\/\/lechappeeclose.it\/it\/","logo":{"@type":"ImageObject","inLanguage":"it-IT","@id":"http:\/\/lechappeeclose.it\/it\/#\/schema\/logo\/image\/","url":"http:\/\/lechappeeclose.it\/wp-content\/uploads\/2025\/02\/cropped-logo-rond.png","contentUrl":"http:\/\/lechappeeclose.it\/wp-content\/uploads\/2025\/02\/cropped-logo-rond.png","width":1080,"height":1080,"caption":"l&#039;échappée close"},"image":{"@id":"http:\/\/lechappeeclose.it\/it\/#\/schema\/logo\/image\/"},"sameAs":["https:\/\/www.instagram.com\/lechappeeclose\/"]}]}</script>
<!-- / Yoast SEO plugin. -->

Le barman du Ritz - l&#039;échappée close

Juin 1940. Les Allemands entrent dans Paris. Partout, le couvre-feu est de rigueur, sauf au grand hôtel Ritz. Avides de découvrir l&#8217;art de vivre à la française, les occupants y côtoient l&#8217;élite parisienne, tandis que derrière le bar œuvre Frank Meier, le plus grand barman du monde.S&#8217;adapter est une question de survie. Frank Meier se [&hellip;]

l&#039;échappée close

La librairie française de Milan
