{"id":12183,"date":"2025-09-24T16:20:53","date_gmt":"2025-09-24T14:20:53","guid":{"rendered":"https:\/\/lechappeeclose.it\/boutique\/non class\u00e9\/badjens-2\/"},"modified":"2025-09-24T16:20:53","modified_gmt":"2025-09-24T14:20:53","slug":"badjens-2","status":"publish","type":"product","link":"http:\/\/lechappeeclose.it\/it\/boutique\/livres\/litterature\/romans\/badjens-2\/","title":{"rendered":"Badjens"},"content":{"rendered":"<p>\u00ab Bad-jens : mot \u00e0 mot, mauvais genre. En persan de tous les espi\u00e8gle ou effront\u00e9e. \u00bbChiraz, automne 2022. Au c\u0153ur de la r\u00e9volte \u00ab Femme, Vie, Libert\u00e9 \u00bb, une Iranienne de 16 ans escalade une benne \u00e0 ordures, pr\u00eate \u00e0 br\u00fbler son foulard en public. Face aux encouragements de la foule, et tandis que la peur se dissipe peu \u00e0 peu, le paysage intime de l\u2019adolescente rebelle d\u00e9file en flash-back : sa naissance ind\u00e9sir\u00e9e, son p\u00e8re castrateur, son smartphone rempli de tubes frondeurs, ses copines, ses premi\u00e8res amours, son corps assoiff\u00e9 de libert\u00e9, et ce code vestimentaire, fait d\u2019un bout de tissu sur la t\u00eate, dont elle r\u00eave de s\u2019affranchir. Et si dans son surnom, Badjens, choisi d\u00e8s sa naissance par sa m\u00e8re, se trouvait le secret de son \u00e9mancipation ? De cette transformation radicale, racont\u00e9e sous forme de monologue int\u00e9rieur, Delphine Minoui livre un bouleversant roman d\u2019apprentissage o\u00f9 les mots claquent pour tisser un nouveau langage, \u00e0 la fois tendre et irr\u00e9v\u00e9rencieux, \u00e0 l\u2019image de cette nouvelle g\u00e9n\u00e9ration en pleine \u00e9bullition.D\u2019origine iranienne, laur\u00e9ate du prix Albert-Londres et grand reporter au Figaro, Delphine Minoui couvre depuis vingt-cinq ans l\u2019actualit\u00e9 du Proche et Moyen-Orient. Publi\u00e9s au Seuil, ses r\u00e9cits empreints de po\u00e9sie, Je vous \u00e9cris de T\u00e9h\u00e9ran et Les Passeurs de livres de Daraya (Grand Prix des lectrices ELLE), ont connu un immense succ\u00e8s et ont \u00e9t\u00e9 traduits dans une dizaine de langues.<\/p>","protected":false},"excerpt":{"rendered":"<p>\u00ab Bad-jens : mot \u00e0 mot, mauvais genre. En persan de tous les espi\u00e8gle ou effront\u00e9e. \u00bbChiraz, automne 2022. Au c\u0153ur de la r\u00e9volte \u00ab Femme, Vie, Libert\u00e9 \u00bb, une Iranienne de 16 ans escalade une benne \u00e0 ordures, pr\u00eate \u00e0 br\u00fbler son foulard en public. Face aux encouragements de la foule, et tandis que [&hellip;]<\/p>","protected":false},"featured_media":12182,"comment_status":"open","ping_status":"closed","template":"","meta":[],"product_brand":[],"product_cat":[46],"product_tag":[],"class_list":{"0":"post-12183","1":"product","2":"type-product","3":"status-publish","4":"has-post-thumbnail","6":"product_cat-romans","8":"first","9":"instock","10":"taxable","11":"shipping-taxable","12":"purchasable","13":"product-type-simple"},"yoast_head":"<!-- This site is optimized with the Yoast SEO plugin v27.5 - https:\/\/yoast.com\/product\/yoast-seo-wordpress\/ -->\n<title>Badjens - l&#039;\u00e9chapp\u00e9e close<\/title>\n<meta name=\"robots\" content=\"index, follow, max-snippet:-1, max-image-preview:large, max-video-preview:-1\" \/>\n<link rel=\"canonical\" href=\"http:\/\/lechappeeclose.it\/it\/boutique\/livres\/litterature\/romans\/badjens-2\/\" \/>\n<meta property=\"og:locale\" content=\"it_IT\" \/>\n<meta property=\"og:type\" content=\"article\" \/>\n<meta property=\"og:title\" content=\"Badjens - l&#039;\u00e9chapp\u00e9e close\" \/>\n<meta property=\"og:description\" content=\"\u00ab Bad-jens : mot \u00e0 mot, mauvais genre. En persan de tous les espi\u00e8gle ou effront\u00e9e. \u00bbChiraz, automne 2022. Au c\u0153ur de la r\u00e9volte \u00ab Femme, Vie, Libert\u00e9 \u00bb, une Iranienne de 16 ans escalade une benne \u00e0 ordures, pr\u00eate \u00e0 br\u00fbler son foulard en public. Face aux encouragements de la foule, et tandis que [&hellip;]\" \/>\n<meta property=\"og:url\" content=\"http:\/\/lechappeeclose.it\/it\/boutique\/livres\/litterature\/romans\/badjens-2\/\" \/>\n<meta property=\"og:site_name\" content=\"l&#039;\u00e9chapp\u00e9e close\" \/>\n<meta property=\"og:image\" content=\"http:\/\/lechappeeclose.it\/wp-content\/uploads\/2025\/09\/Badjens.jpeg\" \/>\n\t<meta property=\"og:image:width\" content=\"304\" \/>\n\t<meta property=\"og:image:height\" content=\"500\" \/>\n\t<meta property=\"og:image:type\" content=\"image\/jpeg\" \/>\n<meta name=\"twitter:card\" content=\"summary_large_image\" \/>\n<meta name=\"twitter:label1\" content=\"Tempo di lettura stimato\" \/>\n\t<meta name=\"twitter:data1\" content=\"1 minuto\" \/>\n<script type=\"application\/ld+json\" class=\"yoast-schema-graph\">{\"@context\":\"https:\\\/\\\/schema.org\",\"@graph\":[{\"@type\":\"WebPage\",\"@id\":\"http:\\\/\\\/lechappeeclose.it\\\/boutique\\\/livres\\\/litterature\\\/romans\\\/badjens-2\\\/\",\"url\":\"http:\\\/\\\/lechappeeclose.it\\\/boutique\\\/livres\\\/litterature\\\/romans\\\/badjens-2\\\/\",\"name\":\"Badjens - l&#039;\u00e9chapp\u00e9e close\",\"isPartOf\":{\"@id\":\"http:\\\/\\\/lechappeeclose.it\\\/it\\\/#website\"},\"primaryImageOfPage\":{\"@id\":\"http:\\\/\\\/lechappeeclose.it\\\/boutique\\\/livres\\\/litterature\\\/romans\\\/badjens-2\\\/#primaryimage\"},\"image\":{\"@id\":\"http:\\\/\\\/lechappeeclose.it\\\/boutique\\\/livres\\\/litterature\\\/romans\\\/badjens-2\\\/#primaryimage\"},\"thumbnailUrl\":\"http:\\\/\\\/lechappeeclose.it\\\/wp-content\\\/uploads\\\/2025\\\/09\\\/Badjens.jpeg\",\"datePublished\":\"2025-09-24T14:20:53+00:00\",\"breadcrumb\":{\"@id\":\"http:\\\/\\\/lechappeeclose.it\\\/boutique\\\/livres\\\/litterature\\\/romans\\\/badjens-2\\\/#breadcrumb\"},\"inLanguage\":\"it-IT\",\"potentialAction\":[{\"@type\":\"ReadAction\",\"target\":[\"http:\\\/\\\/lechappeeclose.it\\\/boutique\\\/livres\\\/litterature\\\/romans\\\/badjens-2\\\/\"]}]},{\"@type\":\"ImageObject\",\"inLanguage\":\"it-IT\",\"@id\":\"http:\\\/\\\/lechappeeclose.it\\\/boutique\\\/livres\\\/litterature\\\/romans\\\/badjens-2\\\/#primaryimage\",\"url\":\"http:\\\/\\\/lechappeeclose.it\\\/wp-content\\\/uploads\\\/2025\\\/09\\\/Badjens.jpeg\",\"contentUrl\":\"http:\\\/\\\/lechappeeclose.it\\\/wp-content\\\/uploads\\\/2025\\\/09\\\/Badjens.jpeg\",\"width\":304,\"height\":500},{\"@type\":\"BreadcrumbList\",\"@id\":\"http:\\\/\\\/lechappeeclose.it\\\/boutique\\\/livres\\\/litterature\\\/romans\\\/badjens-2\\\/#breadcrumb\",\"itemListElement\":[{\"@type\":\"ListItem\",\"position\":1,\"name\":\"Accueil\",\"item\":\"http:\\\/\\\/lechappeeclose.it\\\/it\\\/\"},{\"@type\":\"ListItem\",\"position\":2,\"name\":\"Boutique\",\"item\":\"http:\\\/\\\/lechappeeclose.it\\\/it\\\/boutique\\\/\"},{\"@type\":\"ListItem\",\"position\":3,\"name\":\"Badjens\"}]},{\"@type\":\"WebSite\",\"@id\":\"http:\\\/\\\/lechappeeclose.it\\\/it\\\/#website\",\"url\":\"http:\\\/\\\/lechappeeclose.it\\\/it\\\/\",\"name\":\"l&#039;\u00e9chapp\u00e9e close\",\"description\":\"la librairie fran\u00e7aise de Milan\",\"publisher\":{\"@id\":\"http:\\\/\\\/lechappeeclose.it\\\/it\\\/#organization\"},\"alternateName\":\"La librairie fran\u00e7aise de Milan\",\"potentialAction\":[{\"@type\":\"SearchAction\",\"target\":{\"@type\":\"EntryPoint\",\"urlTemplate\":\"http:\\\/\\\/lechappeeclose.it\\\/it\\\/?s={search_term_string}\"},\"query-input\":{\"@type\":\"PropertyValueSpecification\",\"valueRequired\":true,\"valueName\":\"search_term_string\"}}],\"inLanguage\":\"it-IT\"},{\"@type\":\"Organization\",\"@id\":\"http:\\\/\\\/lechappeeclose.it\\\/it\\\/#organization\",\"name\":\"l&#039;\u00e9chapp\u00e9e close\",\"url\":\"http:\\\/\\\/lechappeeclose.it\\\/it\\\/\",\"logo\":{\"@type\":\"ImageObject\",\"inLanguage\":\"it-IT\",\"@id\":\"http:\\\/\\\/lechappeeclose.it\\\/it\\\/#\\\/schema\\\/logo\\\/image\\\/\",\"url\":\"http:\\\/\\\/lechappeeclose.it\\\/wp-content\\\/uploads\\\/2025\\\/02\\\/cropped-logo-rond.png\",\"contentUrl\":\"http:\\\/\\\/lechappeeclose.it\\\/wp-content\\\/uploads\\\/2025\\\/02\\\/cropped-logo-rond.png\",\"width\":1080,\"height\":1080,\"caption\":\"l&#039;\u00e9chapp\u00e9e close\"},\"image\":{\"@id\":\"http:\\\/\\\/lechappeeclose.it\\\/it\\\/#\\\/schema\\\/logo\\\/image\\\/\"},\"sameAs\":[\"https:\\\/\\\/www.instagram.com\\\/lechappeeclose\\\/\"]}]}<\/script>\n<!-- \/ Yoast SEO plugin. -->","yoast_head_json":{"title":"Badjens - l&#039;\u00e9chapp\u00e9e close","robots":{"index":"index","follow":"follow","max-snippet":"max-snippet:-1","max-image-preview":"max-image-preview:large","max-video-preview":"max-video-preview:-1"},"canonical":"http:\/\/lechappeeclose.it\/it\/boutique\/livres\/litterature\/romans\/badjens-2\/","og_locale":"it_IT","og_type":"article","og_title":"Badjens - l&#039;\u00e9chapp\u00e9e close","og_description":"\u00ab Bad-jens : mot \u00e0 mot, mauvais genre. En persan de tous les espi\u00e8gle ou effront\u00e9e. \u00bbChiraz, automne 2022. Au c\u0153ur de la r\u00e9volte \u00ab Femme, Vie, Libert\u00e9 \u00bb, une Iranienne de 16 ans escalade une benne \u00e0 ordures, pr\u00eate \u00e0 br\u00fbler son foulard en public. Face aux encouragements de la foule, et tandis que [&hellip;]","og_url":"http:\/\/lechappeeclose.it\/it\/boutique\/livres\/litterature\/romans\/badjens-2\/","og_site_name":"l&#039;\u00e9chapp\u00e9e close","og_image":[{"width":304,"height":500,"url":"http:\/\/lechappeeclose.it\/wp-content\/uploads\/2025\/09\/Badjens.jpeg","type":"image\/jpeg"}],"twitter_card":"summary_large_image","twitter_misc":{"Tempo di lettura stimato":"1 minuto"},"schema":{"@context":"https:\/\/schema.org","@graph":[{"@type":"WebPage","@id":"http:\/\/lechappeeclose.it\/boutique\/livres\/litterature\/romans\/badjens-2\/","url":"http:\/\/lechappeeclose.it\/boutique\/livres\/litterature\/romans\/badjens-2\/","name":"Badjens - l&#039;\u00e9chapp\u00e9e close","isPartOf":{"@id":"http:\/\/lechappeeclose.it\/it\/#website"},"primaryImageOfPage":{"@id":"http:\/\/lechappeeclose.it\/boutique\/livres\/litterature\/romans\/badjens-2\/#primaryimage"},"image":{"@id":"http:\/\/lechappeeclose.it\/boutique\/livres\/litterature\/romans\/badjens-2\/#primaryimage"},"thumbnailUrl":"http:\/\/lechappeeclose.it\/wp-content\/uploads\/2025\/09\/Badjens.jpeg","datePublished":"2025-09-24T14:20:53+00:00","breadcrumb":{"@id":"http:\/\/lechappeeclose.it\/boutique\/livres\/litterature\/romans\/badjens-2\/#breadcrumb"},"inLanguage":"it-IT","potentialAction":[{"@type":"ReadAction","target":["http:\/\/lechappeeclose.it\/boutique\/livres\/litterature\/romans\/badjens-2\/"]}]},{"@type":"ImageObject","inLanguage":"it-IT","@id":"http:\/\/lechappeeclose.it\/boutique\/livres\/litterature\/romans\/badjens-2\/#primaryimage","url":"http:\/\/lechappeeclose.it\/wp-content\/uploads\/2025\/09\/Badjens.jpeg","contentUrl":"http:\/\/lechappeeclose.it\/wp-content\/uploads\/2025\/09\/Badjens.jpeg","width":304,"height":500},{"@type":"BreadcrumbList","@id":"http:\/\/lechappeeclose.it\/boutique\/livres\/litterature\/romans\/badjens-2\/#breadcrumb","itemListElement":[{"@type":"ListItem","position":1,"name":"Accueil","item":"http:\/\/lechappeeclose.it\/it\/"},{"@type":"ListItem","position":2,"name":"Boutique","item":"http:\/\/lechappeeclose.it\/it\/boutique\/"},{"@type":"ListItem","position":3,"name":"Badjens"}]},{"@type":"WebSite","@id":"http:\/\/lechappeeclose.it\/it\/#website","url":"http:\/\/lechappeeclose.it\/it\/","name":"l&#039;\u00e9chapp\u00e9e close","description":"La libreria francese di Milano","publisher":{"@id":"http:\/\/lechappeeclose.it\/it\/#organization"},"alternateName":"La librairie fran\u00e7aise de Milan","potentialAction":[{"@type":"SearchAction","target":{"@type":"EntryPoint","urlTemplate":"http:\/\/lechappeeclose.it\/it\/?s={search_term_string}"},"query-input":{"@type":"PropertyValueSpecification","valueRequired":true,"valueName":"search_term_string"}}],"inLanguage":"it-IT"},{"@type":"Organization","@id":"http:\/\/lechappeeclose.it\/it\/#organization","name":"l&#039;\u00e9chapp\u00e9e close","url":"http:\/\/lechappeeclose.it\/it\/","logo":{"@type":"ImageObject","inLanguage":"it-IT","@id":"http:\/\/lechappeeclose.it\/it\/#\/schema\/logo\/image\/","url":"http:\/\/lechappeeclose.it\/wp-content\/uploads\/2025\/02\/cropped-logo-rond.png","contentUrl":"http:\/\/lechappeeclose.it\/wp-content\/uploads\/2025\/02\/cropped-logo-rond.png","width":1080,"height":1080,"caption":"l&#039;\u00e9chapp\u00e9e close"},"image":{"@id":"http:\/\/lechappeeclose.it\/it\/#\/schema\/logo\/image\/"},"sameAs":["https:\/\/www.instagram.com\/lechappeeclose\/"]}]}},"_links":{"self":[{"href":"http:\/\/lechappeeclose.it\/it\/wp-json\/wp\/v2\/product\/12183","targetHints":{"allow":["GET"]}}],"collection":[{"href":"http:\/\/lechappeeclose.it\/it\/wp-json\/wp\/v2\/product"}],"about":[{"href":"http:\/\/lechappeeclose.it\/it\/wp-json\/wp\/v2\/types\/product"}],"replies":[{"embeddable":true,"href":"http:\/\/lechappeeclose.it\/it\/wp-json\/wp\/v2\/comments?post=12183"}],"wp:featuredmedia":[{"embeddable":true,"href":"http:\/\/lechappeeclose.it\/it\/wp-json\/wp\/v2\/media\/12182"}],"wp:attachment":[{"href":"http:\/\/lechappeeclose.it\/it\/wp-json\/wp\/v2\/media?parent=12183"}],"wp:term":[{"taxonomy":"product_brand","embeddable":true,"href":"http:\/\/lechappeeclose.it\/it\/wp-json\/wp\/v2\/product_brand?post=12183"},{"taxonomy":"product_cat","embeddable":true,"href":"http:\/\/lechappeeclose.it\/it\/wp-json\/wp\/v2\/product_cat?post=12183"},{"taxonomy":"product_tag","embeddable":true,"href":"http:\/\/lechappeeclose.it\/it\/wp-json\/wp\/v2\/product_tag?post=12183"}],"curies":[{"name":"wp","href":"https:\/\/api.w.org\/{rel}","templated":true}]}}

https://lechappeeclose.it/boutique/non classé/badjens-2/

<p>« Bad-jens : mot à mot, mauvais genre. En persan de tous les espiègle ou effrontée. »Chiraz, automne 2022. Au cœur de la révolte « Femme, Vie, Liberté », une Iranienne de 16 ans escalade une benne à ordures, prête à brûler son foulard en public. Face aux encouragements de la foule, et tandis que la peur se dissipe peu à peu, le paysage intime de l’adolescente rebelle défile en flash-back : sa naissance indésirée, son père castrateur, son smartphone rempli de tubes frondeurs, ses copines, ses premières amours, son corps assoiffé de liberté, et ce code vestimentaire, fait d’un bout de tissu sur la tête, dont elle rêve de s’affranchir. Et si dans son surnom, Badjens, choisi dès sa naissance par sa mère, se trouvait le secret de son émancipation ? De cette transformation radicale, racontée sous forme de monologue intérieur, Delphine Minoui livre un bouleversant roman d’apprentissage où les mots claquent pour tisser un nouveau langage, à la fois tendre et irrévérencieux, à l’image de cette nouvelle génération en pleine ébullition.D’origine iranienne, lauréate du prix Albert-Londres et grand reporter au Figaro, Delphine Minoui couvre depuis vingt-cinq ans l’actualité du Proche et Moyen-Orient. Publiés au Seuil, ses récits empreints de poésie, Je vous écris de Téhéran et Les Passeurs de livres de Daraya (Grand Prix des lectrices ELLE), ont connu un immense succès et ont été traduits dans une dizaine de langues.</p>

<p>« Bad-jens : mot à mot, mauvais genre. En persan de tous les espiègle ou effrontée. »Chiraz, automne 2022. Au cœur de la révolte « Femme, Vie, Liberté », une Iranienne de 16 ans escalade une benne à ordures, prête à brûler son foulard en public. Face aux encouragements de la foule, et tandis que [&hellip;]</p>

<!-- This site is optimized with the Yoast SEO plugin v27.5 - https://yoast.com/product/yoast-seo-wordpress/ -->
<title>Badjens - l&#039;échappée close</title>
<meta name="robots" content="index, follow, max-snippet:-1, max-image-preview:large, max-video-preview:-1" />
<link rel="canonical" href="http://lechappeeclose.it/it/boutique/livres/litterature/romans/badjens-2/" />
<meta property="og:locale" content="it_IT" />
<meta property="og:type" content="article" />
<meta property="og:title" content="Badjens - l&#039;échappée close" />
<meta property="og:description" content="« Bad-jens : mot à mot, mauvais genre. En persan de tous les espiègle ou effrontée. »Chiraz, automne 2022. Au cœur de la révolte « Femme, Vie, Liberté », une Iranienne de 16 ans escalade une benne à ordures, prête à brûler son foulard en public. Face aux encouragements de la foule, et tandis que [&hellip;]" />
<meta property="og:url" content="http://lechappeeclose.it/it/boutique/livres/litterature/romans/badjens-2/" />
<meta property="og:site_name" content="l&#039;échappée close" />
<meta property="og:image" content="http://lechappeeclose.it/wp-content/uploads/2025/09/Badjens.jpeg" />
	<meta property="og:image:width" content="304" />
	<meta property="og:image:height" content="500" />
	<meta property="og:image:type" content="image/jpeg" />
<meta name="twitter:card" content="summary_large_image" />
<meta name="twitter:label1" content="Tempo di lettura stimato" />
	<meta name="twitter:data1" content="1 minuto" />
<script type="application/ld+json" class="yoast-schema-graph">{"@context":"https:\/\/schema.org","@graph":[{"@type":"WebPage","@id":"http:\/\/lechappeeclose.it\/boutique\/livres\/litterature\/romans\/badjens-2\/","url":"http:\/\/lechappeeclose.it\/boutique\/livres\/litterature\/romans\/badjens-2\/","name":"Badjens - l&#039;échappée close","isPartOf":{"@id":"http:\/\/lechappeeclose.it\/it\/#website"},"primaryImageOfPage":{"@id":"http:\/\/lechappeeclose.it\/boutique\/livres\/litterature\/romans\/badjens-2\/#primaryimage"},"image":{"@id":"http:\/\/lechappeeclose.it\/boutique\/livres\/litterature\/romans\/badjens-2\/#primaryimage"},"thumbnailUrl":"http:\/\/lechappeeclose.it\/wp-content\/uploads\/2025\/09\/Badjens.jpeg","datePublished":"2025-09-24T14:20:53+00:00","breadcrumb":{"@id":"http:\/\/lechappeeclose.it\/boutique\/livres\/litterature\/romans\/badjens-2\/#breadcrumb"},"inLanguage":"it-IT","potentialAction":[{"@type":"ReadAction","target":["http:\/\/lechappeeclose.it\/boutique\/livres\/litterature\/romans\/badjens-2\/"]}]},{"@type":"ImageObject","inLanguage":"it-IT","@id":"http:\/\/lechappeeclose.it\/boutique\/livres\/litterature\/romans\/badjens-2\/#primaryimage","url":"http:\/\/lechappeeclose.it\/wp-content\/uploads\/2025\/09\/Badjens.jpeg","contentUrl":"http:\/\/lechappeeclose.it\/wp-content\/uploads\/2025\/09\/Badjens.jpeg","width":304,"height":500},{"@type":"BreadcrumbList","@id":"http:\/\/lechappeeclose.it\/boutique\/livres\/litterature\/romans\/badjens-2\/#breadcrumb","itemListElement":[{"@type":"ListItem","position":1,"name":"Accueil","item":"http:\/\/lechappeeclose.it\/it\/"},{"@type":"ListItem","position":2,"name":"Boutique","item":"http:\/\/lechappeeclose.it\/it\/boutique\/"},{"@type":"ListItem","position":3,"name":"Badjens"}]},{"@type":"WebSite","@id":"http:\/\/lechappeeclose.it\/it\/#website","url":"http:\/\/lechappeeclose.it\/it\/","name":"l&#039;échappée close","description":"la librairie française de Milan","publisher":{"@id":"http:\/\/lechappeeclose.it\/it\/#organization"},"alternateName":"La librairie française de Milan","potentialAction":[{"@type":"SearchAction","target":{"@type":"EntryPoint","urlTemplate":"http:\/\/lechappeeclose.it\/it\/?s={search_term_string}"},"query-input":{"@type":"PropertyValueSpecification","valueRequired":true,"valueName":"search_term_string"}}],"inLanguage":"it-IT"},{"@type":"Organization","@id":"http:\/\/lechappeeclose.it\/it\/#organization","name":"l&#039;échappée close","url":"http:\/\/lechappeeclose.it\/it\/","logo":{"@type":"ImageObject","inLanguage":"it-IT","@id":"http:\/\/lechappeeclose.it\/it\/#\/schema\/logo\/image\/","url":"http:\/\/lechappeeclose.it\/wp-content\/uploads\/2025\/02\/cropped-logo-rond.png","contentUrl":"http:\/\/lechappeeclose.it\/wp-content\/uploads\/2025\/02\/cropped-logo-rond.png","width":1080,"height":1080,"caption":"l&#039;échappée close"},"image":{"@id":"http:\/\/lechappeeclose.it\/it\/#\/schema\/logo\/image\/"},"sameAs":["https:\/\/www.instagram.com\/lechappeeclose\/"]}]}</script>
<!-- / Yoast SEO plugin. -->

Badjens - l&#039;échappée close

« Bad-jens : mot à mot, mauvais genre. En persan de tous les espiègle ou effrontée. »Chiraz, automne 2022. Au cœur de la révolte « Femme, Vie, Liberté », une Iranienne de 16 ans escalade une benne à ordures, prête à brûler son foulard en public. Face aux encouragements de la foule, et tandis que [&hellip;]

l&#039;échappée close

La librairie française de Milan
